000
CXUS55 KBOU 220812
CF6DEN
PRELIMINARY LOCAL CLIMATOLOGICAL DATA (WS FORM: F-6)

                                          STATION:   DENVER CO
                                          MONTH:     MAY
                                          YEAR:      2017
                                          LATITUDE:   39 52 N
                                          LONGITUDE: 104 40 W

  TEMPERATURE IN F:       :PCPN:    SNOW:  WIND      :SUNSHINE: SKY     :PK WND
================================================================================
1   2   3   4   5  6A  6B    7    8   9   10  11  12  13   14  15   16   17  18
                                     12Z  AVG MX 2MIN
DY MAX MIN AVG DEP HDD CDD  WTR  SNW DPTH SPD SPD DIR MIN PSBL S-S WX    SPD DR
================================================================================

 1  64  38  51  -1  14   0 0.00  0.0    0  7.6 25  40   M    M   7        30  30
 2  63  37  50  -2  15   0 0.10  0.0    0  9.1 31  10   M    M   8 1      39  20
 3  56  34  45  -7  20   0 0.10    T    0 10.0 24  20   M    M   7 1      31  20
 4  71  32  52  -1  13   0 0.00  0.0    0  9.7 16  20   M    M   2        21 350
 5  79  42  61   8   4   0 0.00  0.0    0  9.0 17 190   M    M   1        20 190
 6  86  48  67  13   0   2 0.00  0.0    0 12.5 30 210   M    M   4 3      42 240
 7  80  50  65  11   0   0    T  0.0    0 12.1 43 230   M    M   7 3      52 230
 8  74  49  62   8   3   0 0.46  0.0    0 12.5 26 350   M    M   8 13     33  10
 9  68  51  60   5   5   0 0.01  0.0    0  8.0 21 150   M    M   9 13     26 160
10  54  47  51  -4  14   0 0.22  0.0    0 12.9 23  20   M    M  10 1      27 280
11  63  44  54  -1  11   0 0.00  0.0    0 11.3 12 150   M    M   6 1      17  10
12  78  42  60   4   5   0 0.00  0.0    0 13.8 31 170   M    M   2        39 170
13  85  48  67  11   0   2 0.00  0.0    0 10.2 23 170   M    M   4        29 170
14  76  44  60   4   5   0 0.00  0.0    0 11.3 24  40   M    M   4        29 110
15  84  50  67  10   0   2 0.00  0.0    0 10.9 32 160   M    M   6        39 160
16  72  43  58   1   7   0 0.10  0.0    0 11.9 32 340   M    M   4 35     39 340
17  73  40  57  -1   8   0 0.51  0.0    0 12.7 32  40   M    M   7 13     39  30
18  42  33  38 -20  27   0 1.13    T    0 14.5 26 320   M    M  10 1      32 320
19  39  33  36 -22  29   0 0.09    T    0 14.3 22 340   M    M  10 1      26 350
20  62  34  48 -11  17   0 0.00  0.0    0  7.9 16 320   M    M   6        23 290
21  67  35  51  -8  14   0 0.27  0.0    0  8.7 29 340   M    M   6 1      35 330
================================================================================
SM 1436  874       211   6  2.99   T     230.9            M    128
================================================================================
AV 68.4 41.6                              11.0 FASTST            6    MAX(MPH)
                                 MISC ---->  # 43 230     M   M     # 52  230
================================================================================
NOTES: SUNSHINE DATA WILL NO LONGER BE AVAILABLE EFFECTIVE OCTOBER 1ST 2009.

# LAST OF SEVERAL OCCURRENCES

COLUMN 17 PEAK WIND IN M.P.H.

PRELIMINARY LOCAL CLIMATOLOGICAL DATA (WS FORM: F-6) , PAGE 2

                                          STATION:  DENVER CO
                                          MONTH:    MAY
                                          YEAR:     2017
                                          LATITUDE:   39 52 N
                                          LONGITUDE: 104 40 W

[TEMPERATURE DATA]      [PRECIPITATION DATA]       SYMBOLS USED IN COLUMN 16

AVERAGE MONTHLY: 55.0   TOTAL FOR MONTH:   2.99    1 = FOG OR MIST
DPTR FM NORMAL:  -0.4   DPTR FM NORMAL:    1.59    2 = FOG REDUCING VISIBILITY
HIGHEST:    86 ON  6    GRTST 24HR  1.13 ON 18-18      TO 1/4 MILE OR LESS
LOWEST:     32 ON  4                               3 = THUNDER
                        SNOW, ICE PELLETS, HAIL    4 = ICE PELLETS
                        TOTAL MONTH:    T          5 = HAIL
                        GRTST 24HR     T ON 19-19  6 = FREEZING RAIN OR DRIZZLE
                        GRTST DEPTH:   0           7 = DUSTSTORM OR SANDSTORM:
                                                       VSBY 1/2 MILE OR LESS
                                                   8 = SMOKE OR HAZE
[NO. OF DAYS WITH]      [WEATHER - DAYS WITH]      9 = BLOWING SNOW
                                                   X = TORNADO
MAX 32 OR BELOW:   0    0.01 INCH OR MORE:  10
MAX 90 OR ABOVE:   0    0.10 INCH OR MORE:   8
MIN 32 OR BELOW:   1    0.50 INCH OR MORE:   2
MIN  0 OR BELOW:   0    1.00 INCH OR MORE:   1

[HDD (BASE 65) ]
TOTAL THIS MO.   211    CLEAR  (SCALE 0-3)   3
DPTR FM NORMAL     1    PTCLDY (SCALE 4-7)  13
TOTAL FM JUL 1  5014    CLOUDY (SCALE 8-10)  5
DPTR FM NORMAL  -927

[CDD (BASE 65) ]
TOTAL THIS MO.     6
DPTR FM NORMAL     0    [PRESSURE DATA]
TOTAL FM JAN 1     6    HIGHEST SLP M ON M
DPTR FM NORMAL    -1    LOWEST  SLP 29.36 ON 17

[REMARKS]
