000
CXUS56 KOTX 271500
CF6DEW
PRELIMINARY LOCAL CLIMATOLOGICAL DATA (WS FORM: F-6)

                                          STATION:   DEER_PARK WA AIRPORT
                                          MONTH:     DECEMBER
                                          YEAR:      2014
                                          LATITUDE:   47 58 N
                                          LONGITUDE: 117 25 W

  TEMPERATURE IN F:       :PCPN:    SNOW:  WIND      :SUNSHINE: SKY     :PK WND
================================================================================
1   2   3   4   5  6A  6B    7    8   9   10  11  12  13   14  15   16   17  18
                                     12Z  AVG MX 2MIN
DY MAX MIN AVG DEP HDD CDD  WTR  SNW DPTH SPD SPD DIR MIN PSBL S-S WX    SPD DR
================================================================================

 1  27  15  21  -7  44   0 0.00    M    M  4.1 13  20   M    M   7 1      18  30
 2  32  18  25  -3  40   0 0.00    M    M  5.4 15  20   M    M   5 8      19  30
 3  35  19  27  -1  38   0 0.00    M    M  8.3 15  20   M    M   1        22  10
 4  30  27  29   2  36   0 0.06    M    M  3.0 10  20   M    M  10 18     13  20
 5  35  30  33   6  32   0 0.01    M    M  4.2 12  30   M    M   6 1      14  30
 6  36  33  35   8  30   0 0.31    M    M  4.2 13  30   M    M   9 1      18  30
 7  43  35  39  12  26   0 0.00    M    M  7.5 15  30   M    M   5 1      19  30
 8  43  32  38  12  27   0 0.00    M    M  5.4 14  30   M    M   5        17  20
 9  45  36  41  15  24   0 0.28    M    M  2.4  7 290   M    M  10 12      9  70
10  52  38  45  19  20   0 0.03    M    M  4.8 17 200   M    M   4 12     21 200
11  51  35  43  17  22   0 0.16    M    M  5.6 13 210   M    M   8 1      17  90
12  49  38  44  19  21   0 0.18    M    M  2.3  9 160   M    M  10 1      11 160
13  38  29  34   9  31   0 0.00    M    M  5.1 10 180   M    M  10 1      12 180
14  41  31  36  11  29   0 0.00    M    M  7.0 14  20   M    M   5        19  20
15  41  29  35  10  30   0 0.00    M    M 10.7 16  30   M    M   0        20  40
16  35  30  33   8  32   0    T    M    M  9.5 14  20   M    M   8 1      18  20
17  39  33  36  11  29   0 0.01    M    M  5.8 13  30   M    M  10 1      16  40
18  38  34  36  11  29   0 0.02    M    M  1.6  8 230   M    M  10 1       9 230
19  42  35  39  15  26   0 0.20    M    M  5.1 14 190   M    M  10 1      19 210
20  42  34  38  14  27   0 0.64    M    M  4.6 15 160   M    M  10 1      19 160
21  48  36  42  18  23   0 0.08    M    M  9.3 18 230   M    M   2 1      22 220
22  47  24  36  12  29   0 0.00    M    M  3.9 18 310   M    M   0        23 310
23  38  26  32   8  33   0 0.14    M    M  2.1  6 340   M    M   9 1       7  70
24  38  22  30   6  35   0 0.22    M    M  4.6 12 270   M    M   6 12     15 270
25  34  18  26   2  39   0 0.00    M    M  1.5  7 160   M    M   3 1       8 130
26  28  21  25   1  40   0 0.00    M    M  1.6  6 150   M    M   9 12      7  40
================================================================================
SM 1027  758       792   0  2.34    M    129.6          M      172
================================================================================
AV 39.5 29.2                               5.0 FASTST   M    M   7    MAX(MPH)
                                 MISC ---->  # 18 230               # 23  310
================================================================================
NOTES:
# LAST OF SEVERAL OCCURRENCES

COLUMN 17 PEAK WIND IN M.P.H.

PRELIMINARY LOCAL CLIMATOLOGICAL DATA (WS FORM: F-6) , PAGE 2

                                          STATION:  DEER_PARK WA AIRPORT
                                          MONTH:    DECEMBER
                                          YEAR:     2014
                                          LATITUDE:   47 58 N
                                          LONGITUDE: 117 25 W

[TEMPERATURE DATA]      [PRECIPITATION DATA]       SYMBOLS USED IN COLUMN 16

AVERAGE MONTHLY: 34.3   TOTAL FOR MONTH:   2.34    1 = FOG OR MIST
DPTR FM NORMAL:   8.8   DPTR FM NORMAL:   -0.07    2 = FOG REDUCING VISIBILITY
HIGHEST:    52 ON 10    GRTST 24HR  0.72 ON 20-21      TO 1/4 MILE OR LESS
LOWEST:     15 ON  1                               3 = THUNDER
                        SNOW, ICE PELLETS, HAIL    4 = ICE PELLETS
                        TOTAL MONTH:    M          5 = HAIL
                        GRTST 24HR    M  ON   M    6 = FREEZING RAIN OR DRIZZLE
                        GRTST DEPTH:  M  ON   M    7 = DUSTSTORM OR SANDSTORM:
                                                       VSBY 1/2 MILE OR LESS
                                                   8 = SMOKE OR HAZE
[NO. OF DAYS WITH]      [WEATHER - DAYS WITH]      9 = BLOWING SNOW
                                                   X = TORNADO
MAX 32 OR BELOW:   4    0.01 INCH OR MORE:  14
MAX 90 OR ABOVE:   0    0.10 INCH OR MORE:   8
MIN 32 OR BELOW:  15    0.50 INCH OR MORE:   1
MIN  0 OR BELOW:   0    1.00 INCH OR MORE:   0

[HDD (BASE 65) ]
TOTAL THIS MO.   792    CLEAR  (SCALE 0-3)   4
DPTR FM NORMAL  -231    PTCLDY (SCALE 4-7)  10
TOTAL FM JUL 1  2417    CLOUDY (SCALE 8-10) 12
DPTR FM NORMAL  -609

[CDD (BASE 65) ]
TOTAL THIS MO.     0
DPTR FM NORMAL     0    [PRESSURE DATA]
TOTAL FM JAN 1   354    HIGHEST SLP M ON M
DPTR FM NORMAL   167    LOWEST  SLP  0.00 ON M

[REMARKS]
