000
CXUS56 KOTX 300900
CF6DEW
PRELIMINARY LOCAL CLIMATOLOGICAL DATA (WS FORM: F-6)

                                          STATION:   DEER_PARK WA AIRPORT
                                          MONTH:     AUGUST
                                          YEAR:      2014
                                          LATITUDE:   47 58 N
                                          LONGITUDE: 117 25 W

  TEMPERATURE IN F:       :PCPN:    SNOW:  WIND      :SUNSHINE: SKY     :PK WND
================================================================================
1   2   3   4   5  6A  6B    7    8   9   10  11  12  13   14  15   16   17  18
                                     12Z  AVG MX 2MIN
DY MAX MIN AVG DEP HDD CDD  WTR  SNW DPTH SPD SPD DIR MIN PSBL S-S WX    SPD DR
================================================================================

 1  96  49  73   6   0   8 0.00    M    M  3.7 13 130   M    M   0 8      17 290
 2  95  59  77  10   0  12    T    M    M  6.0 37 300   M    M   1 3      57 300
 3  93  59  76   9   0  11 0.00    M    M  5.0 14  20   M    M   0 8      18  30
 4  97  58  78  11   0  13 0.00    M    M  5.7 15  30   M    M   0        20  30
 5  96  51  74   7   0   9 0.00    M    M  4.5 16 210   M    M   0        19 210
 6  92  57  75   8   0  10 0.00    M    M  8.0 16 210   M    M   0 8      21 260
 7  89  51  70   3   0   5 0.00    M    M  6.5 17 190   M    M   0        24 210
 8  84  50  67   0   0   2 0.00    M    M  7.4 16 210   M    M   0        21 200
 9  88  46  67   1   0   2 0.00    M    M  2.6 10 170   M    M   0        15 150
10  94  44  69   3   0   4 0.00    M    M  3.7 13  10   M    M   0        17  20
11  98  55  77  11   0  12 0.00    M    M  4.5 12  30   M    M   0 8      17  40
12  88  60  74   8   0   9 0.15    M    M  7.4 32 190   M    M   2 138    40 190
13  83  56  70   4   0   5 0.00    M    M  3.8  9 240   M    M   4 12     13  50
14  74  60  67   1   0   2 0.08    M    M  4.0 12  20   M    M   5 1      14  30
15  73  56  65  -1   0   0 0.21    M    M  4.0 20 280   M    M   7 13     24 280
16  81  55  68   3   0   3 0.00    M    M  3.1 12 220   M    M   6        14 260
17  87  50  69   4   0   4 0.00    M    M  2.5 10  40   M    M   1 1      14 230
18  91  53  72   7   0   7 0.00    M    M  3.5 13 330   M    M   0        16 340
19  88  52  70   5   0   5 0.33    M    M  5.6 31 140   M    M   2 3      43 160
20  80  51  66   1   0   1 0.01    M    M  5.7 17 220   M    M   4 3      22 210
21  80  54  67   3   0   2 0.11    M    M  8.5 23  50   M    M   5 3      28  40
22  72  53  63  -1   2   0    T    M    M  9.9 20  60   M    M   4        26  40
23  78  49  64   0   1   0 0.00    M    M  6.9 17  50   M    M   1        21  50
24  76  46  61  -3   4   0 0.00    M    M  7.8 17  40   M    M   2        21  30
25  80  48  64   1   1   0 0.00    M    M  5.1 15  40   M    M   0        19  70
26  86  43  65   2   0   0 0.00    M    M  2.4 13 250   M    M   0        18 280
27  90  47  69   6   0   4 0.00    M    M  4.5 17 230   M    M   0        26 200
28  86  52  69   6   0   4 0.00    M    M  9.2 21 210   M    M   1        26 220
29  83  44  64   2   1   0 0.00    M    M  7.4 22 220   M    M   0        27 230
================================================================================
SM 2498 1508         9 134  0.89    M    158.9          M       45
================================================================================
AV 86.1 52.0                               5.5 FASTST   M    M   2    MAX(MPH)
                                 MISC ---->  # 37 300               # 57  300
================================================================================
NOTES:
# LAST OF SEVERAL OCCURRENCES

COLUMN 17 PEAK WIND IN M.P.H.

PRELIMINARY LOCAL CLIMATOLOGICAL DATA (WS FORM: F-6) , PAGE 2

                                          STATION:  DEER_PARK WA AIRPORT
                                          MONTH:    AUGUST
                                          YEAR:     2014
                                          LATITUDE:   47 58 N
                                          LONGITUDE: 117 25 W

[TEMPERATURE DATA]      [PRECIPITATION DATA]       SYMBOLS USED IN COLUMN 16

AVERAGE MONTHLY: 69.1   TOTAL FOR MONTH:   0.89    1 = FOG OR MIST
DPTR FM NORMAL:   3.8   DPTR FM NORMAL:    0.13    2 = FOG REDUCING VISIBILITY
HIGHEST:    98 ON 11    GRTST 24HR  0.33 ON 19-19      TO 1/4 MILE OR LESS
LOWEST:     43 ON 26                               3 = THUNDER
                        SNOW, ICE PELLETS, HAIL    4 = ICE PELLETS
                        TOTAL MONTH:    M          5 = HAIL
                        GRTST 24HR    M  ON   M    6 = FREEZING RAIN OR DRIZZLE
                        GRTST DEPTH:  M  ON   M    7 = DUSTSTORM OR SANDSTORM:
                                                       VSBY 1/2 MILE OR LESS
                                                   8 = SMOKE OR HAZE
[NO. OF DAYS WITH]      [WEATHER - DAYS WITH]      9 = BLOWING SNOW
                                                   X = TORNADO
MAX 32 OR BELOW:   0    0.01 INCH OR MORE:   6
MAX 90 OR ABOVE:  10    0.10 INCH OR MORE:   4
MIN 32 OR BELOW:   0    0.50 INCH OR MORE:   0
MIN  0 OR BELOW:   0    1.00 INCH OR MORE:   0

[HDD (BASE 65) ]
TOTAL THIS MO.     9    CLEAR  (SCALE 0-3)  22
DPTR FM NORMAL   -58    PTCLDY (SCALE 4-7)   7
TOTAL FM JUL 1    27    CLOUDY (SCALE 8-10)  0
DPTR FM NORMAL  -108

[CDD (BASE 65) ]
TOTAL THIS MO.   134
DPTR FM NORMAL    62    [PRESSURE DATA]
TOTAL FM JAN 1   346    HIGHEST SLP M ON M
DPTR FM NORMAL   177    LOWEST  SLP  0.00 ON M

[REMARKS]
