000
CXUS54 KFWD 230730
CF6DFW
PRELIMINARY LOCAL CLIMATOLOGICAL DATA (WS FORM: F-6)

                                          STATION:   DALLAS FORT WORTH
                                          MONTH:     APRIL
                                          YEAR:      2017
                                          LATITUDE:   32 54 N
                                          LONGITUDE:  97  2 W

  TEMPERATURE IN F:       :PCPN:    SNOW:  WIND      :SUNSHINE: SKY     :PK WND
================================================================================
1   2   3   4   5  6A  6B    7    8   9   10  11  12  13   14  15   16   17  18
                                     12Z  AVG MX 2MIN
DY MAX MIN AVG DEP HDD CDD  WTR  SNW DPTH SPD SPD DIR MIN PSBL S-S WX    SPD DR
================================================================================

 1  77  59  68   6   0   3 0.00  0.0    0 12.6 22 150   M    M   6 3      33 140
 2  72  60  66   4   0   1 2.14  0.0    0 13.4 32 310   M    M  10 13     36 300
 3  80  51  66   4   0   1 0.00  0.0    0  5.6 17 270   M    M   2        23 270
 4  86  58  72   9   0   7 0.00  0.0    0 15.1 31 310   M    M   7        41 310
 5  73  49  61  -2   4   0 0.00  0.0    0 19.8 30 310   M    M   3        38 330
 6  78  47  63   0   2   0 0.00  0.0    0  4.5 12 280   M    M   2        14 330
 7  80  51  66   3   0   1 0.00  0.0    0  9.9 21 160   M    M   5        25 170
 8  83  60  72   8   0   7 0.00  0.0    0 20.0 31 180   M    M   4        39 190
 9  84  67  76  12   0  11 0.00  0.0    0 21.6 33 180   M    M   7        40 170
10  82  66  74  10   0   9 0.53  0.0    0 11.8 25 190   M    M  10 13     33 190
11  77  61  69   5   0   4 0.20  0.0    0  9.3 21  20   M    M   8 13     26  30
12  77  62  70   5   0   5    T  0.0    0  6.3 15 150   M    M   8 1      20 170
13  83  62  73   8   0   8 0.00  0.0    0 10.2 20 170   M    M   8 1      24 190
14  82  68  75  10   0  10 0.00  0.0    0 13.0 23 190   M    M   8        27 200
15  81  66  74   9   0   9 0.00  0.0    0 13.2 22 160   M    M   M        27 180
16  81  67  74   8   0   9    T  0.0    0 10.8 21 190   M    M   8        25 190
17  76  64  70   4   0   5 0.45  0.0    0  9.1 22 300   M    M   9 13     27  70
18  82  62  72   6   0   7 0.00  0.0    0  7.5 18 140   M    M   5        23 130
19  85  65  75   9   0  10 0.00  0.0    0 13.0 24 190   M    M   5        30 180
20  85  70  78  11   0  13 0.00  0.0    0 12.6 22 200   M    M   5        29 190
21  85  62  74   7   0   9    T  0.0    0 15.4 31 320   M    M   6 3      37 330
22  64  54  59  -8   6   0    T  0.0    0 17.8 29 340   M    M   8        34 340
================================================================================
SM 1753 1331        12 129  3.32     0.0 272.5          M      134
================================================================================
AV 79.7 60.5                              12.4 FASTST   M    M   6    MAX(MPH)
                                 MISC ---->  # 33 180               # 41  310
================================================================================
NOTES:
# LAST OF SEVERAL OCCURRENCES

COLUMN 17 PEAK WIND IN M.P.H.

PRELIMINARY LOCAL CLIMATOLOGICAL DATA (WS FORM: F-6) , PAGE 2

                                          STATION:  DALLAS FORT WORTH
                                          MONTH:    APRIL
                                          YEAR:     2017
                                          LATITUDE:   32 54 N
                                          LONGITUDE:  97  2 W

[TEMPERATURE DATA]      [PRECIPITATION DATA]       SYMBOLS USED IN COLUMN 16

AVERAGE MONTHLY: 70.1   TOTAL FOR MONTH:   3.32    1 = FOG OR MIST
DPTR FM NORMAL:   5.6   DPTR FM NORMAL:    1.27    2 = FOG REDUCING VISIBILITY
HIGHEST:    86 ON  4    GRTST 24HR  2.14 ON  2- 2      TO 1/4 MILE OR LESS
LOWEST:     47 ON  6                               3 = THUNDER
                        SNOW, ICE PELLETS, HAIL    4 = ICE PELLETS
                        TOTAL MONTH:   0.0 INCH    5 = HAIL
                        GRTST 24HR     0.0         6 = FREEZING RAIN OR DRIZZLE
                        GRTST DEPTH:   0           7 = DUSTSTORM OR SANDSTORM:
                                                       VSBY 1/2 MILE OR LESS
                                                   8 = SMOKE OR HAZE
[NO. OF DAYS WITH]      [WEATHER - DAYS WITH]      9 = BLOWING SNOW
                                                   X = TORNADO
MAX 32 OR BELOW:   0    0.01 INCH OR MORE:   4
MAX 90 OR ABOVE:   0    0.10 INCH OR MORE:   4
MIN 32 OR BELOW:   0    0.50 INCH OR MORE:   2
MIN  0 OR BELOW:   0    1.00 INCH OR MORE:   1

[HDD (BASE 65) ]
TOTAL THIS MO.    12    CLEAR  (SCALE 0-3)   3
DPTR FM NORMAL   -62    PTCLDY (SCALE 4-7)  15
TOTAL FM JUL 1  1293    CLOUDY (SCALE 8-10)  3
DPTR FM NORMAL  -974

[CDD (BASE 65) ]
TOTAL THIS MO.   129
DPTR FM NORMAL    67    [PRESSURE DATA]
TOTAL FM JAN 1   320    HIGHEST SLP M ON M
DPTR FM NORMAL   219    LOWEST  SLP 29.52 ON  4

[REMARKS]
