000
CXUS55 KCYS 211000
CF6DGW
PRELIMINARY LOCAL CLIMATOLOGICAL DATA (WS FORM: F-6)

                                          STATION:   CONVERSE CO (DOUGLAS) WY ARPT
                                          MONTH:     JANUARY
                                          YEAR:      2017
                                          LATITUDE:   42 46 N
                                          LONGITUDE: 105 22 W

  TEMPERATURE IN F:       :PCPN:    SNOW:  WIND      :SUNSHINE: SKY     :PK WND
================================================================================
1   2   3   4   5  6A  6B    7    8   9   10  11  12  13   14  15   16   17  18
                                     12Z  AVG MX 2MIN
DY MAX MIN AVG DEP HDD CDD  WTR  SNW DPTH SPD SPD DIR MIN PSBL S-S WX    SPD DR
================================================================================

 1  45   6  26   2  39   0    T    M    M  5.9 29 270   M    M   1        36 270
 2  16   3  10 -14  55   0    T    M    M 10.4 22 320   M    M  10 1      26 330
 3   8   2   5 -19  60   0    T    M    M  5.6 16 100   M    M   8 8      20 120
 4   7  -4   2 -23  63   0    T    M    M  5.1 15  10   M    M  10 18     17  10
 5   7 -16  -4 -29  69   0    T    M    M  5.3 16 300   M    M   3 8      19 300
 6  17 -19  -1 -26  66   0 0.00    M    M  2.7 16 290   M    M   0 8      19 300
 7  35 -13  11 -14  54   0 0.00    M    M  3.5 16 260   M    M   1 8      30 240
 8  41  30  36  11  29   0 0.00    M    M 13.2 32 260   M    M   2        45 260
 9  48  35  42  17  23   0 0.00    M    M 20.6 36 250   M    M   1        47 260
10  44  23  34   9  31   0 0.00    M    M 19.7 41 260   M    M   2        54 240
11  43   5  24  -1  41   0    T    M    M  9.0 32 260   M    M   8 8      42 250
12  24   8  16  -9  49   0    T    M    M  9.2 24 130   M    M   4        29 150
13  41   6  24  -1  41   0 0.00    M    M  2.1  9 160   M    M   1        10 160
14  45  10  28   3  37   0 0.00    M    M  3.9 17 290   M    M   1        20 300
15  38   8  23  -2  42   0 0.00    M    M  4.9 10 320   M    M   2        13 300
16  39  10  25   0  40   0 0.00    M    M 10.2 20 310   M    M   3        29 320
17  51   3  27   2  38   0 0.00    M    M  6.4 23 310   M    M   0        27 300
18  58  13  36  11  29   0 0.00    M    M  7.4 21 300   M    M   0        25 300
19  53  25  39  14  26   0 0.00    M    M 12.7 28 270   M    M   0        34 280
20  36  20  28   3  37   0 0.01    M    M 10.9 22 300   M    M   6 1      26 310
================================================================================
SM  696  155       869   0  0.01    M    168.7          M       63
================================================================================
AV 34.8  7.8                               8.4 FASTST   M    M   3    MAX(MPH)
                                 MISC ---->  # 41 260               # 54  240
================================================================================
NOTES:
# LAST OF SEVERAL OCCURRENCES

COLUMN 17 PEAK WIND IN M.P.H.

PRELIMINARY LOCAL CLIMATOLOGICAL DATA (WS FORM: F-6) , PAGE 2

                                          STATION:  CONVERSE CO (DOUGLAS) WY ARPT
                                          MONTH:    JANUARY
                                          YEAR:     2017
                                          LATITUDE:   42 46 N
                                          LONGITUDE: 105 22 W

[TEMPERATURE DATA]      [PRECIPITATION DATA]       SYMBOLS USED IN COLUMN 16

AVERAGE MONTHLY: 21.3   TOTAL FOR MONTH:   0.01    1 = FOG OR MIST
DPTR FM NORMAL:  -3.6   DPTR FM NORMAL:   -0.19    2 = FOG REDUCING VISIBILITY
HIGHEST:    58 ON 18    GRTST 24HR  0.01 ON 20-20      TO 1/4 MILE OR LESS
LOWEST:    -19 ON  6                               3 = THUNDER
                        SNOW, ICE PELLETS, HAIL    4 = ICE PELLETS
                        TOTAL MONTH:    M          5 = HAIL
                        GRTST 24HR    M  ON   M    6 = FREEZING RAIN OR DRIZZLE
                        GRTST DEPTH:  M  ON   M    7 = DUSTSTORM OR SANDSTORM:
                                                       VSBY 1/2 MILE OR LESS
                                                   8 = SMOKE OR HAZE
[NO. OF DAYS WITH]      [WEATHER - DAYS WITH]      9 = BLOWING SNOW
                                                   X = TORNADO
MAX 32 OR BELOW:   6    0.01 INCH OR MORE:   1
MAX 90 OR ABOVE:   0    0.10 INCH OR MORE:   0
MIN 32 OR BELOW:  19    0.50 INCH OR MORE:   0
MIN  0 OR BELOW:   4    1.00 INCH OR MORE:   0

[HDD (BASE 65) ]
TOTAL THIS MO.   869    CLEAR  (SCALE 0-3)  14
DPTR FM NORMAL    67    PTCLDY (SCALE 4-7)   3
TOTAL FM JUL 1  3635    CLOUDY (SCALE 8-10)  3
DPTR FM NORMAL  -256

[CDD (BASE 65) ]
TOTAL THIS MO.     0
DPTR FM NORMAL     0    [PRESSURE DATA]
TOTAL FM JAN 1     0    HIGHEST SLP M ON M
DPTR FM NORMAL     0    LOWEST  SLP  0.00 ON  8

[REMARKS]
