000
CXUS52 KTAE 010800
CF6DHN
PRELIMINARY LOCAL CLIMATOLOGICAL DATA (WS FORM: F-6)

                                          STATION:   DOTHAN
                                          MONTH:     JUNE
                                          YEAR:      2015
                                          LATITUDE:   31 19 N
                                          LONGITUDE:  85 27 W

  TEMPERATURE IN F:       :PCPN:    SNOW:  WIND      :SUNSHINE: SKY     :PK WND
================================================================================
1   2   3   4   5  6A  6B    7    8   9   10  11  12  13   14  15   16   17  18
                                     12Z  AVG MX 2MIN
DY MAX MIN AVG DEP HDD CDD  WTR  SNW DPTH SPD SPD DIR MIN PSBL S-S WX    SPD DR
================================================================================

 1  86  69  78   0   0  13 0.42  0.0    0  3.8 18 160   M    M   4 123    23 150
 2  85  68  77  -1   0  12 0.00  0.0    0  3.2 10 210   M    M   5 1238   13 190
 3  87  69  78   0   0  13 0.00  0.0    0  4.6 12 150   M    M   5 3      15 150
 4  85  68  77  -1   0  12 0.00  0.0    0  5.5 15  50   M    M   4        20  70
 5  91  69  80   2   0  15 0.00  0.0    0  4.7 14  40   M    M   3        18  40
 6  93  69  81   2   0  16    T  0.0    0  3.8 14 320   M    M   3        17  50
 7  93  70  82   3   0  17    T  0.0    0  3.6 15 190   M    M   2        19 200
 8  91  72  82   3   0  17    T  0.0    0  6.1 16 170   M    M   3 3      22 160
 9  88  70  79   0   0  14 0.26  0.0    0  7.2 25 170   M    M   4 13     37 170
10  87  70  79   0   0  14 0.61  0.0    0  6.1 15  80   M    M   3 13     19 170
11  86  69  78  -1   0  13 0.44  0.0    0  6.3 22 140   M    M   1        25 140
12  90  71  81   1   0  16    T  0.0    0  5.8 22 140   M    M   2 3      26 140
13  92  71  82   2   0  17 0.02  0.0    0  5.2 23 230   M    M   2 3      32 230
14  93  70  82   2   0  17 0.00  0.0    0  4.6 13 100   M    M   0        17 140
15  95  72  84   4   0  19 0.00  0.0    0  5.5 15 230   M    M   1        20 220
16  95  73  84   4   0  19 0.00  0.0    0  4.1  9 200   M    M   1         M  M
17  96  76  86   6   0  21 0.00  0.0    0  4.6 12 330   M    M   2        12 330
18  96  76  86   6   0  21 0.00  0.0    0  5.6 16 270   M    M   1        20 280
19  92  75  84   4   0  19 0.02  0.0    0  7.2 22 230   M    M   2 3      30 220
20  95  75  85   5   0  20 0.00  0.0    0  8.6 16 270   M    M   2        23 280
21  97  75  86   5   0  21 0.47  0.0    0  6.9 25 280   M    M   1 3      31 270
22   M   M   M   M   M   M    M    M    M   M   M   M   M    M   M 3       M  M
23  97  72  85   4   0  20 0.69  0.0    0  5.7 24 280   M    M   1 13     29 280
24  90  72  81   0   0  16 0.09  0.0    0  5.9 14 300   M    M   3 3      15 300
25  92  74  83   2   0  18 0.00  0.0    0  6.3 18 200   M    M   2        25 200
26  88  73  81   0   0  16 0.02  0.0    0  7.1 18 200   M    M   3 13     23 200
27  87  72  80  -1   0  15 0.10  0.0    0  9.2 22 320   M    M   2 13     27 310
28  86  71  79  -2   0  14    T  0.0    0  6.7 15 300   M    M   5 13     18 300
29  90  67  79  -2   0  14 0.00  0.0    0  5.2 12 200   M    M   1 1      15 250
30  88  69  79  -2   0  14 0.06  0.0    0  8.1 21 270   M    M   4 13     27 290
================================================================================
SM 2631 2067         0 473  3.20     0.0 167.2          M       72
================================================================================
AV 90.7 71.3                               5.8 FASTST   M    M   2    MAX(MPH)
                                 MISC ---->  # 25 170               # 37  170
================================================================================
NOTES:
# LAST OF SEVERAL OCCURRENCES

COLUMN 17 PEAK WIND IN M.P.H.

PRELIMINARY LOCAL CLIMATOLOGICAL DATA (WS FORM: F-6) , PAGE 2

                                          STATION:  DOTHAN
                                          MONTH:    JUNE
                                          YEAR:     2015
                                          LATITUDE:   31 19 N
                                          LONGITUDE:  85 27 W

[TEMPERATURE DATA]      [PRECIPITATION DATA]       SYMBOLS USED IN COLUMN 16

AVERAGE MONTHLY: 81.0   TOTAL FOR MONTH:   3.20    1 = FOG OR MIST
DPTR FM NORMAL:   1.2   DPTR FM NORMAL:   -2.40    2 = FOG REDUCING VISIBILITY
HIGHEST:    97 ON 23,21 GRTST 24HR  1.05 ON 10-11      TO 1/4 MILE OR LESS
LOWEST:     67 ON 29                               3 = THUNDER
                        SNOW, ICE PELLETS, HAIL    4 = ICE PELLETS
                        TOTAL MONTH:   0.0 INCH    5 = HAIL
                        GRTST 24HR     0.0         6 = FREEZING RAIN OR DRIZZLE
                        GRTST DEPTH:   0           7 = DUSTSTORM OR SANDSTORM:
                                                       VSBY 1/2 MILE OR LESS
                                                   8 = SMOKE OR HAZE
[NO. OF DAYS WITH]      [WEATHER - DAYS WITH]      9 = BLOWING SNOW
                                                   X = TORNADO
MAX 32 OR BELOW:   0    0.01 INCH OR MORE:  12
MAX 90 OR ABOVE:  18    0.10 INCH OR MORE:   7
MIN 32 OR BELOW:   0    0.50 INCH OR MORE:   2
MIN  0 OR BELOW:   0    1.00 INCH OR MORE:   0

[HDD (BASE 65) ]
TOTAL THIS MO.     0    CLEAR  (SCALE 0-3)  21
DPTR FM NORMAL     0    PTCLDY (SCALE 4-7)   8
TOTAL FM JUL 1  1820    CLOUDY (SCALE 8-10)  0
DPTR FM NORMAL   -26

[CDD (BASE 65) ]
TOTAL THIS MO.   473
DPTR FM NORMAL    29    [PRESSURE DATA]
TOTAL FM JAN 1  1061    HIGHEST SLP M ON M
DPTR FM NORMAL   204    LOWEST  SLP 29.87 ON  3

[REMARKS]
#FINAL-06-15#
