000
CXUS54 KAMA 231015
CF6DHT
PRELIMINARY LOCAL CLIMATOLOGICAL DATA (WS FORM: F-6)

                                          STATION:   DALHART
                                          MONTH:     SEPTEMBER
                                          YEAR:      2017
                                          LATITUDE:   36  1 N
                                          LONGITUDE: 102 33 W

  TEMPERATURE IN F:       :PCPN:    SNOW:  WIND      :SUNSHINE: SKY     :PK WND
================================================================================
1   2   3   4   5  6A  6B    7    8   9   10  11  12  13   14  15   16   17  18
                                     12Z  AVG MX 2MIN
DY MAX MIN AVG DEP HDD CDD  WTR  SNW DPTH SPD SPD DIR MIN PSBL S-S WX    SPD DR
================================================================================

 1  90  56  73   0   0   8 0.07  0.0    0 11.4 30 320   M    M   1 3      37 330
 2  89  58  74   2   0   9 0.00  0.0    0  8.6 18  40   M    M   0        21  40
 3  90  54  72   0   0   7 0.00  0.0    0  7.2 16 210   M    M   0 18     24 220
 4  94  54  74   2   0   9 0.00  0.0    0  7.3 21  50   M    M   0 18     26  50
 5  74  57  66  -6   0   1 0.00  0.0    0 11.5 22  40   M    M   2        27  40
 6  80  50  65  -6   0   0 0.00  0.0    0  8.5 20 210   M    M   2 8      25 210
 7  86  53  70  -1   0   5 0.00  0.0    0 13.1 25 200   M    M   0        31 200
 8  88  59  74   4   0   9 0.00  0.0    0 14.2 25 190   M    M   0        32 190
 9  87  54  71   1   0   6 0.00  0.0    0 13.5 22 190   M    M   0        30 190
10  87  52  70   0   0   5 0.00  0.0    0 12.3 23 200   M    M   0        28 200
11  92  50  71   2   0   6 0.00  0.0    0  7.7 16 240   M    M   0        20 240
12  91  55  73   4   0   8 0.00  0.0    0  6.1 13 240   M    M   0 8      16  90
13  92  54  73   4   0   8 0.00  0.0    0  7.8 16 190   M    M   0 18     22 210
14  96  56  76   8   0  11    T  0.0    0  8.4 33 270   M    M   0 138    43 280
15  93  59  76   8   0  11 0.02  0.0    0 12.9 36 280   M    M   2 38     50 280
16  91  51  71   4   0   6 0.00  0.0    0  7.0 16 190   M    M   1        23 170
17  74  56  65  -2   0   0 0.07  0.0    0  9.7 21 150   M    M   4 13     24 150
18  88  59  74   8   0   9 0.07  0.0    0 12.5 21 210   M    M   3 13     28 310
19  94  51  73   7   0   8 0.00  0.0    0 15.2 35 240   M    M   0 18     43 230
20  81  50  66   0   0   1 0.00  0.0    0  9.5 28  30   M    M   0 8      34  40
21  94  47  71   6   0   6 0.00  0.0    0 13.5 31 210   M    M   1 18     41 180
22  92  64  78  13   0  13 0.34  0.0    0 16.9 38 180   M    M   2 3      46 180
================================================================================
SM 1943 1199         0 146  0.57     0.0 234.8          M       18
================================================================================
AV 88.3 54.5                              10.7 FASTST   M    M   1    MAX(MPH)
                                 MISC ---->  # 38 180               # 50  280
================================================================================
NOTES:
# LAST OF SEVERAL OCCURRENCES

COLUMN 17 PEAK WIND IN M.P.H.

PRELIMINARY LOCAL CLIMATOLOGICAL DATA (WS FORM: F-6) , PAGE 2

                                          STATION:  DALHART
                                          MONTH:    SEPTEMBER
                                          YEAR:     2017
                                          LATITUDE:   36  1 N
                                          LONGITUDE: 102 33 W

[TEMPERATURE DATA]      [PRECIPITATION DATA]       SYMBOLS USED IN COLUMN 16

AVERAGE MONTHLY: 71.4   TOTAL FOR MONTH:   0.57    1 = FOG OR MIST
DPTR FM NORMAL:   2.4   DPTR FM NORMAL:   -0.68    2 = FOG REDUCING VISIBILITY
HIGHEST:    96 ON 14    GRTST 24HR  0.34 ON 22-22      TO 1/4 MILE OR LESS
LOWEST:     47 ON 21                               3 = THUNDER
                        SNOW, ICE PELLETS, HAIL    4 = ICE PELLETS
                        TOTAL MONTH:   0.0 INCH    5 = HAIL
                        GRTST 24HR     0.0         6 = FREEZING RAIN OR DRIZZLE
                        GRTST DEPTH:   0           7 = DUSTSTORM OR SANDSTORM:
                                                       VSBY 1/2 MILE OR LESS
                                                   8 = SMOKE OR HAZE
[NO. OF DAYS WITH]      [WEATHER - DAYS WITH]      9 = BLOWING SNOW
                                                   X = TORNADO
MAX 32 OR BELOW:   0    0.01 INCH OR MORE:   5
MAX 90 OR ABOVE:  12    0.10 INCH OR MORE:   1
MIN 32 OR BELOW:   0    0.50 INCH OR MORE:   0
MIN  0 OR BELOW:   0    1.00 INCH OR MORE:   0

[HDD (BASE 65) ]
TOTAL THIS MO.     0    CLEAR  (SCALE 0-3)  21
DPTR FM NORMAL   -28    PTCLDY (SCALE 4-7)   1
TOTAL FM JUL 1     0    CLOUDY (SCALE 8-10)  0
DPTR FM NORMAL   -31

[CDD (BASE 65) ]
TOTAL THIS MO.   146
DPTR FM NORMAL    30    [PRESSURE DATA]
TOTAL FM JAN 1  1294    HIGHEST SLP M ON M
DPTR FM NORMAL   182    LOWEST  SLP 29.58 ON 19

[REMARKS]
