000
CXUS54 KAMA 291015
CF6DHT
PRELIMINARY LOCAL CLIMATOLOGICAL DATA (WS FORM: F-6)

                                          STATION:   DALHART
                                          MONTH:     AUGUST
                                          YEAR:      2014
                                          LATITUDE:   36  1 N
                                          LONGITUDE: 102 33 W

  TEMPERATURE IN F:       :PCPN:    SNOW:  WIND      :SUNSHINE: SKY     :PK WND
================================================================================
1   2   3   4   5  6A  6B    7    8   9   10  11  12  13   14  15   16   17  18
                                     12Z  AVG MX 2MIN
DY MAX MIN AVG DEP HDD CDD  WTR  SNW DPTH SPD SPD DIR MIN PSBL S-S WX    SPD DR
================================================================================

 1  84  65  75  -1   0  10 0.00  0.0    0  5.9 14 110   M    M   7 8      20 140
 2  87  63  75  -1   0  10 0.00  0.0    0  4.5  8 130   M    M   2        16 220
 3  88  59  74  -2   0   9 0.00  0.0    0  8.1 17 140   M    M   1        23 140
 4  92  59  76   0   0  11 0.00  0.0    0 13.0 22 160   M    M   1        30 180
 5  92  64  78   2   0  13 0.14  0.0    0 14.8 32 300   M    M   2 13     39 290
 6  96  60  78   2   0  13 0.00  0.0    0  6.5 15 240   M    M   0        19 230
 7 100  62  81   5   0  16    T  0.0    0  8.0 30 190   M    M   1        37 200
 8  88  67  78   2   0  13    T  0.0    0  9.1 22 180   M    M   5 1      26 180
 9  96  58  77   1   0  12 0.15  0.0    0 11.2 29 190   M    M   0 13     35 180
10  90  65  78   2   0  13 0.04  0.0    0 10.2 26 330   M    M   2 3      33 330
11  86  63  75  -1   0  10    T  0.0    0  5.6 18 250   M    M   5 13     22 240
12  93  60  77   1   0  12 0.00  0.0    0  8.4 17 210   M    M   1 1      24 200
13  96  61  79   3   0  14 0.00  0.0    0 12.2 26 170   M    M   1        32 170
14  96  67  82   6   0  17    T  0.0    0 15.5 32 180   M    M   1 3      38 180
15  96  63  80   4   0  15 0.00  0.0    0  7.8 18  20   M    M   1        24 330
16  86  64  75  -1   0  10 0.04  0.0    0  8.0 22 330   M    M   1 3      27 300
17  98  61  80   5   0  15 0.00  0.0    0  7.2 15 160   M    M   0        21 150
18  99  64  82   7   0  17 0.00  0.0    0 11.0 21 200   M    M   0        28 210
19  97  58  78   3   0  13 0.00  0.0    0  9.9 23 140   M    M   0        27 140
20  99  67  83   8   0  18    T  0.0    0 14.5 31 180   M    M   1 3      40 180
21  98  69  84   9   0  19 0.00  0.0    0 11.4 28 140   M    M   0        33 140
22  99  67  83   8   0  18    T  0.0    0 12.0 33 170   M    M   1        42 160
23  96  67  82   7   0  17 0.00  0.0    0 16.6 30 200   M    M   1        46 190
24  97  60  79   5   0  14 0.00  0.0    0  9.0 18 130   M    M   1 8      25 220
25  98  67  83   9   0  18    T  0.0    0 11.8 29 250   M    M   2 38     35 240
26  94  63  79   5   0  14 0.51  0.0    0 11.3 30 150   M    M   3 13     35 150
27  88  66  77   3   0  12 0.00  0.0    0 11.6 21 200   M    M   3 1      25 190
28  86  59  73  -1   0   8    T  0.0    0  8.0 29 320   M    M   2 3      37 310
================================================================================
SM 2615 1768         0 381  0.88     0.0 283.1          M       45
================================================================================
AV 93.4 63.1                              10.1 FASTST   M    M   2    MAX(MPH)
                                 MISC ---->  # 33 170               # 46  190
================================================================================
NOTES:
# LAST OF SEVERAL OCCURRENCES

COLUMN 17 PEAK WIND IN M.P.H.

PRELIMINARY LOCAL CLIMATOLOGICAL DATA (WS FORM: F-6) , PAGE 2

                                          STATION:  DALHART
                                          MONTH:    AUGUST
                                          YEAR:     2014
                                          LATITUDE:   36  1 N
                                          LONGITUDE: 102 33 W

[TEMPERATURE DATA]      [PRECIPITATION DATA]       SYMBOLS USED IN COLUMN 16

AVERAGE MONTHLY: 78.3   TOTAL FOR MONTH:   0.88    1 = FOG OR MIST
DPTR FM NORMAL:   2.9   DPTR FM NORMAL:   -1.77    2 = FOG REDUCING VISIBILITY
HIGHEST:   100 ON  7    GRTST 24HR  0.52 ON 26-27      TO 1/4 MILE OR LESS
LOWEST:     58 ON 19, 9                            3 = THUNDER
                        SNOW, ICE PELLETS, HAIL    4 = ICE PELLETS
                        TOTAL MONTH:   0.0 INCH    5 = HAIL
                        GRTST 24HR     0.0         6 = FREEZING RAIN OR DRIZZLE
                        GRTST DEPTH:   0           7 = DUSTSTORM OR SANDSTORM:
                                                       VSBY 1/2 MILE OR LESS
                                                   8 = SMOKE OR HAZE
[NO. OF DAYS WITH]      [WEATHER - DAYS WITH]      9 = BLOWING SNOW
                                                   X = TORNADO
MAX 32 OR BELOW:   0    0.01 INCH OR MORE:   5
MAX 90 OR ABOVE:  20    0.10 INCH OR MORE:   3
MIN 32 OR BELOW:   0    0.50 INCH OR MORE:   1
MIN  0 OR BELOW:   0    1.00 INCH OR MORE:   0

[HDD (BASE 65) ]
TOTAL THIS MO.     0    CLEAR  (SCALE 0-3)  25
DPTR FM NORMAL     0    PTCLDY (SCALE 4-7)   3
TOTAL FM JUL 1     0    CLOUDY (SCALE 8-10)  0
DPTR FM NORMAL    -1

[CDD (BASE 65) ]
TOTAL THIS MO.   381
DPTR FM NORMAL    88    [PRESSURE DATA]
TOTAL FM JAN 1  1174    HIGHEST SLP M ON M
DPTR FM NORMAL   204    LOWEST  SLP 29.70 ON M

[REMARKS]
