000
CXUS51 KLWX 230620
CF6DMH
PRELIMINARY LOCAL CLIMATOLOGICAL DATA (WS FORM: F-6)

                                          STATION:   BALTIMORE INNER HARBOR MD
                                          MONTH:     APRIL
                                          YEAR:      2014
                                          LATITUDE:   39 16 N
                                          LONGITUDE:  76 37 W

  TEMPERATURE IN F:       :PCPN:    SNOW:  WIND      :SUNSHINE: SKY     :PK WND
================================================================================
1   2   3   4   5  6A  6B    7    8   9   10  11  12  13   14  15   16   17  18
                                     12Z  AVG MX 2MIN
DY MAX MIN AVG DEP HDD CDD  WTR  SNW DPTH SPD SPD DIR MIN PSBL S-S WX    SPD DR
================================================================================

 1  57  44  51  -1  14   0 0.00    M    M   M   M   M   M    M   M         M  M
 2  62  45  54   2  11   0 0.00    M    M   M   M   M   M    M   M         M  M
 3  66  50  58   6   7   0 0.06    M    M   M   M   M   M    M   M         M  M
 4  54  47  51  -2  14   0 0.00    M    M   M   M   M   M    M   M         M  M
 5  56  45  51  -2  14   0 0.00    M    M   M   M   M   M    M   M         M  M
 6  60  40  50  -3  15   0 0.00    M    M   M   M   M   M    M   M         M  M
 7  55  42  49  -5  16   0 0.38    M    M   M   M   M   M    M   M         M  M
 8  65  52  59   5   6   0 0.03    M    M   M   M   M   M    M   M         M  M
 9  67  47  57   3   8   0 0.00    M    M   M   M   M   M    M   M         M  M
10  72  45  59   4   6   0 0.00    M    M   M   M   M   M    M   M         M  M
11  82  54  68  13   0   3 0.01    M    M   M   M   M   M    M   M         M  M
12  72  57  65  10   0   0 0.00    M    M   M   M   M   M    M   M         M  M
13  84  56  70  14   0   5 0.00    M    M   M   M   M   M    M   M         M  M
14  80  62  71  15   0   6 0.00    M    M   M   M   M   M    M   M         M  M
15  66  36  51  -5  14   0 2.32    M    M   M   M   M   M    M   M         M  M
16  49  33  41 -16  24   0 0.00    M    M   M   M   M   M    M   M         M  M
17  54  39  47 -10  18   0 0.00    M    M   M   M   M   M    M   M         M  M
18  51  39  45 -12  20   0 0.00    M    M   M   M   M   M    M   M         M  M
19  69  46  58   0   7   0 0.00    M    M   M   M   M   M    M   M         M  M
20  61  48  55  -3  10   0 0.00    M    M   M   M   M   M    M   M         M  M
21  67  45  56  -2   9   0 0.00    M    M   M   M   M   M    M   M         M  M
22  72  52  62   3   3   0 0.20    M    M   M   M   M   M    M   M         M  M
================================================================================
SM 1421 1024       216  14  3.00    M        M          M        M
================================================================================
AV 64.6 46.5                                 M FASTST   M    M   3    MAX(MPH)
                                 MISC ---->     M   M                  M    M
================================================================================
NOTES:
# LAST OF SEVERAL OCCURRENCES

COLUMN 17 PEAK WIND IN M.P.H.

PRELIMINARY LOCAL CLIMATOLOGICAL DATA (WS FORM: F-6) , PAGE 2

                                          STATION:  BALTIMORE INNER HARBOR MD
                                          MONTH:    APRIL
                                          YEAR:     2014
                                          LATITUDE:   39 16 N
                                          LONGITUDE:  76 37 W

[TEMPERATURE DATA]      [PRECIPITATION DATA]       SYMBOLS USED IN COLUMN 16

AVERAGE MONTHLY: 55.6   TOTAL FOR MONTH:   3.00    1 = FOG OR MIST
DPTR FM NORMAL:   0.4   DPTR FM NORMAL:    0.58    2 = FOG REDUCING VISIBILITY
HIGHEST:    84 ON 13    GRTST 24HR  2.32 ON 15-15      TO 1/4 MILE OR LESS
LOWEST:     33 ON 16                               3 = THUNDER
                        SNOW, ICE PELLETS, HAIL    4 = ICE PELLETS
                        TOTAL MONTH:    M          5 = HAIL
                        GRTST 24HR    M  ON   M    6 = FREEZING RAIN OR DRIZZLE
                        GRTST DEPTH:  M  ON   M    7 = DUSTSTORM OR SANDSTORM:
                                                       VSBY 1/2 MILE OR LESS
                                                   8 = SMOKE OR HAZE
[NO. OF DAYS WITH]      [WEATHER - DAYS WITH]      9 = BLOWING SNOW
                                                   X = TORNADO
MAX 32 OR BELOW:   0    0.01 INCH OR MORE:   6
MAX 90 OR ABOVE:   0    0.10 INCH OR MORE:   3
MIN 32 OR BELOW:   0    0.50 INCH OR MORE:   1
MIN  0 OR BELOW:   0    1.00 INCH OR MORE:   1

[HDD (BASE 65) ]
TOTAL THIS MO.   216    CLEAR  (SCALE 0-3)   0
DPTR FM NORMAL   -13    PTCLDY (SCALE 4-7)   0
TOTAL FM JUL 1  4020    CLOUDY (SCALE 8-10)  0
DPTR FM NORMAL   124

[CDD (BASE 65) ]
TOTAL THIS MO.    14
DPTR FM NORMAL    -1    [PRESSURE DATA]
TOTAL FM JAN 1    14    HIGHEST SLP M ON M
DPTR FM NORMAL    -2    LOWEST  SLP 29.49 ON  8

[REMARKS]
