000
CXUS54 KEPZ 261200
CF6DMN
PRELIMINARY LOCAL CLIMATOLOGICAL DATA (WS FORM: F-6)

                                          STATION:   DEMING
                                          MONTH:     AUGUST
                                          YEAR:      2016
                                          LATITUDE:   32 15 N
                                          LONGITUDE: 107 42 W

  TEMPERATURE IN F:       :PCPN:    SNOW:  WIND      :SUNSHINE: SKY     :PK WND
================================================================================
1   2   3   4   5  6A  6B    7    8   9   10  11  12  13   14  15   16   17  18
                                     12Z  AVG MX 2MIN
DY MAX MIN AVG DEP HDD CDD  WTR  SNW DPTH SPD SPD DIR MIN PSBL S-S WX    SPD DR
================================================================================

 1  93  66  80   1   0  15 1.00  0.0    0  8.2 28  90   M    M   2 1      36  90
 2  90  65  78  -1   0  13 0.06  0.0    0  5.8 24 280   M    M   2 8      32 280
 3  89  66  78  -1   0  13    T  0.0    0  6.7 20 260   M    M   2        24 260
 4  90  69  80   1   0  15 0.01  0.0    0  8.1 18 270   M    M   3        21 180
 5  95  68  82   3   0  17    T  0.0    0  7.0 20 260   M    M   2        26 240
 6  97  72  85   6   0  20 0.00  0.0    0  8.8 21 330   M    M   1        27 220
 7  98  66  82   3   0  17 0.07  0.0    0  6.6 26 240   M    M   0        37 220
 8 100  67  84   5   0  19    T  0.0    0  7.5 18  80   M    M   1        24  80
 9  87  68  78  -1   0  13 0.00  0.0    0  7.6 16 210   M    M   1        23 220
10  89  67  78  -1   0  13 0.26  0.0    0  6.6 24 270   M    M   5 1      32 240
11  93  66  80   2   0  15 0.93  0.0    0  6.4 35 320   M    M   2 1      42 320
12  97  66  82   4   0  17 0.00  0.0    0  7.7 23 340   M    M   1 8      30 340
13  91  64  78   0   0  13 0.29  0.0    0  9.6 21  30   M    M   3 1      28  30
14  87  64  76  -2   0  11 0.00  0.0    0  6.8 16  60   M    M   1        20  60
15  89  62  76  -2   0  11 0.00  0.0    0  4.5  8  70   M    M   0         M  M
16  92  63  78   0   0  13 0.00  0.0    M  7.7 17 120   M    M   0        23 140
17  91  63  77  -1   0  12 0.00  0.0    0  5.6 16 110   M    M   0        22 110
18  93  62  78   0   0  13    T  0.0    0  5.2 20  70   M    M   0        24  80
19  94  66  80   2   0  15 0.00  0.0    0  8.5 20 240   M    M   2        28 260
20  88  64  76  -2   0  11 0.16  0.0    0 10.7 32 320   M    M   4 8      42 320
21  87  61  74  -4   0   9 0.57  0.0    0  5.6 24 260   M    M   2 1      31 270
22  84  61  73  -5   0   8 0.00  0.0    0  4.1 17  30   M    M   2        22  30
23  90  63  77   0   0  12 0.00  0.0    0  7.1 21 260   M    M   1        27 240
24  88  57  73  -4   0   8 0.00  0.0    0  8.1 23 350   M    M   1 8      31 360
25  91  61  76  -1   0  11 0.00  0.0    0  6.0 16 100   M    M   1        21  90
================================================================================
SM 2283 1617         0 334  3.35     0.0 176.5          M       39
================================================================================
AV 91.3 64.7                               7.1 FASTST   M    M   2    MAX(MPH)
                                 MISC ---->  # 35 320               # 42  320
================================================================================
NOTES:
# LAST OF SEVERAL OCCURRENCES

COLUMN 17 PEAK WIND IN M.P.H.

PRELIMINARY LOCAL CLIMATOLOGICAL DATA (WS FORM: F-6) , PAGE 2

                                          STATION:  DEMING
                                          MONTH:    AUGUST
                                          YEAR:     2016
                                          LATITUDE:   32 15 N
                                          LONGITUDE: 107 42 W

[TEMPERATURE DATA]      [PRECIPITATION DATA]       SYMBOLS USED IN COLUMN 16

AVERAGE MONTHLY: 78.0   TOTAL FOR MONTH:   3.35    1 = FOG OR MIST
DPTR FM NORMAL:  -0.3   DPTR FM NORMAL:    1.33    2 = FOG REDUCING VISIBILITY
HIGHEST:   100 ON  8    GRTST 24HR  1.19 ON 10-11      TO 1/4 MILE OR LESS
LOWEST:     57 ON 24                               3 = THUNDER
                        SNOW, ICE PELLETS, HAIL    4 = ICE PELLETS
                        TOTAL MONTH:   0.0 INCH    5 = HAIL
                        GRTST 24HR     0.0         6 = FREEZING RAIN OR DRIZZLE
                        GRTST DEPTH:   0           7 = DUSTSTORM OR SANDSTORM:
                                                       VSBY 1/2 MILE OR LESS
                                                   8 = SMOKE OR HAZE
[NO. OF DAYS WITH]      [WEATHER - DAYS WITH]      9 = BLOWING SNOW
                                                   X = TORNADO
MAX 32 OR BELOW:   0    0.01 INCH OR MORE:   9
MAX 90 OR ABOVE:  16    0.10 INCH OR MORE:   6
MIN 32 OR BELOW:   0    0.50 INCH OR MORE:   3
MIN  0 OR BELOW:   0    1.00 INCH OR MORE:   1

[HDD (BASE 65) ]
TOTAL THIS MO.     0    CLEAR  (SCALE 0-3)  23
DPTR FM NORMAL     0    PTCLDY (SCALE 4-7)   2
TOTAL FM JUL 1     0    CLOUDY (SCALE 8-10)  0
DPTR FM NORMAL     0

[CDD (BASE 65) ]
TOTAL THIS MO.   334
DPTR FM NORMAL     3    [PRESSURE DATA]
TOTAL FM JAN 1  1532    HIGHEST SLP M ON M
DPTR FM NORMAL   174    LOWEST  SLP 29.62 ON  8

[REMARKS]
