000
CXUS55 KCAE 231400
CF6DNL
PRELIMINARY LOCAL CLIMATOLOGICAL DATA (WS FORM: F-6)

                                          STATION:   AUGUSTA DANIEL FIELD GA
                                          MONTH:     APRIL
                                          YEAR:      2017
                                          LATITUDE:   33 28 N
                                          LONGITUDE:  82  2 W

  TEMPERATURE IN F:       :PCPN:    SNOW:  WIND      :SUNSHINE: SKY     :PK WND
================================================================================
1   2   3   4   5  6A  6B    7    8   9   10  11  12  13   14  15   16   17  18
                                     12Z  AVG MX 2MIN
DY MAX MIN AVG DEP HDD CDD  WTR  SNW DPTH SPD SPD DIR MIN PSBL S-S WX    SPD DR
================================================================================

 1  83  58  71  10   0   6 0.00    M    M  6.1 16 330   M    M   0        21 330
 2  83  58  71  10   0   6 0.00    M    M  7.6 16  60   M    M   0        22  70
 3  76  63  70   8   0   5 1.21    M    M  8.9 21 160   M    M   8 13     33 280
 4  85  64  75  13   0  10 0.00    M    M  6.0 15 200   M    M   1        23 200
 5  72  63  68   6   0   3 0.77    M    M  6.3 25 320   M    M   2 138    35 300
 6  67  51  59  -3   6   0 0.16    M    M 10.8 23 290   M    M   5 13     36 300
 7  66  48  57  -5   8   0 0.00    M    M 10.7 22 300   M    M   0        32 310
 8  72  43  58  -4   7   0 0.00    M    M  3.1  9 290   M    M   0        13 210
 9  78  48  63   0   2   0 0.00    M    M  5.0 12 150   M    M   0        16 140
10  80  53  67   4   0   2 0.00    M    M  5.0 12 200   M    M   0        16 150
11  82  57  70   7   0   5 0.00    M    M  5.0 12 180   M    M   0        19 210
12  82  58  70   7   0   5 0.00    M    M  3.7  9 120   M    M   0        13 190
13  84  61  73   9   0   8 0.00    M    M  3.5  9  90   M    M   1        13 100
14  84  61  73   9   0   8 0.00    M    M  3.2 10 130   M    M   1        13 110
15  84  62  73   9   0   8 0.00    M    M  6.3 16 180   M    M   1        19 170
16  85  61  73   9   0   8 0.00    M    M  6.7 15 180   M    M   1        21 190
17  86  59  73   9   0   8    T    M    M  5.0 15 300   M    M   3        22 280
18  85  66  76  11   0  11 0.01    M    M  5.7 18 350   M    M   5 38     23 350
19  82  67  75  10   0  10 0.00    M    M  5.0  9 170   M    M   7 1      13 100
20  86  62  74   9   0   9 0.00    M    M  2.8 10 190   M    M   1 18     14 190
21  89  66  78  12   0  13 0.00    M    M  6.5 15 200   M    M   1        19 190
22  88  65  77  11   0  12 0.00    M    M  6.9 16 200   M    M   2        23 210
================================================================================
SM 1779 1294        23 137  2.15    M    129.8          M       39
================================================================================
AV 80.9 58.8                               5.9 FASTST   M    M   2    MAX(MPH)
                                 MISC ---->  # 25 320               # 36  300
================================================================================
NOTES:
# LAST OF SEVERAL OCCURRENCES

COLUMN 17 PEAK WIND IN M.P.H.

PRELIMINARY LOCAL CLIMATOLOGICAL DATA (WS FORM: F-6) , PAGE 2

                                          STATION:  AUGUSTA DANIEL FIELD GA
                                          MONTH:    APRIL
                                          YEAR:     2017
                                          LATITUDE:   33 28 N
                                          LONGITUDE:  82  2 W

[TEMPERATURE DATA]      [PRECIPITATION DATA]       SYMBOLS USED IN COLUMN 16

AVERAGE MONTHLY: 69.8   TOTAL FOR MONTH:   2.15    1 = FOG OR MIST
DPTR FM NORMAL:   6.5   DPTR FM NORMAL:   -0.31    2 = FOG REDUCING VISIBILITY
HIGHEST:    89 ON 21    GRTST 24HR  1.21 ON  3- 3      TO 1/4 MILE OR LESS
LOWEST:     43 ON  8                               3 = THUNDER
                        SNOW, ICE PELLETS, HAIL    4 = ICE PELLETS
                        TOTAL MONTH:    M          5 = HAIL
                        GRTST 24HR    M  ON   M    6 = FREEZING RAIN OR DRIZZLE
                        GRTST DEPTH:  M  ON   M    7 = DUSTSTORM OR SANDSTORM:
                                                       VSBY 1/2 MILE OR LESS
                                                   8 = SMOKE OR HAZE
[NO. OF DAYS WITH]      [WEATHER - DAYS WITH]      9 = BLOWING SNOW
                                                   X = TORNADO
MAX 32 OR BELOW:   0    0.01 INCH OR MORE:   4
MAX 90 OR ABOVE:   0    0.10 INCH OR MORE:   3
MIN 32 OR BELOW:   0    0.50 INCH OR MORE:   2
MIN  0 OR BELOW:   0    1.00 INCH OR MORE:   1

[HDD (BASE 65) ]
TOTAL THIS MO.    23    CLEAR  (SCALE 0-3)  18
DPTR FM NORMAL   -60    PTCLDY (SCALE 4-7)   4
TOTAL FM JUL 1  1235    CLOUDY (SCALE 8-10)  0
DPTR FM NORMAL  -911

[CDD (BASE 65) ]
TOTAL THIS MO.   137
DPTR FM NORMAL    92    [PRESSURE DATA]
TOTAL FM JAN 1   242    HIGHEST SLP M ON M
DPTR FM NORMAL   171    LOWEST  SLP 29.59 ON  6

[REMARKS]
