000
CXUS55 KGJT 291000
CF6DRO
PRELIMINARY LOCAL CLIMATOLOGICAL DATA (WS FORM: F-6)

                                          STATION:   DURANGO AIRPORT CO
                                          MONTH:     JULY
                                          YEAR:      2015
                                          LATITUDE:   37  9 N
                                          LONGITUDE: 107 45 W

  TEMPERATURE IN F:       :PCPN:    SNOW:  WIND      :SUNSHINE: SKY     :PK WND
================================================================================
1   2   3   4   5  6A  6B    7    8   9   10  11  12  13   14  15   16   17  18
                                     12Z  AVG MX 2MIN
DY MAX MIN AVG DEP HDD CDD  WTR  SNW DPTH SPD SPD DIR MIN PSBL S-S WX    SPD DR
================================================================================

 1  93  62  78  12   0  13    T    M    M  6.4 20 120   M    M   1 3      25 140
 2  87  59  73   6   0   8    T    M    M  5.2 16 240   M    M   3 3      22 220
 3  85  51  68   1   0   3    T    M    M  5.9 18 350   M    M   0 3      26 140
 4  87  49  68   1   0   3 0.10    M    M  5.3 30 130   M    M   2 13     37 140
 5  81  55  68   1   0   3    T    M    M  5.3 21 360   M    M   4        27 270
 6  82  53  68   1   0   3 0.02    M    M  4.3 28 320   M    M   3 3      35 310
 7  70  54  62  -6   3   0 0.49    M    M  6.9 31 250   M    M   5 138    41 250
 8  78  50  64  -4   1   0 0.29    M    M  6.5 23 250   M    M   4 13     28 260
 9  71  49  60  -8   5   0    T    M    M  5.8 21 170   M    M   2 3      27 170
10  72  45  59  -9   6   0 0.22    M    M  4.9 30 250   M    M   2 13     38 250
11  81  48  65  -3   0   0    T    M    M  5.9 18 170   M    M   4 3      24 130
12  81  50  66  -2   0   1 0.01    M    M  4.6 23  10   M    M   1 3      31  10
13  83  53  68  -1   0   3    T    M    M  5.2 17 250   M    M   2        23 280
14  79  55  67  -2   0   2 0.47    M    M  6.2 25  40   M    M   2 13     31  50
15  80  51  66  -3   0   1 0.02    M    M  8.0 23 290   M    M   1        31 280
16  83  49  66  -3   0   1 0.00    M    M  6.2 21 260   M    M   0        27 260
17  85  47  66  -3   0   1    T    M    M  6.5 22 300   M    M   2        29 300
18  81  52  67  -2   0   2 0.00    M    M  5.9 22 250   M    M   2        26 250
19  76  55  66  -3   0   1    T    M    M  5.0 23 280   M    M   5        29 250
20  83  49  66  -3   0   1 0.00    M    M  6.9 30 280   M    M   2 3      36 270
21  82  54  68  -1   0   3 0.00    M    M  7.6 22 260   M    M   3        30 270
22  85  45  65  -5   0   0 0.00    M    M  6.3 22 270   M    M   0        27 250
23  87  47  67  -3   0   2 0.00    M    M  4.3 18 270   M    M   1        23 240
24  83  59  71   1   0   6    T    M    M  6.8 18 310   M    M   5        24 310
25  87  49  68  -2   0   3 0.00    M    M  5.1 17 270   M    M   0        23 260
26  86  53  70   0   0   5    T    M    M  5.0 20 230   M    M   4        27 220
27  87  57  72   2   0   7    T    M    M  6.3 23 260   M    M   2        30 250
28  87  45  66  -4   0   1 0.00    M    M  5.3 18 260   M    M   1        22 250
================================================================================
SM 2302 1445        15  73  1.62    M    163.6          M       63
================================================================================
AV 82.2 51.6                               5.8 FASTST   M    M   2    MAX(MPH)
                                 MISC ---->  # 31 250               # 41  250
================================================================================
NOTES:
# LAST OF SEVERAL OCCURRENCES

COLUMN 17 PEAK WIND IN M.P.H.

PRELIMINARY LOCAL CLIMATOLOGICAL DATA (WS FORM: F-6) , PAGE 2

                                          STATION:  DURANGO AIRPORT CO
                                          MONTH:    JULY
                                          YEAR:     2015
                                          LATITUDE:   37  9 N
                                          LONGITUDE: 107 45 W

[TEMPERATURE DATA]      [PRECIPITATION DATA]       SYMBOLS USED IN COLUMN 16

AVERAGE MONTHLY: 66.9   TOTAL FOR MONTH:   1.62    1 = FOG OR MIST
DPTR FM NORMAL:  -1.7   DPTR FM NORMAL:    0.14    2 = FOG REDUCING VISIBILITY
HIGHEST:    93 ON  1    GRTST 24HR  0.78 ON  7- 8      TO 1/4 MILE OR LESS
LOWEST:     45 ON 28,22                            3 = THUNDER
                        SNOW, ICE PELLETS, HAIL    4 = ICE PELLETS
                        TOTAL MONTH:    M          5 = HAIL
                        GRTST 24HR    M  ON   M    6 = FREEZING RAIN OR DRIZZLE
                        GRTST DEPTH:  M  ON   M    7 = DUSTSTORM OR SANDSTORM:
                                                       VSBY 1/2 MILE OR LESS
                                                   8 = SMOKE OR HAZE
[NO. OF DAYS WITH]      [WEATHER - DAYS WITH]      9 = BLOWING SNOW
                                                   X = TORNADO
MAX 32 OR BELOW:   0    0.01 INCH OR MORE:   8
MAX 90 OR ABOVE:   1    0.10 INCH OR MORE:   5
MIN 32 OR BELOW:   0    0.50 INCH OR MORE:   0
MIN  0 OR BELOW:   0    1.00 INCH OR MORE:   0

[HDD (BASE 65) ]
TOTAL THIS MO.    15    CLEAR  (SCALE 0-3)  21
DPTR FM NORMAL     7    PTCLDY (SCALE 4-7)   7
TOTAL FM JUL 1    15    CLOUDY (SCALE 8-10)  0
DPTR FM NORMAL     7

[CDD (BASE 65) ]
TOTAL THIS MO.    73
DPTR FM NORMAL   -37    [PRESSURE DATA]
TOTAL FM JAN 1   142    HIGHEST SLP M ON M
DPTR FM NORMAL     3    LOWEST  SLP 29.69 ON 27

[REMARKS]
