000
CXUS53 KDMX 280920
CF6DSM
PRELIMINARY LOCAL CLIMATOLOGICAL DATA (WS FORM: F-6)

                                          STATION:   DES MOINES IA
                                          MONTH:     APRIL
                                          YEAR:      2016
                                          LATITUDE:   41 31 N
                                          LONGITUDE:  93 39 W

  TEMPERATURE IN F:       :PCPN:    SNOW:  WIND      :SUNSHINE: SKY     :PK WND
================================================================================
1   2   3   4   5  6A  6B    7    8   9   10  11  12  13   14  15   16   17  18
                                     12Z  AVG MX 2MIN
DY MAX MIN AVG DEP HDD CDD  WTR  SNW DPTH SPD SPD DIR MIN PSBL S-S WX    SPD DR
================================================================================

 1  50  33  42  -4  23   0 0.02  0.0    0 13.6 25 320   M    M   7        30 320
 2  49  32  41  -5  24   0 0.00  0.0    0 17.7 40 320   M    M   3        50 310
 3  83  35  59  12   6   0    T  0.0    0 18.3 38 260   M    M   3        48 250
 4  55  39  47   0  18   0 0.00  0.0    0 11.0 22  30   M    M   1        29  30
 5  56  35  46  -2  19   0 0.58  0.0    0 16.6 33 150   M    M   8 13     41 160
 6  57  40  49   1  16   0 0.02  0.0    0 19.6 35 300   M    M   9 1      42 300
 7  52  37  45  -3  20   0 0.09  0.0    0 14.0 38 320   M    M   9 58     54 320
 8  50  31  41  -8  24   0 0.00  0.0    0 18.5 40 310   M    M   3        53 320
 9  51  25  38 -11  27   0 0.00  0.0    0 12.7 25 170   M    M   3        31 160
10  67  45  56   6   9   0 0.02  0.0    0 10.5 23 330   M    M   7        26 320
11  52  36  44  -6  21   0 0.00  0.0    0 13.8 29 320   M    M   4 8      36 350
12  61  30  46  -4  19   0 0.00  0.0    0  7.0 18 160   M    M   1        22 200
13  72  40  56   5   9   0 0.00  0.0    0 12.4 20 200   M    M   2        26 210
14  74  47  61  10   4   0 0.00  0.0    0 11.9 22 160   M    M   4        26 140
15  78  51  65  13   0   0 0.00  0.0    0 14.5 25 160   M    M   5        32 180
16  80  58  69  17   0   4 0.00  0.0    0 15.1 29 160   M    M   6        37 160
17  80  60  70  18   0   5 0.00  0.0    0 12.0 21 150   M    M   7        29 150
18  76  58  67  14   0   2 0.14  0.0    0 10.2 22 180   M    M  10 1      28 160
19  65  49  57   4   8   0    T  0.0    0  6.4 14 320   M    M   8 18     15 330
20  65  51  58   4   7   0 0.50  0.0    0 12.1 24 230   M    M   9 18     30 220
21  69  49  59   5   6   0 0.11  0.0    0  7.1 17 360   M    M   7 1      23  10
22  61  51  56   2   9   0 0.00  0.0    0  7.9 16  20   M    M   8        20  20
23  75  45  60   5   5   0 0.00  0.0    0 11.5 23 160   M    M   6 128    29 160
24  81  58  70  15   0   5 0.07  0.0    0 15.4 35 270   M    M   8 3      41 270
25  76  59  68  13   0   3    T  0.0    0 13.0 24 260   M    M   3        29 260
26  71  53  62   6   3   0 0.05  0.0    0 10.7 23 140   M    M   8 3      28 150
27  54  45  50  -6  15   0 0.88    M    0 13.8 30  60   M    M  10 135    37  70
================================================================================
SM 1760 1192       292  19  2.48     0.0 347.3          M      159
================================================================================
AV 65.2 44.1                              12.9 FASTST   M    M   6    MAX(MPH)
                                 MISC ---->  # 40 320               # 54  320
================================================================================
NOTES:
# LAST OF SEVERAL OCCURRENCES

COLUMN 17 PEAK WIND IN M.P.H.

PRELIMINARY LOCAL CLIMATOLOGICAL DATA (WS FORM: F-6) , PAGE 2

                                          STATION:  DES MOINES IA
                                          MONTH:    APRIL
                                          YEAR:     2016
                                          LATITUDE:   41 31 N
                                          LONGITUDE:  93 39 W

[TEMPERATURE DATA]      [PRECIPITATION DATA]       SYMBOLS USED IN COLUMN 16

AVERAGE MONTHLY: 54.7   TOTAL FOR MONTH:   2.48    1 = FOG OR MIST
DPTR FM NORMAL:   3.5   DPTR FM NORMAL:   -0.90    2 = FOG REDUCING VISIBILITY
HIGHEST:    83 ON  3    GRTST 24HR  0.93 ON 26-27      TO 1/4 MILE OR LESS
LOWEST:     25 ON  9                               3 = THUNDER
                        SNOW, ICE PELLETS, HAIL    4 = ICE PELLETS
                        TOTAL MONTH:   0.0 INCH    5 = HAIL
                        GRTST 24HR     0.0         6 = FREEZING RAIN OR DRIZZLE
                        GRTST DEPTH:   0           7 = DUSTSTORM OR SANDSTORM:
                                                       VSBY 1/2 MILE OR LESS
                                                   8 = SMOKE OR HAZE
[NO. OF DAYS WITH]      [WEATHER - DAYS WITH]      9 = BLOWING SNOW
                                                   X = TORNADO
MAX 32 OR BELOW:   0    0.01 INCH OR MORE:  11
MAX 90 OR ABOVE:   0    0.10 INCH OR MORE:   5
MIN 32 OR BELOW:   4    0.50 INCH OR MORE:   3
MIN  0 OR BELOW:   0    1.00 INCH OR MORE:   0

[HDD (BASE 65) ]
TOTAL THIS MO.   292    CLEAR  (SCALE 0-3)   5
DPTR FM NORMAL   -93    PTCLDY (SCALE 4-7)  17
TOTAL FM JUL 1  4833    CLOUDY (SCALE 8-10)  5
DPTR FM NORMAL -1179

[CDD (BASE 65) ]
TOTAL THIS MO.    19
DPTR FM NORMAL     9    [PRESSURE DATA]
TOTAL FM JAN 1    19    HIGHEST SLP M ON M
DPTR FM NORMAL     8    LOWEST  SLP 29.55 ON 25

[REMARKS]
