000
CXUS54 KFWD 010730
CF6DTO
PRELIMINARY LOCAL CLIMATOLOGICAL DATA (WS FORM: F-6)

                                          STATION:   DENTON
                                          MONTH:     SEPTEMBER
                                          YEAR:      2014
                                          LATITUDE:   33 12 N
                                          LONGITUDE:  97 12 W

  TEMPERATURE IN F:       :PCPN:    SNOW:  WIND      :SUNSHINE: SKY     :PK WND
================================================================================
1   2   3   4   5  6A  6B    7    8   9   10  11  12  13   14  15   16   17  18
                                     12Z  AVG MX 2MIN
DY MAX MIN AVG DEP HDD CDD  WTR  SNW DPTH SPD SPD DIR MIN PSBL S-S WX    SPD DR
================================================================================

 1  97  75  86   5   0  21 0.00  0.0    0 16.5 24 150   M    M   1        29 180
 2  97  77  87   6   0  22 0.00  0.0    0 12.9 20 150   M    M   1        27 180
 3  97  75  86   6   0  21 0.00  0.0    0 13.2 25 160   M    M   1        32 170
 4  96  73  85   5   0  20 0.00  0.0    0 11.3 22 180   M    M   1        34 190
 5  96  73  85   5   0  20 0.00  0.0    0  7.0 16 170   M    M   1        20 210
 6  91  72  82   2   0  17 0.00  0.0    0   M   M   M   M    M   1         M  M
 7  85  69  77  -2   0  12 0.00  0.0    0   M   M   M   M    M   6         M  M
 8  94  69  82   3   0  17 0.00  0.0    0  8.3 14 160   M    M   2 8      17 140
 9  98  76  87   9   0  22 0.00  0.0    0 13.0 23 170   M    M   1        28 200
10 102  79  91  13   0  26 0.00  0.0    0 14.5 25 200   M    M   1        31 190
11  81  71  76  -2   0  11 0.00  0.0    0 10.5 16  30   M    M   7        20 360
12  71  58  65 -13   0   0 0.07  0.0    0 13.7 28  10   M    M  10 13     34  20
13  69  54  62 -15   3   0 0.00  0.0    0 10.5 18  20   M    M   9        24  20
14  78  61  70  -7   0   5 0.00  0.0    0  3.7 10 160   M    M   5        15  90
15  85  67  76   0   0  11 0.05  0.0    0  3.3 12 180   M    M   1        14 170
16  90  73  82   6   0  17 0.00  0.0    0  3.8 12 130   M    M   3        16  70
17  93  71  82   6   0  17    T  0.0    0  4.2 16 180   M    M   1 8      22 170
18  86  71  79   4   0  14 0.08  0.0    0  5.3 18  70   M    M   1 13     22  50
19  88  66  77   2   0  12 0.00  0.0    0  6.8 14 130   M    M   3        23 130
20  90  70  80   6   0  15    T  0.0    0  7.6 18 160   M    M   3        23 140
21  93  63  78   4   0  13 0.00  0.0    0  5.1 15  30   M    M   1        19  40
22  86  66  76   2   0  11 0.02  0.0    0  9.3 20  40   M    M   2        24  20
23  84  54  69  -4   0   4 0.00  0.0    0  4.7 16 130   M    M   0        20 150
24  85  50  68  -5   0   3 0.00  0.0    0  4.8 14 140   M    M   0        19 140
25  87  53  70  -3   0   5 0.00  0.0    0  4.4 14 130   M    M   0        20 100
26  86  59  73   1   0   8 0.00  0.0    0  4.1 12  90   M    M   1        16 130
27  88  58  73   1   0   8 0.00  0.0    0  5.1 14 140   M    M   2        20 100
28  88  61  75   3   0  10 0.00  0.0    0  5.6 13  70   M    M   3        19  70
29  88  61  75   4   0  10 0.00  0.0    0  6.2 15  70   M    M   1        18  60
30  91  63  77   6   0  12 0.00  0.0    0  7.5 17 140   M    M   1        22 140
================================================================================
SM 2660 1988         3 384  0.22     0.0 222.9          M       70
================================================================================
AV 88.7 66.3                               8.0 FASTST   M    M   2    MAX(MPH)
                                 MISC ---->  # 28  10               # 34  190
================================================================================
NOTES:
# LAST OF SEVERAL OCCURRENCES

COLUMN 17 PEAK WIND IN M.P.H.

PRELIMINARY LOCAL CLIMATOLOGICAL DATA (WS FORM: F-6) , PAGE 2

                                          STATION:  DENTON
                                          MONTH:    SEPTEMBER
                                          YEAR:     2014
                                          LATITUDE:   33 12 N
                                          LONGITUDE:  97 12 W

[TEMPERATURE DATA]      [PRECIPITATION DATA]       SYMBOLS USED IN COLUMN 16

AVERAGE MONTHLY: 77.5   TOTAL FOR MONTH:   0.22    1 = FOG OR MIST
DPTR FM NORMAL:   1.4   DPTR FM NORMAL:   -2.61    2 = FOG REDUCING VISIBILITY
HIGHEST:   102 ON 10    GRTST 24HR  0.08 ON 18-18      TO 1/4 MILE OR LESS
LOWEST:     50 ON 24                               3 = THUNDER
                        SNOW, ICE PELLETS, HAIL    4 = ICE PELLETS
                        TOTAL MONTH:   0.0 INCH    5 = HAIL
                        GRTST 24HR     0.0         6 = FREEZING RAIN OR DRIZZLE
                        GRTST DEPTH:   0           7 = DUSTSTORM OR SANDSTORM:
                                                       VSBY 1/2 MILE OR LESS
                                                   8 = SMOKE OR HAZE
[NO. OF DAYS WITH]      [WEATHER - DAYS WITH]      9 = BLOWING SNOW
                                                   X = TORNADO
MAX 32 OR BELOW:   0    0.01 INCH OR MORE:   4
MAX 90 OR ABOVE:  14    0.10 INCH OR MORE:   0
MIN 32 OR BELOW:   0    0.50 INCH OR MORE:   0
MIN  0 OR BELOW:   0    1.00 INCH OR MORE:   0

[HDD (BASE 65) ]
TOTAL THIS MO.     3    CLEAR  (SCALE 0-3)  22
DPTR FM NORMAL    -5    PTCLDY (SCALE 4-7)   6
TOTAL FM JUL 1     3    CLOUDY (SCALE 8-10)  2
DPTR FM NORMAL    -5

[CDD (BASE 65) ]
TOTAL THIS MO.   384
DPTR FM NORMAL    43    [PRESSURE DATA]
TOTAL FM JAN 1  2322    HIGHEST SLP M ON M
DPTR FM NORMAL    25    LOWEST  SLP 29.69 ON 10

[REMARKS]
#FINAL-09-14#
