000
CXUS55 KTWC 300855
CF6DUG
PRELIMINARY LOCAL CLIMATOLOGICAL DATA (WS FORM: F-6)

                                          STATION:   DOUGLAS AZ
                                          MONTH:     JULY
                                          YEAR:      2015
                                          LATITUDE:   31 28 N
                                          LONGITUDE: 109 36 W

  TEMPERATURE IN F:       :PCPN:    SNOW:  WIND      :SUNSHINE: SKY     :PK WND
================================================================================
1   2   3   4   5  6A  6B    7    8   9   10  11  12  13   14  15   16   17  18
                                     12Z  AVG MX 2MIN
DY MAX MIN AVG DEP HDD CDD  WTR  SNW DPTH SPD SPD DIR MIN PSBL S-S WX    SPD DR
================================================================================

 1  95  68  82   1   0  17 0.00  0.0    0  7.6 24 300   M    M   1        29 290
 2  98  66  82   1   0  17 0.02  0.0    0 10.6 33 170   M    M   0 38     40 170
 3  95  66  81   0   0  16 0.03  0.0    0  8.7 20  80   M    M   1 3      25 160
 4  93  65  79  -2   0  14 0.26  0.0    0  8.7 24 320   M    M   6 13     29 320
 5  83  67  75  -6   0  10 0.64  0.0    0  5.6 22 320   M    M   7 1      28 320
 6  92  66  79  -2   0  14 0.15  0.0    0  5.8 37 320   M    M   2 3      48 310
 7  90  65  78  -3   0  13 0.00  0.0    0  5.3 18 310   M    M   1        23 300
 8  94  67  81   0   0  16 0.00  0.0    M   M  25 360   M    M   M        31 160
 9  89  67  78  -3   0  13 0.00  0.0    M  8.3 24 230   M    M   3        33 220
10  89  67  78  -3   0  13 0.00  0.0    0  9.4 24 200   M    M   4        29 210
11  94  69  82   1   0  17 0.00  0.0    0  7.7 18 180   M    M   4 3      24 140
12  97  68  83   3   0  18 0.11  0.0    0  7.1 32 270   M    M   1 38     41 270
13  96  66  81   1   0  16 0.92  0.0    0  7.6 31 120   M    M   2 13     41 120
14  89  66  78  -2   0  13 0.04  0.0    0  7.5 25 320   M    M   2 3      31 330
15  87  66  77  -3   0  12 0.00  0.0    0  5.8 21 310   M    M   0 3      26 300
16  92  67  80   0   0  15    T  0.0    0  5.7 24 120   M    M   2 3      31 130
17  86  65  76  -4   0  11 0.00  0.0    0  6.1 29 170   M    M   3        37 170
18  88  66  77  -3   0  12 0.02  0.0    0  5.7 31 290   M    M   3 3      40 290
19  88  66  77  -3   0  12 0.02  0.0    0  6.2 20 320   M    M   4        26 320
20  93  64  79  -1   0  14    T  0.0    0  8.0 23 310   M    M   1 3      28 310
21  94  65  80   0   0  15    T  0.0    0  5.4 25 250   M    M   1 38     32 250
22  88  67  78  -2   0  13 0.02  0.0    0  6.0 17 300   M    M   6        23 310
23  89  66  78  -1   0  13 2.02  0.0    0  5.9 32  90   M    M   6 13     41 140
24  90  64  77  -2   0  12 0.01  0.0    0  4.5 18 190   M    M   1 3      21 140
25  93  69  81   2   0  16    T  0.0    0  6.2 23 210   M    M   1 38     33 200
26  93  68  81   2   0  16 0.03  0.0    0  6.4 30 140   M    M   2 3      39 130
27  89  67  78  -1   0  13 0.00  0.0    0  5.1  8 140   M    M   2         M  M
28   M   M   M   M   M   M 0.00    M    0   M   M   M   M    M   0 3       M  M
29   M   M   M   M   M   M 0.00  0.0    0   M   M   M   M    M   0 3       M  M
================================================================================
SM 2464 1793         0 381  4.29     0.0 176.9          M       66
================================================================================
AV 91.3 66.4                               6.8 FASTST   M    M   2    MAX(MPH)
                                 MISC ---->  # 37 320               # 48  310
================================================================================
NOTES:
# LAST OF SEVERAL OCCURRENCES

COLUMN 17 PEAK WIND IN M.P.H.

PRELIMINARY LOCAL CLIMATOLOGICAL DATA (WS FORM: F-6) , PAGE 2

                                          STATION:  DOUGLAS AZ
                                          MONTH:    JULY
                                          YEAR:     2015
                                          LATITUDE:   31 28 N
                                          LONGITUDE: 109 36 W

[TEMPERATURE DATA]      [PRECIPITATION DATA]       SYMBOLS USED IN COLUMN 16

AVERAGE MONTHLY: 78.8   TOTAL FOR MONTH:   4.29    1 = FOG OR MIST
DPTR FM NORMAL:  -1.3   DPTR FM NORMAL:    1.59    2 = FOG REDUCING VISIBILITY
HIGHEST:    98 ON  2    GRTST 24HR  2.04 ON 22-23      TO 1/4 MILE OR LESS
LOWEST:     64 ON 24,20                            3 = THUNDER
                        SNOW, ICE PELLETS, HAIL    4 = ICE PELLETS
                        TOTAL MONTH:   0.0 INCH    5 = HAIL
                        GRTST 24HR     0.0         6 = FREEZING RAIN OR DRIZZLE
                        GRTST DEPTH:   0           7 = DUSTSTORM OR SANDSTORM:
                                                       VSBY 1/2 MILE OR LESS
                                                   8 = SMOKE OR HAZE
[NO. OF DAYS WITH]      [WEATHER - DAYS WITH]      9 = BLOWING SNOW
                                                   X = TORNADO
MAX 32 OR BELOW:   0    0.01 INCH OR MORE:  14
MAX 90 OR ABOVE:  16    0.10 INCH OR MORE:   6
MIN 32 OR BELOW:   0    0.50 INCH OR MORE:   3
MIN  0 OR BELOW:   0    1.00 INCH OR MORE:   1

[HDD (BASE 65) ]
TOTAL THIS MO.     0    CLEAR  (SCALE 0-3)  20
DPTR FM NORMAL     0    PTCLDY (SCALE 4-7)   8
TOTAL FM JUL 1     0    CLOUDY (SCALE 8-10)  0
DPTR FM NORMAL     0

[CDD (BASE 65) ]
TOTAL THIS MO.   381
DPTR FM NORMAL   -59    [PRESSURE DATA]
TOTAL FM JAN 1   899    HIGHEST SLP M ON M
DPTR FM NORMAL  -137    LOWEST  SLP 29.65 ON  3

[REMARKS]
