000
CXUS51 KPBZ 270901
CF6DUJ
PRELIMINARY LOCAL CLIMATOLOGICAL DATA (WS FORM: F-6)

                                          STATION:   DUBOIS
                                          MONTH:     AUGUST
                                          YEAR:      2014
                                          LATITUDE:   41 10 N
                                          LONGITUDE:  78 54 W

  TEMPERATURE IN F:       :PCPN:    SNOW:  WIND      :SUNSHINE: SKY     :PK WND
================================================================================
1   2   3   4   5  6A  6B    7    8   9   10  11  12  13   14  15   16   17  18
                                     12Z  AVG MX 2MIN
DY MAX MIN AVG DEP HDD CDD  WTR  SNW DPTH SPD SPD DIR MIN PSBL S-S WX    SPD DR
================================================================================

 1  82  56  69   1   0   4    T    M    M  4.2 14 160   M    M   2 12     19 170
 2  79  63  71   3   0   6 0.89    M    M  5.8 20 310   M    M   6 138    23 320
 3  74  62  68   0   0   3 0.13    M    M  4.6 15  10   M    M   8 123    18  20
 4  80  61  71   3   0   6 0.00    M    M  2.5 12 230   M    M   4 12     18 270
 5  81  58  70   2   0   5 0.31    M    M  4.0 31 350   M    M   3 123    41 350
 6  78  57  68   0   0   3 0.14    M    M  4.3 17 340   M    M   6 128    25 340
 7  76  53  65  -3   0   0 0.00    M    M  5.6 15 330   M    M   1 18     20 300
 8  74  50  62  -6   3   0 0.00    M    M  3.0 10  40   M    M   0 1      13  40
 9  78  52  65  -3   0   0 0.00    M    M  6.0 12 110   M    M   1        15 120
10  80  55  68   0   0   3 0.00    M    M  6.6 14 120   M    M   1 1      17 100
11  73  61  67  -1   0   2 0.36    M    M  9.9 17 130   M    M   5 1      29 140
12  72  63  68   0   0   3 1.35    M    M  7.7 16 110   M    M   8 13     23 150
13  69  51  60  -8   5   0 0.19    M    M 10.2 21 270   M    M   8 1      27 260
14  69  47  58 -10   7   0 0.00    M    M  8.2 21 270   M    M   2        29 300
15  68  45  57 -11   8   0 0.00    M    M  6.9 17 250   M    M   3        24 260
16  72  43  58 -10   7   0 0.00    M    M  6.5 18 240   M    M   1        24 240
17  76  57  67   0   0   2 0.10    M    M  6.6 15 300   M    M   5 1      21 270
18  79  50  65  -2   0   0 0.00    M    M  3.8  8  10   M    M   0 12     11  10
19  81  57  69   2   0   4 0.00    M    M  4.9 10 270   M    M   3 1      14 130
20  77  63  70   3   0   5 0.80    M    M  5.3 20 330   M    M   5 13     28 320
21  74  62  68   1   0   3 3.03    M    M  5.3 17 230   M    M   7 1238   22 230
22  77  64  71   4   0   6 0.56    M    M  2.9 14 240   M    M   8 12     16 250
23  76  62  69   2   0   4 0.00    M    M  5.4 16 110   M    M  10 12     19 110
24  74  58  66   0   0   1 0.00    M    M  6.2 13 110   M    M   6 1      17 110
25  75  55  65  -1   0   0 0.00    M    M  5.0 13 120   M    M   0        19 120
26  79  53  66   0   0   1 0.00    M    M  3.6  9 240   M    M   1 12     13 170
================================================================================
SM 1973 1458        30  61  7.86    M    145.0          M      104
================================================================================
AV 75.9 56.1                               5.6 FASTST   M    M   4    MAX(MPH)
                                 MISC ---->  # 31 350               # 41  350
================================================================================
NOTES:
# LAST OF SEVERAL OCCURRENCES

COLUMN 17 PEAK WIND IN M.P.H.

PRELIMINARY LOCAL CLIMATOLOGICAL DATA (WS FORM: F-6) , PAGE 2

                                          STATION:  DUBOIS
                                          MONTH:    AUGUST
                                          YEAR:     2014
                                          LATITUDE:   41 10 N
                                          LONGITUDE:  78 54 W

[TEMPERATURE DATA]      [PRECIPITATION DATA]       SYMBOLS USED IN COLUMN 16

AVERAGE MONTHLY: 66.0   TOTAL FOR MONTH:   7.86    1 = FOG OR MIST
DPTR FM NORMAL:  -1.5   DPTR FM NORMAL:    4.52    2 = FOG REDUCING VISIBILITY
HIGHEST:    82 ON  1    GRTST 24HR  3.23 ON 21-22      TO 1/4 MILE OR LESS
LOWEST:     43 ON 16                               3 = THUNDER
                        SNOW, ICE PELLETS, HAIL    4 = ICE PELLETS
                        TOTAL MONTH:    M          5 = HAIL
                        GRTST 24HR    M  ON   M    6 = FREEZING RAIN OR DRIZZLE
                        GRTST DEPTH:  M  ON   M    7 = DUSTSTORM OR SANDSTORM:
                                                       VSBY 1/2 MILE OR LESS
                                                   8 = SMOKE OR HAZE
[NO. OF DAYS WITH]      [WEATHER - DAYS WITH]      9 = BLOWING SNOW
                                                   X = TORNADO
MAX 32 OR BELOW:   0    0.01 INCH OR MORE:  11
MAX 90 OR ABOVE:   0    0.10 INCH OR MORE:  11
MIN 32 OR BELOW:   0    0.50 INCH OR MORE:   5
MIN  0 OR BELOW:   0    1.00 INCH OR MORE:   2

[HDD (BASE 65) ]
TOTAL THIS MO.    30    CLEAR  (SCALE 0-3)  12
DPTR FM NORMAL     3    PTCLDY (SCALE 4-7)  10
TOTAL FM JUL 1    62    CLOUDY (SCALE 8-10)  4
DPTR FM NORMAL    11

[CDD (BASE 65) ]
TOTAL THIS MO.    61
DPTR FM NORMAL   -34    [PRESSURE DATA]
TOTAL FM JAN 1   359    HIGHEST SLP M ON M
DPTR FM NORMAL    39    LOWEST  SLP 29.73 ON 12

[REMARKS]
