000
CXUS55 KDVN 271100
CF6DVN
PRELIMINARY LOCAL CLIMATOLOGICAL DATA (WS FORM: F-6)

                                          STATION:   DAVENPORT IA
                                          MONTH:     AUGUST
                                          YEAR:      2016
                                          LATITUDE:   41 37 N
                                          LONGITUDE:  90 35 W

  TEMPERATURE IN F:       :PCPN:    SNOW:  WIND      :SUNSHINE: SKY     :PK WND
================================================================================
1   2   3   4   5  6A  6B    7    8   9   10  11  12  13   14  15   16   17  18
                                     12Z  AVG MX 2MIN
DY MAX MIN AVG DEP HDD CDD  WTR  SNW DPTH SPD SPD DIR MIN PSBL S-S WX    SPD DR
================================================================================

 1  83  66  75   2   0  10 0.01  0.0    0  8.4 17 120   M    M   4 1      21 120
 2  85  69  77   4   0  12 0.00  0.0    0  3.7  9 160   M    M   4 1      13 260
 3  87  69  78   6   0  13 0.00  0.0    0  4.9 10 130   M    M   5 128    14 140
 4  88  69  79   7   0  14 0.78  0.0    0  8.7 31 280   M    M   1 138    42 300
 5  82  64  73   1   0   8 0.00  0.0    0  6.5 13 310   M    M   4 1      17 320
 6  81  60  71  -1   0   6 0.00  0.0    0  4.9 10 350   M    M   1        14 360
 7  80  58  69  -3   0   4 0.00  0.0    0  3.9 10  90   M    M   0        13 100
 8  83  63  73   1   0   8 0.00  0.0    0  7.2 14  90   M    M   1        19  90
 9  85  63  74   2   0   9 0.05  0.0    0  3.9 10 170   M    M   4 1      14 180
10  89  67  78   6   0  13 0.00  0.0    0  5.8 13 160   M    M   2 18     16 160
11  87  70  79   7   0  14 3.36  0.0    0  9.4 31  30   M    M   1 138    45 290
12  81  70  76   4   0  11 1.10  0.0    0  4.9 12 130   M    M   7 13     16  10
13  82  65  74   2   0   9 0.00  0.0    0  8.0 16 290   M    M   5        22 310
14  83  61  72   0   0   7 0.00  0.0    0  1.8  7 150   M    M   1 1      10 220
15  80  65  73   1   0   8 0.01  0.0    0  6.2 15  70   M    M   1 1      20  70
16  85  63  74   2   0   9 0.00  0.0    0  4.9 10 200   M    M   1 1      14 250
17  84  67  76   5   0  11 0.19  0.0    0  5.5 10 190   M    M   4 1      14 220
18  88  69  79   8   0  14    T  0.0    0  7.1 20  40   M    M   3 13     26  40
19  87  69  78   7   0  13 0.00  0.0    0  7.8 15 200   M    M   2 3      21 200
20  77  59  68  -3   0   3 0.69  0.0    0  8.9 21 310   M    M   5 13     30 310
21  75  54  65  -6   0   0 0.00  0.0    0  7.3 15 300   M    M   1        21 320
22  79  51  65  -6   0   0 0.00  0.0    0  6.3 15 220   M    M   0        19 240
23  80  61  71   1   0   6 0.00  0.0    0 11.4 20 180   M    M   4        26 170
24  85  71  78   8   0  13 2.08  0.0    0  7.9 18 190   M    M   5 13     25 180
25  77  63  70   0   0   5 0.02  0.0    0  4.3 10  30   M    M   5 1      12  10
26  78  61  70   0   0   5 0.04  0.0    0  7.2 14 130   M    M   3 13     17 100
================================================================================
SM 2151 1667         0 225  8.33     0.0 166.8          M       74
================================================================================
AV 82.7 64.1                               6.4 FASTST   M    M   3    MAX(MPH)
                                 MISC ---->  # 31 280               # 45  290
================================================================================
NOTES:
# LAST OF SEVERAL OCCURRENCES

COLUMN 17 PEAK WIND IN M.P.H.

PRELIMINARY LOCAL CLIMATOLOGICAL DATA (WS FORM: F-6) , PAGE 2

                                          STATION:  DAVENPORT IA
                                          MONTH:    AUGUST
                                          YEAR:     2016
                                          LATITUDE:   41 37 N
                                          LONGITUDE:  90 35 W

[TEMPERATURE DATA]      [PRECIPITATION DATA]       SYMBOLS USED IN COLUMN 16

AVERAGE MONTHLY: 73.4   TOTAL FOR MONTH:   8.33    1 = FOG OR MIST
DPTR FM NORMAL:   1.9   DPTR FM NORMAL:    4.37    2 = FOG REDUCING VISIBILITY
HIGHEST:    89 ON 10    GRTST 24HR  4.44 ON 11-12      TO 1/4 MILE OR LESS
LOWEST:     51 ON 22                               3 = THUNDER
                        SNOW, ICE PELLETS, HAIL    4 = ICE PELLETS
                        TOTAL MONTH:   0.0 INCH    5 = HAIL
                        GRTST 24HR     0.0         6 = FREEZING RAIN OR DRIZZLE
                        GRTST DEPTH:   0           7 = DUSTSTORM OR SANDSTORM:
                                                       VSBY 1/2 MILE OR LESS
                                                   8 = SMOKE OR HAZE
[NO. OF DAYS WITH]      [WEATHER - DAYS WITH]      9 = BLOWING SNOW
                                                   X = TORNADO
MAX 32 OR BELOW:   0    0.01 INCH OR MORE:  11
MAX 90 OR ABOVE:   0    0.10 INCH OR MORE:   6
MIN 32 OR BELOW:   0    0.50 INCH OR MORE:   5
MIN  0 OR BELOW:   0    1.00 INCH OR MORE:   3

[HDD (BASE 65) ]
TOTAL THIS MO.     0    CLEAR  (SCALE 0-3)  14
DPTR FM NORMAL     0    PTCLDY (SCALE 4-7)  12
TOTAL FM JUL 1     4    CLOUDY (SCALE 8-10)  0
DPTR FM NORMAL     0

[CDD (BASE 65) ]
TOTAL THIS MO.   225
DPTR FM NORMAL    45    [PRESSURE DATA]
TOTAL FM JAN 1   804    HIGHEST SLP M ON M
DPTR FM NORMAL   123    LOWEST  SLP 29.63 ON 20

[REMARKS]
