000
CXUS54 KHGX 171422
CF6DWH
PRELIMINARY LOCAL CLIMATOLOGICAL DATA (WS FORM: F-6)

                                          STATION:   HOUSTON/D.W._HOOKS
                                          MONTH:     JANUARY
                                          YEAR:      2018
                                          LATITUDE:   30  4 N
                                          LONGITUDE:  95 33 W

  TEMPERATURE IN F:       :PCPN:    SNOW:  WIND      :SUNSHINE: SKY     :PK WND
================================================================================
1   2   3   4   5  6A  6B    7    8   9   10  11  12  13   14  15   16   17  18
                                     12Z  AVG MX 2MIN
DY MAX MIN AVG DEP HDD CDD  WTR  SNW DPTH SPD SPD DIR MIN PSBL S-S WX    SPD DR
================================================================================

 1  41  29  35 -16  30   0 0.00  0.0    0 10.6 17  10   M    M   4        26  10
 2  34  29  32 -19  33   0    T    M    0  7.1 13 360   M    M  10 4      19 320
 3  48  23  36 -15  29   0 0.00  0.0    0  5.4 14 310   M    M   1        19 320
 4  56  24  40 -11  25   0 0.00  0.0    0  2.2  9  20   M    M   0        12  70
 5  58  37  48  -3  17   0 0.00  0.0    0  3.6  8 130   M    M   1        11 130
 6  66  34  50  -1  15   0 0.00  0.0    0  5.0 10 120   M    M   1 1      15 140
 7  69  42  56   5   9   0 0.75  0.0    0  5.0 15 360   M    M   5 138    18 350
 8  65  43  54   3  11   0 0.06    M    0  8.8 17 350   M    M   3 13     24 350
 9  53  41  47  -4  18   0 0.00  0.0    0  3.9 10  70   M    M   7 1      14  60
10  65  51  58   7   7   0 0.00  0.0    0  5.8 16 130   M    M  10 18     22 130
11  69  39  54   3  11   0 0.86  0.0    0  8.4 26 320   M    M   9 138    44 330
12  49  30  40 -11  25   0 0.00  0.0    0 11.8 22 330   M    M   0        32 320
13  52  30  41 -10  24   0 0.00  0.0    0  5.5 12 320   M    M   0        17 310
14  56  30  43  -8  22   0 0.00  0.0    0  4.4  9 100   M    M   0        12 110
15  68  34  51   0  14   0    T    M    0  4.9 16 120   M    M   4 1      21 120
16  54  24  39 -12  26   0 0.33    M    0 14.3 23  10   M    M  10 146    35 360
================================================================================
SM  903  540       316   0  2.00     0.0 106.7          M       65
================================================================================
AV 56.4 33.8                               6.7 FASTST   M    M   4    MAX(MPH)
                                 MISC ---->  # 26 320               # 44  330
================================================================================
NOTES:
# LAST OF SEVERAL OCCURRENCES

COLUMN 17 PEAK WIND IN M.P.H.

PRELIMINARY LOCAL CLIMATOLOGICAL DATA (WS FORM: F-6) , PAGE 2

                                          STATION:  HOUSTON/D.W._HOOKS
                                          MONTH:    JANUARY
                                          YEAR:     2018
                                          LATITUDE:   30  4 N
                                          LONGITUDE:  95 33 W

[TEMPERATURE DATA]      [PRECIPITATION DATA]       SYMBOLS USED IN COLUMN 16

AVERAGE MONTHLY: 45.1   TOTAL FOR MONTH:   2.00    1 = FOG OR MIST
DPTR FM NORMAL:  -5.9   DPTR FM NORMAL:    0.38    2 = FOG REDUCING VISIBILITY
HIGHEST:    69 ON 11, 7 GRTST 24HR  0.86 ON 11-11      TO 1/4 MILE OR LESS
LOWEST:     23 ON  3                               3 = THUNDER
                        SNOW, ICE PELLETS, HAIL    4 = ICE PELLETS
                        TOTAL MONTH:   0.0 INCH    5 = HAIL
                        GRTST 24HR     0.0         6 = FREEZING RAIN OR DRIZZLE
                        GRTST DEPTH:   0           7 = DUSTSTORM OR SANDSTORM:
                                                       VSBY 1/2 MILE OR LESS
                                                   8 = SMOKE OR HAZE
[NO. OF DAYS WITH]      [WEATHER - DAYS WITH]      9 = BLOWING SNOW
                                                   X = TORNADO
MAX 32 OR BELOW:   0    0.01 INCH OR MORE:   4
MAX 90 OR ABOVE:   0    0.10 INCH OR MORE:   3
MIN 32 OR BELOW:   8    0.50 INCH OR MORE:   2
MIN  0 OR BELOW:   0    1.00 INCH OR MORE:   0

[HDD (BASE 65) ]
TOTAL THIS MO.   316    CLEAR  (SCALE 0-3)   8
DPTR FM NORMAL    92    PTCLDY (SCALE 4-7)   4
TOTAL FM JUL 1   838    CLOUDY (SCALE 8-10)  4
DPTR FM NORMAL   -10

[CDD (BASE 65) ]
TOTAL THIS MO.     0
DPTR FM NORMAL     0    [PRESSURE DATA]
TOTAL FM JAN 1     0    HIGHEST SLP M ON M
DPTR FM NORMAL     0    LOWEST  SLP 29.70 ON 11

[REMARKS]
