000
CXUS54 KEWX 280910
CF6DZB
PRELIMINARY LOCAL CLIMATOLOGICAL DATA (WS FORM: F-6)

                                          STATION:   Horseshoe Bay
                                          MONTH:     AUGUST
                                          YEAR:      2015
                                          LATITUDE:   30 31 N
                                          LONGITUDE:  98 22 W

  TEMPERATURE IN F:       :PCPN:    SNOW:  WIND      :SUNSHINE: SKY     :PK WND
================================================================================
1   2   3   4   5  6A  6B    7    8   9   10  11  12  13   14  15   16   17  18
                                     12Z  AVG MX 2MIN
DY MAX MIN AVG DEP HDD CDD  WTR  SNW DPTH SPD SPD DIR MIN PSBL S-S WX    SPD DR
================================================================================

 1  98  71  85   M   0  20 0.00  0.0    0  2.7  9  50   M    M   1        16  90
 2  99  74  87   M   0  22 0.00  0.0    0  2.5  7 130   M    M   1         M  M
 3  99  73  86   M   0  21 0.00  0.0    0  4.0  8 130   M    M   1        17 160
 4 100  74  87   M   0  22 0.00  0.0    0  5.9 10 170   M    M   3        20 160
 5 101  77  89   M   0  24 0.00  0.0    0  6.5 14 180   M    M   1        22 180
 6 102  76  89   M   0  24 0.00  0.0    0  6.6 12 170   M    M   1        23 180
 7 102  75  89   M   0  24 0.00  0.0    0  6.4 13 190   M    M   0        22 190
 8 102  73  88   M   0  23 0.00    M    M  6.8 12 150   M    M   1        18 190
 9 103  73  88   M   0  23 0.00    M    M  6.4 12 150   M    M   0        18 160
10 105  70  88   M   0  23 0.00    M    M  3.7  7 120   M    M   0         M  M
11 105  71  88   M   0  23 0.00  0.0    0  3.6  9 120   M    M   1         M  M
12 104  77  91   M   0  26 0.00  0.0    0  3.9 10  50   M    M   2        16  50
13 103  75  89   M   0  24 0.00    M    0  2.7 10  60   M    M   2        20  40
14 100  78  89   M   0  24 0.10  0.0    0  3.0 20 320   M    M   2        23 320
15  97  76  87   M   0  22 0.03  0.0    0  1.5  8 170   M    M   5         M  M
16  97  70  84   M   0  19 0.00  0.0    0  3.4  9 120   M    M   2        17 110
17  97  70  84   M   0  19 0.00  0.0    0  4.1 10 170   M    M   1        16 170
18  99  74  87   M   0  22 0.00  0.0    0  8.2 13 160   M    M   1        24 170
19  99  76  88   M   0  23 0.00  0.0    0  6.6 15 170   M    M   2        23 180
20  87  73  80   M   0  15 0.00  0.0    0  4.4 10  60   M    M   7 3       M  M
21  94  68  81   M   0  16 0.00  0.0    0  5.6 13 170   M    M   4        21 130
22  99  75  87   M   0  22 0.00    M    M  8.0 15 180   M    M   2        23 180
23 102  73  88   M   0  23 0.00    M    M  5.2 10 170   M    M   1        17 180
24 101  73  87   M   0  22 0.00  0.0    0  3.9  8 190   M    M   1         M  M
25 100  75  88   M   0  23 0.01  0.0    0  3.2 15  50   M    M   1        25  60
26  97  70  84   M   0  19 0.00  0.0    0  1.5  6  70   M    M   1         M  M
27  99  71  85   M   0  20 0.00  0.0    0  2.6  8 160   M    M   1         M  M
================================================================================
SM 2691 1981         0 588  0.14     0.0 122.9          M       45
================================================================================
AV 99.7 73.4                               4.6 FASTST   M    M   2    MAX(MPH)
                                 MISC ---->    20   M               # 25   60
================================================================================
NOTES:
# LAST OF SEVERAL OCCURRENCES

COLUMN 17 PEAK WIND IN M.P.H.

PRELIMINARY LOCAL CLIMATOLOGICAL DATA (WS FORM: F-6) , PAGE 2

                                          STATION:  Horseshoe Bay
                                          MONTH:    AUGUST
                                          YEAR:     2015
                                          LATITUDE:   30 31 N
                                          LONGITUDE:  98 22 W

[TEMPERATURE DATA]      [PRECIPITATION DATA]       SYMBOLS USED IN COLUMN 16

AVERAGE MONTHLY: 86.5   TOTAL FOR MONTH:   0.14    1 = FOG OR MIST
DPTR FM NORMAL:     M   DPTR FM NORMAL:       M    2 = FOG REDUCING VISIBILITY
HIGHEST:   105 ON 11,10 GRTST 24HR  0.10 ON 14-14      TO 1/4 MILE OR LESS
LOWEST:     68 ON 21                               3 = THUNDER
                        SNOW, ICE PELLETS, HAIL    4 = ICE PELLETS
                        TOTAL MONTH:   0.0 INCH    5 = HAIL
                        GRTST 24HR     0.0         6 = FREEZING RAIN OR DRIZZLE
                        GRTST DEPTH:   0           7 = DUSTSTORM OR SANDSTORM:
                                                       VSBY 1/2 MILE OR LESS
                                                   8 = SMOKE OR HAZE
[NO. OF DAYS WITH]      [WEATHER - DAYS WITH]      9 = BLOWING SNOW
                                                   X = TORNADO
MAX 32 OR BELOW:   0    0.01 INCH OR MORE:   3
MAX 90 OR ABOVE:  26    0.10 INCH OR MORE:   1
MIN 32 OR BELOW:   0    0.50 INCH OR MORE:   0
MIN  0 OR BELOW:   0    1.00 INCH OR MORE:   0

[HDD (BASE 65) ]
TOTAL THIS MO.     0    CLEAR  (SCALE 0-3)  24
DPTR FM NORMAL     M    PTCLDY (SCALE 4-7)   3
TOTAL FM JUL 1     0    CLOUDY (SCALE 8-10)  0
DPTR FM NORMAL     M

[CDD (BASE 65) ]
TOTAL THIS MO.   588
DPTR FM NORMAL     M    [PRESSURE DATA]
TOTAL FM JAN 1  2234    HIGHEST SLP M ON M
DPTR FM NORMAL     M    LOWEST  SLP M ON M

[REMARKS]
