000
CXUS56 KOTX 281500
CF6EAT
PRELIMINARY LOCAL CLIMATOLOGICAL DATA (WS FORM: F-6)

                                          STATION:   WENATCHEE WA PANGBORN FIELD
                                          MONTH:     AUGUST
                                          YEAR:      2016
                                          LATITUDE:   47 23 N
                                          LONGITUDE: 120 12 W

  TEMPERATURE IN F:       :PCPN:    SNOW:  WIND      :SUNSHINE: SKY     :PK WND
================================================================================
1   2   3   4   5  6A  6B    7    8   9   10  11  12  13   14  15   16   17  18
                                     12Z  AVG MX 2MIN
DY MAX MIN AVG DEP HDD CDD  WTR  SNW DPTH SPD SPD DIR MIN PSBL S-S WX    SPD DR
================================================================================

 1  88  60  74  -2   0   9 0.00    M    M  7.6 13 150   M    M   0        16 140
 2  79  61  70  -6   0   5 0.00    M    M 19.2 35 310   M    M   0        44 310
 3  85  57  71  -5   0   6 0.00    M    M  9.7 16 300   M    M   0        22 300
 4  88  62  75  -1   0  10 0.00    M    M  8.7 14 140   M    M   0        20 120
 5  94  64  79   3   0  14 0.00    M    M 10.9 23 310   M    M   0        29 300
 6  86  62  74  -2   0   9 0.00    M    M 10.9 21 310   M    M   0        25 310
 7  83  59  71  -5   0   6 0.00    M    M 12.9 23 300   M    M   0        29 290
 8  69  56  63 -12   2   0    T    M    M 11.9 24 310   M    M   2 3      30 310
 9  78  53  66  -9   0   1 0.00    M    M  9.2 23 310   M    M   2        28 300
10  83  59  71  -4   0   6 0.00    M    M  8.0 14 330   M    M   0        18 330
11  90  62  76   1   0  11 0.00    M    M  6.9 15 320   M    M   1        18 310
12  92  65  79   4   0  14 0.00    M    M  6.7 14 290   M    M   0        17 290
13  95  67  81   7   0  16 0.00    M    M  8.2 15 300   M    M   1        18 300
14  96  68  82   8   0  17 0.00    M    M  8.3 22 310   M    M   0        26 310
15  96  67  82   8   0  17 0.00    M    M  8.7 18 320   M    M   0        22 320
16  97  68  83   9   0  18 0.00    M    M 10.9 23 310   M    M   0        27 310
17  97  70  84  10   0  19 0.00    M    M  9.9 20 310   M    M   0        25 310
18  97  67  82   9   0  17 0.00    M    M  8.4 30  30   M    M   0        39  20
19  88  64  76   3   0  11 0.00    M    M  4.2 15 140   M    M   0        19 130
20  92  62  77   4   0  12 0.00    M    M  7.9 15 120   M    M   0        19 120
21  93  65  79   7   0  14 0.00    M    M 13.0 30 310   M    M   0        35 300
22  78  56  67  -5   0   2 0.00    M    M 15.3 25 300   M    M   0        30 300
23  84  53  69  -3   0   4 0.00    M    M  6.6 16 310   M    M   2        19 330
24  88  61  75   3   0  10 0.00    M    M  7.2 16 280   M    M   2        20  20
25  89  57  73   2   0   8 0.00    M    M  6.1 17 290   M    M   1        19 280
26  89  62  76   5   0  11 0.00    M    M  7.4 15 320   M    M   2        18 330
27  87  64  76   5   0  11 0.00    M    M 10.6 28 300   M    M   0        35 300
================================================================================
SM 2381 1671         2 278    T     M    255.3          M       13
================================================================================
AV 88.2 61.9                               9.5 FASTST   M    M   0    MAX(MPH)
                                 MISC ---->  # 35 310               # 44  310
================================================================================
NOTES:
# LAST OF SEVERAL OCCURRENCES

COLUMN 17 PEAK WIND IN M.P.H.

PRELIMINARY LOCAL CLIMATOLOGICAL DATA (WS FORM: F-6) , PAGE 2

                                          STATION:  WENATCHEE WA PANGBORN FIELD
                                          MONTH:    AUGUST
                                          YEAR:     2016
                                          LATITUDE:   47 23 N
                                          LONGITUDE: 120 12 W

[TEMPERATURE DATA]      [PRECIPITATION DATA]       SYMBOLS USED IN COLUMN 16

AVERAGE MONTHLY: 75.0   TOTAL FOR MONTH:      T    1 = FOG OR MIST
DPTR FM NORMAL:   1.1   DPTR FM NORMAL:   -0.17    2 = FOG REDUCING VISIBILITY
HIGHEST:    97 ON 18,17 GRTST 24HR    T  ON  8- 8      TO 1/4 MILE OR LESS
LOWEST:     53 ON 23, 9                            3 = THUNDER
                        SNOW, ICE PELLETS, HAIL    4 = ICE PELLETS
                        TOTAL MONTH:    M          5 = HAIL
                        GRTST 24HR    M  ON   M    6 = FREEZING RAIN OR DRIZZLE
                        GRTST DEPTH:  M  ON   M    7 = DUSTSTORM OR SANDSTORM:
                                                       VSBY 1/2 MILE OR LESS
                                                   8 = SMOKE OR HAZE
[NO. OF DAYS WITH]      [WEATHER - DAYS WITH]      9 = BLOWING SNOW
                                                   X = TORNADO
MAX 32 OR BELOW:   0    0.01 INCH OR MORE:   0
MAX 90 OR ABOVE:  11    0.10 INCH OR MORE:   0
MIN 32 OR BELOW:   0    0.50 INCH OR MORE:   0
MIN  0 OR BELOW:   0    1.00 INCH OR MORE:   0

[HDD (BASE 65) ]
TOTAL THIS MO.     2    CLEAR  (SCALE 0-3)  27
DPTR FM NORMAL     2    PTCLDY (SCALE 4-7)   0
TOTAL FM JUL 1     4    CLOUDY (SCALE 8-10)  0
DPTR FM NORMAL    -3

[CDD (BASE 65) ]
TOTAL THIS MO.   278
DPTR FM NORMAL    33    [PRESSURE DATA]
TOTAL FM JAN 1   744    HIGHEST SLP  0.00 ON  4
DPTR FM NORMAL  -209    LOWEST  SLP  0.00 ON M

[REMARKS]
