000
CXUS55 KEAX 010736
CF6EAX
PRELIMINARY LOCAL CLIMATOLOGICAL DATA (WS FORM: F-6)

                                          STATION:   Pleasant Hill NWS MO
                                          MONTH:     FEBRUARY
                                          YEAR:      2015
                                          LATITUDE:   38 48 N
                                          LONGITUDE:  94 16 W

  TEMPERATURE IN F:       :PCPN:    SNOW:  WIND      :SUNSHINE: SKY     :PK WND
================================================================================
1   2   3   4   5  6A  6B    7    8   9   10  11  12  13   14  15   16   17  18
                                     12Z  AVG MX 2MIN
DY MAX MIN AVG DEP HDD CDD  WTR  SNW DPTH SPD SPD DIR MIN PSBL S-S WX    SPD DR
================================================================================

 1  35  15  25  -5  40   0 0.39  0.5    T   M   M   M   0    0   0         0   0
 2  24   4  14 -16  51   0    T    T    T   M   M   M   0    0   0         0   0
 3  48  20  34   4  31   0 0.00  0.0    0   M   M   M   0    0   0         0   0
 4  36  10  23  -7  42   0 0.02  0.2    0   M   M   M   0    0   0         0   0
 5  26   3  15 -16  50   0 0.00  0.0    T   M   M   M   0    0   0         0   0
 6  54  23  39   8  26   0 0.00  0.0    0   M   M   M   0    0   0         0   0
 7  62  37  50  19  15   0 0.00  0.0    0   M   M   M   0    0   0         0   0
 8  66  40  53  22  12   0    T  0.0    0   M   M   M   0    0   0         0   0
 9  40  31  36   4  29   0 0.00  0.0    0   M   M   M   0    0   0         0   0
10  49  25  37   5  28   0 0.00  0.0    0   M   M   M   0    0   0         0   0
11  38  25  32   0  33   0 0.00  0.0    0   M   M   M   0    0   0         0   0
12  29  10  20 -12  45   0 0.00  0.0    0   M   M   M   0    0   0         0   0
13  44  19  32  -1  33   0 0.00  0.0    0   M   M   M   0    0   0         0   0
14  39  15  27  -6  38   0 0.00  0.0    0   M   M   M   0    0   0         0   0
15  21  11  16 -17  49   0 0.24  2.7    3   M   M   M   0    0   0         0   0
16  22  11  17 -17  48   0 0.05  1.0    3   M   M   M   0    0   0 12      0   0
17  31  14  23 -11  42   0 0.02  0.6    3   M   M   M   0    0   0         0   0
18  18   6  12 -22  53   0 0.00  0.0    3   M   M   M   0    0   0         0   0
19  17   1   9 -25  56   0 0.03  0.8    2   M   M   M   0    0   0         0   0
20  34  12  23 -12  42   0 0.15  0.0    3   M   M   M   0    0   0 6       0   0
21  48  26  37   2  28   0 0.14    T    1   M   M   M   0    0   0 46      0   0
22  26  12  19 -17  46   0 0.00  0.0    0   M   M   M   0    0   0         0   0
23  23   6  15 -21  50   0 0.00  0.0    0   M   M   M   0    0   0         0   0
24  44  14  29  -7  36   0 0.00  0.0    0   M   M   M   0    0   0         0   0
25  52  20  36  -1  29   0    T    T    0   M   M   M   0    0   0         0   0
26  22   6  14 -23  51   0 0.00  0.0    0   M   M   M   0    0   0         0   0
27  19   1  10 -27  55   0 0.00  0.0    0   M   M   M   0    0   0         0   0
28  22  15  19 -19  46   0 0.25  3.3    0   M   M   M   0    0   0         0   0
================================================================================
SM  989  432      1104   0  1.29     9.1     M            0      0
================================================================================
AV 35.3 15.4                                 M FASTST    0   0   0    MAX(MPH)
                                 MISC ---->     M   M               #  0    0
================================================================================
NOTES:
# LAST OF SEVERAL OCCURRENCES

COLUMN 17 PEAK WIND IN M.P.H.

PRELIMINARY LOCAL CLIMATOLOGICAL DATA (WS FORM: F-6) , PAGE 2

                                          STATION:  Pleasant Hill NWS MO
                                          MONTH:    FEBRUARY
                                          YEAR:     2015
                                          LATITUDE:   38 48 N
                                          LONGITUDE:  94 16 W

[TEMPERATURE DATA]      [PRECIPITATION DATA]       SYMBOLS USED IN COLUMN 16

AVERAGE MONTHLY: 25.4   TOTAL FOR MONTH:   1.29    1 = FOG OR MIST
DPTR FM NORMAL:  -7.9   DPTR FM NORMAL:   -0.43    2 = FOG REDUCING VISIBILITY
HIGHEST:    66 ON  8    GRTST 24HR  0.39 ON  1- 1      TO 1/4 MILE OR LESS
LOWEST:      1 ON 27,19                            3 = THUNDER
                        SNOW, ICE PELLETS, HAIL    4 = ICE PELLETS
                        TOTAL MONTH:   9.1 INCHES  5 = HAIL
                        GRTST 24HR   3.3 ON   M    6 = FREEZING RAIN OR DRIZZLE
                        GRTST DEPTH:   3 ON 20,18  7 = DUSTSTORM OR SANDSTORM:
                                                       VSBY 1/2 MILE OR LESS
                                                   8 = SMOKE OR HAZE
[NO. OF DAYS WITH]      [WEATHER - DAYS WITH]      9 = BLOWING SNOW
                                                   X = TORNADO
MAX 32 OR BELOW:  13    0.01 INCH OR MORE:   9
MAX 90 OR ABOVE:   0    0.10 INCH OR MORE:   5
MIN 32 OR BELOW:  26    0.50 INCH OR MORE:   0
MIN  0 OR BELOW:   0    1.00 INCH OR MORE:   0

[HDD (BASE 65) ]
TOTAL THIS MO.  1104    CLEAR  (SCALE 0-3)  28
DPTR FM NORMAL   218    PTCLDY (SCALE 4-7)   0
TOTAL FM JUL 1  4194    CLOUDY (SCALE 8-10)  0
DPTR FM NORMAL   166

[CDD (BASE 65) ]
TOTAL THIS MO.     0
DPTR FM NORMAL     0    [PRESSURE DATA]
TOTAL FM JAN 1     0    HIGHEST SLP  0.00 ON M
DPTR FM NORMAL     0    LOWEST  SLP  0.00 ON M

[REMARKS]
#FINAL-02-15#
