000
CXUS52 KTAE 290800
CF6ECP
PRELIMINARY LOCAL CLIMATOLOGICAL DATA (WS FORM: F-6)
STATION: PANAMA CITY NW
MONTH: MARCH
YEAR: 2024
LATITUDE: 30 21 N
LONGITUDE: 85 48 W
TEMPERATURE IN F: :PCPN: SNOW: WIND :SUNSHINE: SKY :PK WND
================================================================================
1 2 3 4 5 6A 6B 7 8 9 10 11 12 13 14 15 16 17 18
12Z AVG MX 2MIN
DY MAX MIN AVG DEP HDD CDD WTR SNW DPTH SPD SPD DIR MIN PSBL S-S WX SPD DR
================================================================================
1 71 57 64 6 1 0 0.22 0.0 M 8.4 20 130 M M 8 1 29 110
2 77 59 68 10 0 3 0.00 0.0 M 4.1 15 230 M M 8 12 20 220
3 80 62 71 13 0 6 0.00 0.0 M 4.8 14 140 M M 7 12 18 160
4 79 64 72 13 0 7 T 0.0 M 7.0 12 150 M M 6 12 17 50
5 71 64 68 9 0 3 0.67 0.0 0 7.3 30 120 M M 6 1 45 120
6 79 57 68 9 0 3 0.00 0.0 0 5.8 20 280 M M 3 1 29 290
7 81 52 67 8 0 2 0.00 0.0 0 3.1 14 190 M M 0 17 200
8 79 52 66 7 0 1 0.01 0.0 M 11.1 25 130 M M 4 1 35 150
9 78 62 70 10 0 5 0.64 0.0 M 10.2 22 180 M M 7 13 30 160
10 68 49 59 -1 6 0 0.00 0.0 0 10.2 20 310 M M 0 25 330
11 69 43 56 -4 9 0 0.00 0.0 0 4.4 12 10 M M 0 M M
12 74 37 56 -4 9 0 0.00 0.0 0 2.9 13 170 M M 0 M M
13 74 43 59 -1 6 0 0.00 0.0 0 4.7 12 150 M M 0 M M
14 79 54 67 7 0 2 0.00 0.0 0 6.7 13 170 M M 4 1 21 140
15 79 61 70 9 0 5 0.02 0.0 0 4.9 16 340 M M 7 18 22 340
16 84 64 74 13 0 9 0.05 0.0 0 5.5 14 210 M M 3 1 19 220
17 77 58 68 7 0 3 0.29 0.0 0 5.4 16 130 M M 6 13 20 140
18 73 49 61 0 4 0 0.00 0.0 0 10.7 22 330 M M 5 34 360
19 66 38 52 -10 13 0 0.00 0.0 0 6.2 15 200 M M 0 23 340
20 70 39 55 -7 10 0 0.00 0.0 0 5.4 16 170 M M 0 21 200
21 77 44 61 -1 4 0 0.00 0.0 0 3.4 16 180 M M 1 22 160
22 69 58 64 2 1 0 0.72 0.0 0 5.7 18 150 M M 7 1238 23 150
23 74 57 66 4 0 1 0.03 0.0 0 9.4 23 340 M M 6 12 34 340
24 78 51 65 3 0 0 0.00 0.0 M 7.3 16 90 M M 0 24 100
25 79 55 67 4 0 2 0.00 0.0 0 13.7 26 110 M M 6 43 120
26 73 60 67 4 0 2 0.83 0.0 0 11.5 29 320 M M 10 13 37 320
27 82 62 72 9 0 7 T 0.0 0 10.9 20 340 M M 5 1 28 360
28 76 48 62 -1 3 0 0.00 0.0 0 10.4 23 310 M M 1 30 310
================================================================================
SM 2116 1499 66 61 3.48 0.0 201.1 M 110
================================================================================
AV 75.6 53.5 7.2 FASTST M M 4 MAX(MPH)
MISC ----> 30 120 45 120
================================================================================
NOTES:
# LAST OF SEVERAL OCCURRENCES
COLUMN 17 PEAK WIND IN M.P.H.
PRELIMINARY LOCAL CLIMATOLOGICAL DATA (WS FORM: F-6) , PAGE 2
STATION: PANAMA CITY NW
MONTH: MARCH
YEAR: 2024
LATITUDE: 30 21 N
LONGITUDE: 85 48 W
[TEMPERATURE DATA] [PRECIPITATION DATA] SYMBOLS USED IN COLUMN 16
AVERAGE MONTHLY: 64.6 TOTAL FOR MONTH: 3.48 1 = FOG OR MIST
DPTR FM NORMAL: 3.9 DPTR FM NORMAL: -1.22 2 = FOG REDUCING VISIBILITY
HIGHEST: 84 ON 16 GRTST 24HR 0.83 ON 26-26 TO 1/4 MILE OR LESS
LOWEST: 37 ON 12 3 = THUNDER
SNOW, ICE PELLETS, HAIL 4 = ICE PELLETS
TOTAL MONTH: 0.0 INCH 5 = HAIL
GRTST 24HR 0.0 6 = FREEZING RAIN OR DRIZZLE
GRTST DEPTH: 0 7 = DUSTSTORM OR SANDSTORM:
VSBY 1/2 MILE OR LESS
8 = SMOKE OR HAZE
[NO. OF DAYS WITH] [WEATHER - DAYS WITH] 9 = BLOWING SNOW
X = TORNADO
MAX 32 OR BELOW: 0 0.01 INCH OR MORE: 10
MAX 90 OR ABOVE: 0 0.10 INCH OR MORE: 6
MIN 32 OR BELOW: 0 0.50 INCH OR MORE: 4
MIN 0 OR BELOW: 0 1.00 INCH OR MORE: 0
[HDD (BASE 65) ]
TOTAL THIS MO. 66 CLEAR (SCALE 0-3) 10
DPTR FM NORMAL -88 PTCLDY (SCALE 4-7) 17
TOTAL FM JUL 1 1162 CLOUDY (SCALE 8-10) 1
DPTR FM NORMAL -193
[CDD (BASE 65) ]
TOTAL THIS MO. 61
DPTR FM NORMAL 24 [PRESSURE DATA]
TOTAL FM JAN 1 93 HIGHEST SLP M ON M
DPTR FM NORMAL 36 LOWEST SLP 29.73 ON 23
[REMARKS]