000
CXUS54 KEPZ 271200
CF6ELP
PRELIMINARY LOCAL CLIMATOLOGICAL DATA (WS FORM: F-6)

                                          STATION:   EL PASO
                                          MONTH:     MARCH
                                          YEAR:      2015
                                          LATITUDE:   31 47 N
                                          LONGITUDE: 106 24 W

  TEMPERATURE IN F:       :PCPN:    SNOW:  WIND      :SUNSHINE: SKY     :PK WND
================================================================================
1   2   3   4   5  6A  6B    7    8   9   10  11  12  13   14  15   16   17  18
                                     12Z  AVG MX 2MIN
DY MAX MIN AVG DEP HDD CDD  WTR  SNW DPTH SPD SPD DIR MIN PSBL S-S WX    SPD DR
================================================================================

 1  76  42  59   6   6   0 0.00  0.0    0  6.8 18 200   M    M   5        23 200
 2  61  50  56   2   9   0 0.08  0.0    0  6.7 18 110   M    M  10        22 120
 3  61  52  57   3   8   0 0.04  0.0    0  7.5 18 190   M    M   9 1      23 190
 4  62  37  50  -4  15   0    T  0.0    0 12.0 26 240   M    M   6        37 250
 5  50  30  40 -14  25   0 0.00  0.0    0  6.6 18  70   M    M   1        23  80
 6  65  27  46  -8  19   0 0.00  0.0    0  4.5 15  80   M    M   1        18  80
 7  66  43  55   0  10   0 0.00  0.0    0  6.9 14 340   M    M   9        16 340
 8  71  50  61   6   4   0    T  0.0    0  5.8 26 300   M    M   7        32 300
 9  72  43  58   3   7   0 0.01  0.0    0  6.4 29  20   M    M   4        42 270
10  72  40  56   1   9   0 0.00  0.0    0  4.2 16 260   M    M   2        19 250
11  73  42  58   3   7   0 0.00  0.0    0  6.9 16 100   M    M   2        21  70
12  69  49  59   3   6   0 0.00  0.0    0  2.4 12 240   M    M   7        16 270
13  71  49  60   4   5   0 0.00  0.0    0  9.8 24  80   M    M   8        38  80
14  70  49  60   4   5   0 0.00  0.0    0 13.7 29  70   M    M   5        37  70
15  70  45  58   2   7   0 0.00  0.0    0 10.1 18  90   M    M   1        25  60
16  72  47  60   4   5   0 0.00  0.0    0  5.7 18 200   M    M   5        23 200
17  62  50  56  -1   9   0 0.38  0.0    0  6.5 17  50   M    M  10 1      23  50
18  67  48  58   1   7   0 0.04  0.0    0  5.8 15 250   M    M   7 1      18 260
19  71  54  63   6   2   0    T  0.0    0  9.6 22 230   M    M   6        26 240
20  71  49  60   3   5   0 0.00  0.0    0  6.5 24 120   M    M   6        28 120
21  63  53  58   0   7   0 0.06  0.0    0  6.6 14 180   M    M   8 1      16 150
22  80  46  63   5   2   0 0.00  0.0    0  6.1 18 260   M    M   1        24 260
23  82  53  68  10   0   3 0.00  0.0    0 10.1 25 270   M    M   4        32 270
24  82  53  68  10   0   3 0.00  0.0    0  8.3 29 250   M    M   1        34 240
25  76  56  66   7   0   1 0.00  0.0    0 13.7 30  20   M    M   4 8      35  20
26  69  46  58  -1   7   0 0.00  0.0    0  5.9 18  40   M    M   1 8      24  90
================================================================================
SM 1804 1203       186   7  0.61     0.0 195.1          M      130
================================================================================
AV 69.4 46.3                               7.5 FASTST   M    M   5    MAX(MPH)
                                 MISC ---->  # 30  20               # 42  270
================================================================================
NOTES:
# LAST OF SEVERAL OCCURRENCES

COLUMN 17 PEAK WIND IN M.P.H.

PRELIMINARY LOCAL CLIMATOLOGICAL DATA (WS FORM: F-6) , PAGE 2

                                          STATION:  EL PASO
                                          MONTH:    MARCH
                                          YEAR:     2015
                                          LATITUDE:   31 47 N
                                          LONGITUDE: 106 24 W

[TEMPERATURE DATA]      [PRECIPITATION DATA]       SYMBOLS USED IN COLUMN 16

AVERAGE MONTHLY: 57.8   TOTAL FOR MONTH:   0.61    1 = FOG OR MIST
DPTR FM NORMAL:   1.8   DPTR FM NORMAL:    0.38    2 = FOG REDUCING VISIBILITY
HIGHEST:    82 ON 24,23 GRTST 24HR  0.38 ON 17-17      TO 1/4 MILE OR LESS
LOWEST:     27 ON  6                               3 = THUNDER
                        SNOW, ICE PELLETS, HAIL    4 = ICE PELLETS
                        TOTAL MONTH:   0.0 INCH    5 = HAIL
                        GRTST 24HR     0.0         6 = FREEZING RAIN OR DRIZZLE
                        GRTST DEPTH:   0           7 = DUSTSTORM OR SANDSTORM:
                                                       VSBY 1/2 MILE OR LESS
                                                   8 = SMOKE OR HAZE
[NO. OF DAYS WITH]      [WEATHER - DAYS WITH]      9 = BLOWING SNOW
                                                   X = TORNADO
MAX 32 OR BELOW:   0    0.01 INCH OR MORE:   6
MAX 90 OR ABOVE:   0    0.10 INCH OR MORE:   1
MIN 32 OR BELOW:   2    0.50 INCH OR MORE:   0
MIN  0 OR BELOW:   0    1.00 INCH OR MORE:   0

[HDD (BASE 65) ]
TOTAL THIS MO.   186    CLEAR  (SCALE 0-3)   8
DPTR FM NORMAL   -55    PTCLDY (SCALE 4-7)  14
TOTAL FM JUL 1  2009    CLOUDY (SCALE 8-10)  4
DPTR FM NORMAL  -335

[CDD (BASE 65) ]
TOTAL THIS MO.     7
DPTR FM NORMAL     6    [PRESSURE DATA]
TOTAL FM JAN 1     8    HIGHEST SLP M ON M
DPTR FM NORMAL     7    LOWEST  SLP 29.69 ON  3

[REMARKS]
