000
CXUS54 KEPZ 251200
CF6ELP
PRELIMINARY LOCAL CLIMATOLOGICAL DATA (WS FORM: F-6)

                                          STATION:   EL PASO
                                          MONTH:     JULY
                                          YEAR:      2017
                                          LATITUDE:   31 47 N
                                          LONGITUDE: 106 24 W

  TEMPERATURE IN F:       :PCPN:    SNOW:  WIND      :SUNSHINE: SKY     :PK WND
================================================================================
1   2   3   4   5  6A  6B    7    8   9   10  11  12  13   14  15   16   17  18
                                     12Z  AVG MX 2MIN
DY MAX MIN AVG DEP HDD CDD  WTR  SNW DPTH SPD SPD DIR MIN PSBL S-S WX    SPD DR
================================================================================

 1 100  76  88   4   0  23    T  0.0    0 11.2 25 150   M    M   4 378    33 150
 2 100  73  87   3   0  22 0.00  0.0    0  6.0 18  60   M    M   4        23  60
 3 102  78  90   6   0  25 0.00  0.0    0  7.9 23 150   M    M   6        30 130
 4 104  79  92   8   0  27 0.00  0.0    0  8.1 25 190   M    M   3 78     30 190
 5  99  74  87   3   0  22 0.00  0.0    0  9.8 28  80   M    M   2        33  80
 6  99  75  87   4   0  22 0.00  0.0    0  9.4 21 110   M    M   2        29  80
 7  94  72  83   0   0  18    T  0.0    0  9.9 29 140   M    M   3        35 140
 8  97  74  86   3   0  21 0.00  0.0    0  6.3 17 110   M    M   2        25 100
 9  97  76  87   4   0  22 0.00  0.0    0  8.1 31  40   M    M   5 8      40  40
10 100  75  88   5   0  23    T  0.0    0  7.4 24 360   M    M   6        36  10
11 100  76  88   5   0  23    T  0.0    0  9.5 32 190   M    M   4 38     40 190
12  99  72  86   3   0  21 0.07  0.0    0  8.1 35  10   M    M   3 38     50  10
13  99  72  86   3   0  21 0.00  0.0    0  9.0 25 120   M    M   4        32 110
14  89  70  80  -3   0  15    T  0.0    0 10.6 23 140   M    M   6        29 140
15  81  69  75  -8   0  10 1.45  0.0    0  7.4 20 360   M    M   9 13     27 340
16  88  68  78  -5   0  13 0.39  0.0    0  6.7 25 130   M    M   7 13     31 110
17  92  69  81  -2   0  16 0.00  0.0    0  7.0 20  10   M    M   5 3      23  10
18  93  72  83   0   0  18    T  0.0    0  6.9 28 130   M    M   5 3      36 120
19  91  72  82  -1   0  17 0.01  0.0    0  7.2 39 100   M    M   4 37     46 100
20  92  71  82  -1   0  17    T  0.0    0  6.6 26 110   M    M   6 3      42 120
21  92  71  82   0   0  17    T  0.0    0  5.1 22 360   M    M   7 3      25 360
22  92  71  82   0   0  17 0.08  0.0    0  5.3 30 120   M    M   7 3      38 130
23  90  71  81  -1   0  16 0.13  0.0    0  5.5 24  30   M    M   6 13     28  20
24  93  71  82   0   0  17 0.00  0.0    0  7.8 23 190   M    M   5 3      30 190
================================================================================
SM 2283 1747         0 463  2.13     0.0 186.8          M      115
================================================================================
AV 95.1 72.8                               7.8 FASTST   M    M   5    MAX(MPH)
                                 MISC ---->  # 39 100               # 50   10
================================================================================
NOTES:
# LAST OF SEVERAL OCCURRENCES

COLUMN 17 PEAK WIND IN M.P.H.

PRELIMINARY LOCAL CLIMATOLOGICAL DATA (WS FORM: F-6) , PAGE 2

                                          STATION:  EL PASO
                                          MONTH:    JULY
                                          YEAR:     2017
                                          LATITUDE:   31 47 N
                                          LONGITUDE: 106 24 W

[TEMPERATURE DATA]      [PRECIPITATION DATA]       SYMBOLS USED IN COLUMN 16

AVERAGE MONTHLY: 84.0   TOTAL FOR MONTH:   2.13    1 = FOG OR MIST
DPTR FM NORMAL:   0.9   DPTR FM NORMAL:    1.02    2 = FOG REDUCING VISIBILITY
HIGHEST:   104 ON  4    GRTST 24HR  1.45 ON 15-15      TO 1/4 MILE OR LESS
LOWEST:     68 ON 16                               3 = THUNDER
                        SNOW, ICE PELLETS, HAIL    4 = ICE PELLETS
                        TOTAL MONTH:   0.0 INCH    5 = HAIL
                        GRTST 24HR     0.0         6 = FREEZING RAIN OR DRIZZLE
                        GRTST DEPTH:   0           7 = DUSTSTORM OR SANDSTORM:
                                                       VSBY 1/2 MILE OR LESS
                                                   8 = SMOKE OR HAZE
[NO. OF DAYS WITH]      [WEATHER - DAYS WITH]      9 = BLOWING SNOW
                                                   X = TORNADO
MAX 32 OR BELOW:   0    0.01 INCH OR MORE:   6
MAX 90 OR ABOVE:  21    0.10 INCH OR MORE:   3
MIN 32 OR BELOW:   0    0.50 INCH OR MORE:   1
MIN  0 OR BELOW:   0    1.00 INCH OR MORE:   1

[HDD (BASE 65) ]
TOTAL THIS MO.     0    CLEAR  (SCALE 0-3)   6
DPTR FM NORMAL     0    PTCLDY (SCALE 4-7)  17
TOTAL FM JUL 1     0    CLOUDY (SCALE 8-10)  1
DPTR FM NORMAL     0

[CDD (BASE 65) ]
TOTAL THIS MO.   463
DPTR FM NORMAL    32    [PRESSURE DATA]
TOTAL FM JAN 1  1643    HIGHEST SLP M ON M
DPTR FM NORMAL   333    LOWEST  SLP 29.61 ON 11

[REMARKS]
