000
CXUS54 KEPZ 011200
CF6ELP
PRELIMINARY LOCAL CLIMATOLOGICAL DATA (WS FORM: F-6)

                                          STATION:   EL PASO
                                          MONTH:     JANUARY
                                          YEAR:      2015
                                          LATITUDE:   31 47 N
                                          LONGITUDE: 106 24 W

  TEMPERATURE IN F:       :PCPN:    SNOW:  WIND      :SUNSHINE: SKY     :PK WND
================================================================================
1   2   3   4   5  6A  6B    7    8   9   10  11  12  13   14  15   16   17  18
                                     12Z  AVG MX 2MIN
DY MAX MIN AVG DEP HDD CDD  WTR  SNW DPTH SPD SPD DIR MIN PSBL S-S WX    SPD DR
================================================================================

 1  46  29  38  -6  27   0 0.00  0.0    0  6.9 12 340   M    M   7        14  30
 2  45  29  37  -7  28   0 0.01    T    0  7.7 14 160   M    M   7        17 160
 3  49  32  41  -3  24   0 0.00  0.0    0 13.4 43 260   M    M   3        48 260
 4  55  23  39  -5  26   0 0.00  0.0    0  2.5  8 110   M    M   0        10 110
 5  60  22  41  -3  24   0 0.00  0.0    0  5.8 13  10   M    M   2        15 360
 6  63  24  44   0  21   0 0.00  0.0    0  3.3  8  30   M    M   2        10 190
 7  59  30  45   1  20   0 0.00  0.0    0 12.7 24  90   M    M   5        31  80
 8  43  30  37  -7  28   0    T  0.0    0  2.4  9 110   M    M   9 6      11 100
 9  44  31  38  -6  27   0 0.00  0.0    0  9.3 22  70   M    M   9        26 120
10  50  35  43  -1  22   0 0.00  0.0    0  5.5 14 170   M    M   6        16 200
11  61  32  47   3  18   0 0.00  0.0    0  6.1 13 160   M    M   5 128    16 250
12  61  35  48   4  17   0 0.00  0.0    0  8.0 21  70   M    M   7        24  70
13  42  32  37  -8  28   0    T  0.0    0  6.6 14 100   M    M   9 1      17  80
14  44  35  40  -5  25   0    T    T    0  7.6 14  60   M    M   9        16  60
15  55  26  41  -4  24   0 0.00  0.0    0  3.7  8  20   M    M   4 12     11 360
16  58  29  44  -1  21   0 0.00  0.0    0  5.5 12 260   M    M   4        17 220
17  64  26  45   0  20   0 0.00  0.0    0  3.9 12 120   M    M   1        17  70
18  66  31  49   4  16   0 0.00  0.0    0  3.8 12 240   M    M   2        15 210
19  70  34  52   7  13   0 0.00  0.0    0  4.1 13 240   M    M   2        14 240
20  69  36  53   8  12   0 0.00  0.0    0  3.8 13 190   M    M   1 8      13 200
21  60  38  49   3  16   0 0.01  0.0    0  5.9 20  40   M    M   4        23  40
22  41  31  36 -10  29   0 0.24    T    T 12.7 24  20   M    M   9 1      28  20
23  46  22  34 -12  31   0 0.00  0.0    0  3.5 12  30   M    M   2        14  30
24  54  27  41  -5  24   0 0.00  0.0    0  6.4 13  20   M    M   5        16  10
25  63  30  47   1  18   0 0.00  0.0    0  5.7 13 190   M    M   7        15 180
26  61  37  49   3  16   0 0.00  0.0    0  7.3 13  20   M    M   8        15  10
27  69  46  58  12   7   0    T  0.0    0  3.5  8  10   M    M   5         9  10
28  73  42  58  11   7   0 0.00  0.0    0  2.9 10 300   M    M   4        13 240
29  62  43  53   6  12   0    T  0.0    0 12.2 23  70   M    M   7        28  70
30  48  41  45  -2  20   0 0.44    T    0  8.3 17  90   M    M   9 1      21  80
31  58  43  51   4  14   0 0.15  0.0    0  6.3 16 240   M    M   7 1      19 250
================================================================================
SM 1739 1001       635   0  0.85    T    197.3          M      161
================================================================================
AV 56.1 32.3                               6.4 FASTST   M    M   5    MAX(MPH)
                                 MISC ---->  # 43 260               # 48  260
================================================================================
NOTES:
# LAST OF SEVERAL OCCURRENCES

COLUMN 17 PEAK WIND IN M.P.H.

PRELIMINARY LOCAL CLIMATOLOGICAL DATA (WS FORM: F-6) , PAGE 2

                                          STATION:  EL PASO
                                          MONTH:    JANUARY
                                          YEAR:     2015
                                          LATITUDE:   31 47 N
                                          LONGITUDE: 106 24 W

[TEMPERATURE DATA]      [PRECIPITATION DATA]       SYMBOLS USED IN COLUMN 16

AVERAGE MONTHLY: 44.2   TOTAL FOR MONTH:   0.85    1 = FOG OR MIST
DPTR FM NORMAL:  -0.9   DPTR FM NORMAL:    0.45    2 = FOG REDUCING VISIBILITY
HIGHEST:    73 ON 28    GRTST 24HR  0.44 ON 30-30      TO 1/4 MILE OR LESS
LOWEST:     22 ON 23, 5                            3 = THUNDER
                        SNOW, ICE PELLETS, HAIL    4 = ICE PELLETS
                        TOTAL MONTH:    T          5 = HAIL
                        GRTST 24HR    T  ON 30-30  6 = FREEZING RAIN OR DRIZZLE
                        GRTST DEPTH:   T           7 = DUSTSTORM OR SANDSTORM:
                                                       VSBY 1/2 MILE OR LESS
                                                   8 = SMOKE OR HAZE
[NO. OF DAYS WITH]      [WEATHER - DAYS WITH]      9 = BLOWING SNOW
                                                   X = TORNADO
MAX 32 OR BELOW:   0    0.01 INCH OR MORE:   5
MAX 90 OR ABOVE:   0    0.10 INCH OR MORE:   3
MIN 32 OR BELOW:  19    0.50 INCH OR MORE:   0
MIN  0 OR BELOW:   0    1.00 INCH OR MORE:   0

[HDD (BASE 65) ]
TOTAL THIS MO.   635    CLEAR  (SCALE 0-3)   8
DPTR FM NORMAL    18    PTCLDY (SCALE 4-7)  17
TOTAL FM JUL 1  1493    CLOUDY (SCALE 8-10)  6
DPTR FM NORMAL  -192

[CDD (BASE 65) ]
TOTAL THIS MO.     0
DPTR FM NORMAL     0    [PRESSURE DATA]
TOTAL FM JAN 1     0    HIGHEST SLP 30.60 ON  7
DPTR FM NORMAL     0    LOWEST  SLP 29.74 ON 31

[REMARKS]
#FINAL-01-15#
