000
CXUS54 KEPZ 281200
CF6ELP
PRELIMINARY LOCAL CLIMATOLOGICAL DATA (WS FORM: F-6)

                                          STATION:   EL PASO
                                          MONTH:     MAY
                                          YEAR:      2017
                                          LATITUDE:   31 47 N
                                          LONGITUDE: 106 24 W

  TEMPERATURE IN F:       :PCPN:    SNOW:  WIND      :SUNSHINE: SKY     :PK WND
================================================================================
1   2   3   4   5  6A  6B    7    8   9   10  11  12  13   14  15   16   17  18
                                     12Z  AVG MX 2MIN
DY MAX MIN AVG DEP HDD CDD  WTR  SNW DPTH SPD SPD DIR MIN PSBL S-S WX    SPD DR
================================================================================

 1  85  50  68  -1   0   3 0.00  0.0    0  5.5 17 290   M    M   0        21 280
 2  90  51  71   1   0   6 0.00  0.0    0 11.1 29 270   M    M   1        43 270
 3  87  61  74   4   0   9 0.00  0.0    0  7.6 23 280   M    M   1 8      30 290
 4  82  54  68  -2   0   3 0.00  0.0    0  8.9 23  70   M    M   2 8      28  70
 5  91  60  76   6   0  11 0.00  0.0    0  5.5 16 160   M    M   1        19 160
 6  94  64  79   8   0  14    T  0.0    0 10.7 25 150   M    M   4 3      37 250
 7  92  62  77   6   0  12 0.00  0.0    0 11.0 26 270   M    M   2        34 270
 8  88  62  75   3   0  10 0.00  0.0    0  9.2 23 190   M    M   2        39 220
 9  83  57  70  -2   0   5 0.00  0.0    0 10.8 26 280   M    M   3        34 290
10  73  52  63  -9   2   0 0.00  0.0    0 14.5 30 260   M    M   3        37 270
11  83  53  68  -4   0   3 0.00  0.0    0  5.8 17 300   M    M   2        20 310
12  86  60  73   0   0   8 0.00  0.0    0  6.8 16 120   M    M   2        23 120
13  94  64  79   6   0  14 0.00  0.0    0  5.9 18 240   M    M   3        23 240
14  92  67  80   7   0  15 0.00  0.0    0  9.2 26 280   M    M   5        32 290
15  89  63  76   2   0  11 0.00  0.0    0 11.7 26 260   M    M   4        34 260
16  81  60  71  -3   0   6 0.00  0.0    0 19.7 45 250   M    M   3 78     58 270
17  85  57  71  -3   0   6 0.00  0.0    0 16.0 31 250   M    M   1        39 260
18  84  67  76   2   0  11 0.00  0.0    0 18.1 36 250   M    M   1        46 250
19  82  61  72  -3   0   7 0.00  0.0    0 11.5 25 260   M    M   2        32 250
20  83  58  71  -4   0   6 0.00  0.0    0  8.0 18 350   M    M   0        22 350
21  91  63  77   2   0  12 0.00  0.0    0  6.9 20 130   M    M   1        26 120
22  95  64  80   4   0  15 0.00  0.0    0  7.4 26 270   M    M   1        34 290
23  87  64  76   0   0  11 0.00  0.0    0  9.0 23 110   M    M   1        29 110
24  95  58  77   1   0  12 0.00  0.0    0  8.2 21 270   M    M   1        27 250
25  95  76  86   9   0  21 0.00  0.0    0 18.4 33 260   M    M   5        42 250
26  94  72  83   6   0  18 0.00  0.0    0 18.8 35 250   M    M   3        46 230
27  94  71  83   6   0  18 0.00  0.0    0 13.8 31 240   M    M   1        39 240
================================================================================
SM 2375 1651         2 267    T      0.0 290.0          M       55
================================================================================
AV 88.0 61.2                              10.7 FASTST   M    M   2    MAX(MPH)
                                 MISC ---->  # 45 250               # 58  270
================================================================================
NOTES:
# LAST OF SEVERAL OCCURRENCES

COLUMN 17 PEAK WIND IN M.P.H.

PRELIMINARY LOCAL CLIMATOLOGICAL DATA (WS FORM: F-6) , PAGE 2

                                          STATION:  EL PASO
                                          MONTH:    MAY
                                          YEAR:     2017
                                          LATITUDE:   31 47 N
                                          LONGITUDE: 106 24 W

[TEMPERATURE DATA]      [PRECIPITATION DATA]       SYMBOLS USED IN COLUMN 16

AVERAGE MONTHLY: 74.6   TOTAL FOR MONTH:      T    1 = FOG OR MIST
DPTR FM NORMAL:   1.3   DPTR FM NORMAL:   -0.40    2 = FOG REDUCING VISIBILITY
HIGHEST:    95 ON 25,24 GRTST 24HR    T  ON  6- 6      TO 1/4 MILE OR LESS
LOWEST:     50 ON  1                               3 = THUNDER
                        SNOW, ICE PELLETS, HAIL    4 = ICE PELLETS
                        TOTAL MONTH:   0.0 INCH    5 = HAIL
                        GRTST 24HR     0.0         6 = FREEZING RAIN OR DRIZZLE
                        GRTST DEPTH:   0           7 = DUSTSTORM OR SANDSTORM:
                                                       VSBY 1/2 MILE OR LESS
                                                   8 = SMOKE OR HAZE
[NO. OF DAYS WITH]      [WEATHER - DAYS WITH]      9 = BLOWING SNOW
                                                   X = TORNADO
MAX 32 OR BELOW:   0    0.01 INCH OR MORE:   0
MAX 90 OR ABOVE:  12    0.10 INCH OR MORE:   0
MIN 32 OR BELOW:   0    0.50 INCH OR MORE:   0
MIN  0 OR BELOW:   0    1.00 INCH OR MORE:   0

[HDD (BASE 65) ]
TOTAL THIS MO.     2    CLEAR  (SCALE 0-3)  22
DPTR FM NORMAL    -4    PTCLDY (SCALE 4-7)   5
TOTAL FM JUL 1  1577    CLOUDY (SCALE 8-10)  0
DPTR FM NORMAL  -894

[CDD (BASE 65) ]
TOTAL THIS MO.   267
DPTR FM NORMAL    34    [PRESSURE DATA]
TOTAL FM JAN 1   509    HIGHEST SLP M ON M
DPTR FM NORMAL   184    LOWEST  SLP 29.44 ON  8

[REMARKS]
