000
CXUS53 KTOP 230800
CF6EMP
PRELIMINARY LOCAL CLIMATOLOGICAL DATA (WS FORM: F-6)

                                          STATION:   Emporia KS
                                          MONTH:     AUGUST
                                          YEAR:      2017
                                          LATITUDE:   38 19 N
                                          LONGITUDE:  96 12 W

  TEMPERATURE IN F:       :PCPN:    SNOW:  WIND      :SUNSHINE: SKY     :PK WND
================================================================================
1   2   3   4   5  6A  6B    7    8   9   10  11  12  13   14  15   16   17  18
                                     12Z  AVG MX 2MIN
DY MAX MIN AVG DEP HDD CDD  WTR  SNW DPTH SPD SPD DIR MIN PSBL S-S WX    SPD DR
================================================================================

 1  86  60  73  -7   0   8 0.00    M    M  2.6 10  90   M    M   4 12     14  30
 2  91  61  76  -3   0  11 0.00    M    M  4.6 12  80   M    M   0        15 100
 3  87  65  76  -3   0  11 0.01    M    M  9.1 18 340   M    M   1        25 350
 4  80  56  68 -11   0   3 0.00    M    M  8.0 14  60   M    M   2 8      19 120
 5  82  58  70  -9   0   5 3.09    M    M 13.3 26  60   M    M   7 1      31 150
 6  79  65  72  -7   0   7    T    M    M  7.6 16  30   M    M   9        19  30
 7  79  62  71  -8   0   6 0.00    M    M  5.5 15  50   M    M   3 1      18  50
 8  81  59  70  -9   0   5 0.00    M    M  5.5 14 100   M    M   3 12     17 100
 9  80  63  72  -7   0   7 0.28    M    M  5.1 13 170   M    M   3 1      16 160
10  85  63  74  -5   0   9 0.72    M    M  3.9 22  50   M    M   4 12     26  80
11  83  64  74  -5   0   9 0.00    M    M  7.0 16  10   M    M   4        19  10
12  81  60  71  -7   0   6 0.00    M    M  5.0 14  90   M    M   1 1      16 100
13  83  61  72  -6   0   7 0.00    M    M  6.6 14 140   M    M   4        17 130
14  88  68  78   0   0  13 0.00    M    M  8.7 14 160   M    M   5 12     20 180
15  87  68  78   0   0  13 0.00    M    M  8.8 15 150   M    M   3 12     20 120
16  87  66  77  -1   0  12 0.42    M    M  9.7 25 170   M    M   6 1      32 300
17  85  63  74  -4   0   9 0.00    M    M  6.2 13 310   M    M   0        17 300
18  89  66  78   0   0  13 0.00    M    M  4.9 12 330   M    M   2        15 260
19  91  67  79   2   0  14 0.00    M    M  8.0 16 150   M    M   0        22 140
20  94  68  81   4   0  16 0.00    M    M 12.6 22 180   M    M   0        27 180
21  92  71  82   5   0  17    M    M    M 11.5 23 190   M    M   2 1      32 190
22  82  60  71  -6   0   6 0.21    M    M 10.2 23 330   M    M   5 1      34 330
================================================================================
SM 1872 1394         0 207  4.73    M    164.4          M       68
================================================================================
AV 85.1 63.4                               7.5 FASTST   M    M   3    MAX(MPH)
                                 MISC ---->  # 26  60               # 34  330
================================================================================
NOTES:
# LAST OF SEVERAL OCCURRENCES

COLUMN 17 PEAK WIND IN M.P.H.

PRELIMINARY LOCAL CLIMATOLOGICAL DATA (WS FORM: F-6) , PAGE 2

                                          STATION:  Emporia KS
                                          MONTH:    AUGUST
                                          YEAR:     2017
                                          LATITUDE:   38 19 N
                                          LONGITUDE:  96 12 W

[TEMPERATURE DATA]      [PRECIPITATION DATA]       SYMBOLS USED IN COLUMN 16

AVERAGE MONTHLY: 74.2   TOTAL FOR MONTH:   4.73    1 = FOG OR MIST
DPTR FM NORMAL:  -4.1   DPTR FM NORMAL:    2.33    2 = FOG REDUCING VISIBILITY
HIGHEST:    94 ON 20    GRTST 24HR  3.09 ON  5- 5      TO 1/4 MILE OR LESS
LOWEST:     56 ON  4                               3 = THUNDER
                        SNOW, ICE PELLETS, HAIL    4 = ICE PELLETS
                        TOTAL MONTH:    M          5 = HAIL
                        GRTST 24HR    M  ON   M    6 = FREEZING RAIN OR DRIZZLE
                        GRTST DEPTH:  M  ON   M    7 = DUSTSTORM OR SANDSTORM:
                                                       VSBY 1/2 MILE OR LESS
                                                   8 = SMOKE OR HAZE
[NO. OF DAYS WITH]      [WEATHER - DAYS WITH]      9 = BLOWING SNOW
                                                   X = TORNADO
MAX 32 OR BELOW:   0    0.01 INCH OR MORE:   6
MAX 90 OR ABOVE:   4    0.10 INCH OR MORE:   5
MIN 32 OR BELOW:   0    0.50 INCH OR MORE:   2
MIN  0 OR BELOW:   0    1.00 INCH OR MORE:   1

[HDD (BASE 65) ]
TOTAL THIS MO.     0    CLEAR  (SCALE 0-3)  11
DPTR FM NORMAL     0    PTCLDY (SCALE 4-7)  10
TOTAL FM JUL 1     0    CLOUDY (SCALE 8-10)  1
DPTR FM NORMAL     0

[CDD (BASE 65) ]
TOTAL THIS MO.   207
DPTR FM NORMAL   -86    [PRESSURE DATA]
TOTAL FM JAN 1  1049    HIGHEST SLP M ON M
DPTR FM NORMAL   -60    LOWEST  SLP 29.74 ON 16

[REMARKS]
