000
CXUS51 KCLE 261004
CF6ERI
PRELIMINARY LOCAL CLIMATOLOGICAL DATA (WS FORM: F-6)

                                          STATION:   ERIE PA
                                          MONTH:     DECEMBER
                                          YEAR:      2014
                                          LATITUDE:   42  4 N
                                          LONGITUDE:  80 11 W

  TEMPERATURE IN F:       :PCPN:    SNOW:  WIND      :SUNSHINE: SKY     :PK WND
================================================================================
1   2   3   4   5  6A  6B    7    8   9   10  11  12  13   14  15   16   17  18
                                     12Z  AVG MX 2MIN
DY MAX MIN AVG DEP HDD CDD  WTR  SNW DPTH SPD SPD DIR MIN PSBL S-S WX    SPD DR
================================================================================

 1  49  27  38   1  27   0 0.00  0.0    0  9.5 15  10   M    M   9 1      22 310
 2  38  22  30  -7  35   0 0.06  0.1    0  7.8 15 140   M    M   7 168    20 150
 3  38  33  36  -1  29   0 0.03  0.1    0 12.7 23 260   M    M   9 18     36 260
 4  35  25  30  -6  35   0 0.00  0.0    0  6.6 21 290   M    M   5        30 290
 5  40  26  33  -3  32   0 0.03  0.0    0  6.2 14 150   M    M   8 1      20 130
 6  41  35  38   3  27   0 0.56  0.0    0 11.0 21  30   M    M  10 18     27 360
 7  35  28  32  -3  33   0 0.00  0.0    0 12.8 23  50   M    M   2        29  50
 8  41  27  34  -1  31   0 0.00  0.0    0 14.6 28 160   M    M   2        37 170
 9  44  36  40   6  25   0 0.03    T    0  8.4 20 170   M    M  10 18     27 170
10  38  29  34   0  31   0 0.10  0.2    T 12.3 17 310   M    M  10 18     25 300
11  37  30  34   0  31   0 0.29  2.9    0 17.7 25 300   M    M   9 128    38 300
12  37  33  35   2  30   0 0.00  0.0    0 12.2 18 290   M    M  10 18     26 270
13  39  32  36   3  29   0 0.00  0.0    0 10.9 17 210   M    M  10 18     22 270
14  41  39  40   7  25   0 0.00  0.0    0  7.3 18 260   M    M  10 1      26 240
15  49  39  44  12  21   0 0.00  0.0    0  3.9 15 140   M    M  10 18     19 130
16  50  36  43  11  22   0 0.42  0.0    0 11.8 24 240   M    M   8 1      37 250
17  44  32  38   6  27   0 0.25  0.1    0 16.3 25 250   M    M  10 18     37 250
18  33  31  32   1  33   0 0.02  0.3    T 11.2 20 280   M    M  10 168    29 290
19  32  27  30  -1  35   0 0.01  0.1    T  9.6 18 300   M    M  10 8      26 310
20  32  29  31   0  34   0 0.00  0.0    0  4.1 10 350   M    M  10        14  10
21  33  30  32   1  33   0 0.00  0.0    0  5.0  9 150   M    M  10        12 120
22  44  26  35   5  30   0 0.00  0.0    0  9.6 23 150   M    M   1        31 140
23  51  37  44  14  21   0 0.01  0.0    0 14.2 25 150   M    M   8        34 140
24  58  41  50  20  15   0 0.19  0.0    0 16.9 30 260   M    M   6        45 260
25  43  38  41  11  24   0    T  0.0    0 15.7 26 240   M    M  10        40 260
================================================================================
SM 1022  788       715   0  2.00     3.8 268.3          M      204
================================================================================
AV 40.9 31.5                              10.7 FASTST   M    M   8    MAX(MPH)
                                 MISC ---->  # 30 260               # 45  260
================================================================================
NOTES:
# LAST OF SEVERAL OCCURRENCES

COLUMN 17 PEAK WIND IN M.P.H.

PRELIMINARY LOCAL CLIMATOLOGICAL DATA (WS FORM: F-6) , PAGE 2

                                          STATION:  ERIE PA
                                          MONTH:    DECEMBER
                                          YEAR:     2014
                                          LATITUDE:   42  4 N
                                          LONGITUDE:  80 11 W

[TEMPERATURE DATA]      [PRECIPITATION DATA]       SYMBOLS USED IN COLUMN 16

AVERAGE MONTHLY: 36.2   TOTAL FOR MONTH:   2.00    1 = FOG OR MIST
DPTR FM NORMAL:   3.0   DPTR FM NORMAL:   -1.06    2 = FOG REDUCING VISIBILITY
HIGHEST:    58 ON 24    GRTST 24HR  0.59 ON  5- 6      TO 1/4 MILE OR LESS
LOWEST:     22 ON  2                               3 = THUNDER
                        SNOW, ICE PELLETS, HAIL    4 = ICE PELLETS
                        TOTAL MONTH:   3.8 INCHES  5 = HAIL
                        GRTST 24HR   2.9 ON   M    6 = FREEZING RAIN OR DRIZZLE
                        GRTST DEPTH:   0           7 = DUSTSTORM OR SANDSTORM:
                                                       VSBY 1/2 MILE OR LESS
                                                   8 = SMOKE OR HAZE
[NO. OF DAYS WITH]      [WEATHER - DAYS WITH]      9 = BLOWING SNOW
                                                   X = TORNADO
MAX 32 OR BELOW:   2    0.01 INCH OR MORE:  13
MAX 90 OR ABOVE:   0    0.10 INCH OR MORE:   6
MIN 32 OR BELOW:  15    0.50 INCH OR MORE:   1
MIN  0 OR BELOW:   0    1.00 INCH OR MORE:   0

[HDD (BASE 65) ]
TOTAL THIS MO.   715    CLEAR  (SCALE 0-3)   3
DPTR FM NORMAL   -81    PTCLDY (SCALE 4-7)   5
TOTAL FM JUL 1  1929    CLOUDY (SCALE 8-10) 17
DPTR FM NORMAL   -23

[CDD (BASE 65) ]
TOTAL THIS MO.     0
DPTR FM NORMAL     0    [PRESSURE DATA]
TOTAL FM JAN 1   603    HIGHEST SLP M ON M
DPTR FM NORMAL   -35    LOWEST  SLP 29.20 ON 24

[REMARKS]
