000
CXUS56 KPQR 171330
CF6EUG
PRELIMINARY LOCAL CLIMATOLOGICAL DATA (WS FORM: F-6)

                                          STATION:   EUGENE OR
                                          MONTH:     DECEMBER
                                          YEAR:      2014
                                          LATITUDE:   44  7 N
                                          LONGITUDE: 123 13 W

  TEMPERATURE IN F:       :PCPN:    SNOW:  WIND      :SUNSHINE: SKY     :PK WND
================================================================================
1   2   3   4   5  6A  6B    7    8   9   10  11  12  13   14  15   16   17  18
                                     12Z  AVG MX 2MIN
DY MAX MIN AVG DEP HDD CDD  WTR  SNW DPTH SPD SPD DIR MIN PSBL S-S WX    SPD DR
================================================================================

 1  36  30  33  -8  32   0 0.48  0.0    0  4.1  8 350   M    M  10 16     10 350
 2  38  35  37  -4  28   0 0.02  0.0    0 11.2 20 360   M    M  10 1      24 360
 3  46  35  41   0  24   0 0.02  0.0    0  4.6 13  10   M    M   9 1      16  30
 4  47  40  44   3  21   0 0.72  0.0    0  2.2  7 320   M    M  10 18      8  80
 5  49  45  47   6  18   0 0.37  0.0    0  4.7 12 130   M    M   9 12     13 130
 6  58  37  48   8  17   0 0.00  0.0    0  8.3 18 200   M    M   6 12     22 180
 7  46  35  41   1  24   0    T  0.0    0  2.4  9 120   M    M   8 12     11 130
 8  56  37  47   7  18   0    T  0.0    0  3.6 12 160   M    M  10 12     13 170
 9  62  54  58  18   7   0 0.20  0.0    0  9.9 23 170   M    M   7 1      30 170
10  58  45  52  12  13   0 0.56  0.0    0  9.8 32 220   M    M   7 1      39 230
11  61  42  52  12  13   0 0.44  0.0    0 12.0 41 190   M    M   9 12     54 180
12  56  37  47   7  18   0    T    M    0  2.5  7 180   M    M   7 12     12 320
13  50  34  42   2  23   0    T    M    0  5.6 12 230   M    M   5 12     14 230
14  41  35  38  -1  27   0 0.06    M    0  2.6 10  80   M    M  10 18     12  80
15  44  39  42   3  23   0 0.08    M    0  2.6  9  50   M    M  10 1       9  40
16  46  40  43   4  22   0 0.02    M    0  4.2 12  10   M    M   9 12     13  10
================================================================================
SM  794  620       328   0  2.97     0.0  90.3          M      136
================================================================================
AV 49.6 38.8                               5.6 FASTST   M    M   9    MAX(MPH)
                                 MISC ---->  # 41 190               # 54  180
================================================================================
NOTES:
# LAST OF SEVERAL OCCURRENCES

COLUMN 17 PEAK WIND IN M.P.H.

PRELIMINARY LOCAL CLIMATOLOGICAL DATA (WS FORM: F-6) , PAGE 2

                                          STATION:  EUGENE OR
                                          MONTH:    DECEMBER
                                          YEAR:     2014
                                          LATITUDE:   44  7 N
                                          LONGITUDE: 123 13 W

[TEMPERATURE DATA]      [PRECIPITATION DATA]       SYMBOLS USED IN COLUMN 16

AVERAGE MONTHLY: 44.2   TOTAL FOR MONTH:   2.97    1 = FOG OR MIST
DPTR FM NORMAL:   4.1   DPTR FM NORMAL:   -1.35    2 = FOG REDUCING VISIBILITY
HIGHEST:    62 ON  9    GRTST 24HR  0.96 ON 10-11      TO 1/4 MILE OR LESS
LOWEST:     30 ON  1                               3 = THUNDER
                        SNOW, ICE PELLETS, HAIL    4 = ICE PELLETS
                        TOTAL MONTH:   0.0 INCH    5 = HAIL
                        GRTST 24HR     0.0         6 = FREEZING RAIN OR DRIZZLE
                        GRTST DEPTH:   0           7 = DUSTSTORM OR SANDSTORM:
                                                       VSBY 1/2 MILE OR LESS
                                                   8 = SMOKE OR HAZE
[NO. OF DAYS WITH]      [WEATHER - DAYS WITH]      9 = BLOWING SNOW
                                                   X = TORNADO
MAX 32 OR BELOW:   0    0.01 INCH OR MORE:  11
MAX 90 OR ABOVE:   0    0.10 INCH OR MORE:   6
MIN 32 OR BELOW:   1    0.50 INCH OR MORE:   2
MIN  0 OR BELOW:   0    1.00 INCH OR MORE:   0

[HDD (BASE 65) ]
TOTAL THIS MO.   328    CLEAR  (SCALE 0-3)   0
DPTR FM NORMAL   -69    PTCLDY (SCALE 4-7)   5
TOTAL FM JUL 1  1140    CLOUDY (SCALE 8-10) 11
DPTR FM NORMAL  -430

[CDD (BASE 65) ]
TOTAL THIS MO.     0
DPTR FM NORMAL     0    [PRESSURE DATA]
TOTAL FM JAN 1   475    HIGHEST SLP M ON M
DPTR FM NORMAL   236    LOWEST  SLP 29.12 ON 11

[REMARKS]
