733
CXUS56 KSLC 181236
CF6EVW
PRELIMINARY LOCAL CLIMATOLOGICAL DATA (WS FORM: F-6)

                                          STATION:   EVANSTON WY
                                          MONTH:     NOVEMBER
                                          YEAR:      2017
                                          LATITUDE:   41 16 N
                                          LONGITUDE: 111  2 W

  TEMPERATURE IN F:       :PCPN:    SNOW:  WIND      :SUNSHINE: SKY     :PK WND
================================================================================
1   2   3   4   5  6A  6B    7    8   9   10  11  12  13   14  15   16   17  18
                                     12Z  AVG MX 2MIN
DY MAX MIN AVG DEP HDD CDD  WTR  SNW DPTH SPD SPD DIR MIN PSBL S-S WX    SPD DR
================================================================================

 1  57  34  46   9  19   0 0.00  0.0    0 19.9 38 240   M    M   1        47 230
 2  58  36  47  11  18   0 0.00  0.0    0 15.3 33 220   M    M   3        45 220
 3  51  37  44   8  21   0    M    M    0 14.8 35 220   M    M   6        45 220
 4  47  30  39   3  26   0    M    M    0 18.1 31 220   M    M   8 1      38 240
 5  44  29  37   2  28   0    M    M    0 11.4 36 250   M    M  10 12     43 250
 6  35  22  29  -5  36   0    M    M    0  7.2 20 260   M    M   8 1      26 250
 7  33  19  26  -8  39   0    T    M    0  3.4 15 290   M    M   7 1      18 290
 8  44  10  27  -7  38   0 0.00  0.0    0  6.0 16 220   M    M   0        20 220
 9  56  26  41   8  24   0 0.64    M    0  9.2 25 240   M    M   3        32 220
10  48  31  40   8  25   0 0.00  0.0    0  6.3 15 250   M    M   1        19 240
11  46  26  36   4  29   0    T    M    0  9.2 22 260   M    M   1        26 270
12  53  23  38   7  27   0 0.00  0.0    0  6.2 13  90   M    M   0        15  90
13  58  34  46  15  19   0 0.00  0.0    0  7.3 24 220   M    M   1        29 220
14  49  27  38   8  27   0 0.00  0.0    0 12.0 30 260   M    M   6        39 250
15  56  27  42  12  23   0 0.00  0.0    0 10.3 24 230   M    M   2        29 240
16  51  37  44  15  21   0 0.21    M    0 19.6 33 220   M    M   8 1      45 220
17  39  14  27  -2  38   0 0.58    M    0 15.4 30 280   M    M   7 12     36 280
================================================================================
SM  825  462       458   0  1.43     0.0 191.6          M       72
================================================================================
AV 48.5 27.2                              11.3 FASTST   M    M   4    MAX(MPH)
                                 MISC ---->  # 38 240               # 47  230
================================================================================
NOTES:
# LAST OF SEVERAL OCCURRENCES

COLUMN 17 PEAK WIND IN M.P.H.

PRELIMINARY LOCAL CLIMATOLOGICAL DATA (WS FORM: F-6) , PAGE 2

                                          STATION:  EVANSTON WY
                                          MONTH:    NOVEMBER
                                          YEAR:     2017
                                          LATITUDE:   41 16 N
                                          LONGITUDE: 111  2 W

[TEMPERATURE DATA]      [PRECIPITATION DATA]       SYMBOLS USED IN COLUMN 16

AVERAGE MONTHLY: 37.9   TOTAL FOR MONTH:   1.43    1 = FOG OR MIST
DPTR FM NORMAL:   5.0   DPTR FM NORMAL:    0.73    2 = FOG REDUCING VISIBILITY
HIGHEST:    58 ON 13, 2 GRTST 24HR  0.64 ON  9- 9      TO 1/4 MILE OR LESS
LOWEST:     10 ON  8                               3 = THUNDER
                        SNOW, ICE PELLETS, HAIL    4 = ICE PELLETS
                        TOTAL MONTH:   0.0 INCH    5 = HAIL
                        GRTST 24HR     0.0         6 = FREEZING RAIN OR DRIZZLE
                        GRTST DEPTH:   0           7 = DUSTSTORM OR SANDSTORM:
                                                       VSBY 1/2 MILE OR LESS
                                                   8 = SMOKE OR HAZE
[NO. OF DAYS WITH]      [WEATHER - DAYS WITH]      9 = BLOWING SNOW
                                                   X = TORNADO
MAX 32 OR BELOW:   0    0.01 INCH OR MORE:   3
MAX 90 OR ABOVE:   0    0.10 INCH OR MORE:   3
MIN 32 OR BELOW:  12    0.50 INCH OR MORE:   2
MIN  0 OR BELOW:   0    1.00 INCH OR MORE:   0

[HDD (BASE 65) ]
TOTAL THIS MO.   458    CLEAR  (SCALE 0-3)   9
DPTR FM NORMAL   -90    PTCLDY (SCALE 4-7)   6
TOTAL FM JUL 1  1482    CLOUDY (SCALE 8-10)  2
DPTR FM NORMAL  -119

[CDD (BASE 65) ]
TOTAL THIS MO.     0
DPTR FM NORMAL     0    [PRESSURE DATA]
TOTAL FM JAN 1   333    HIGHEST SLP M ON M
DPTR FM NORMAL   171    LOWEST  SLP 29.58 ON 17

[REMARKS]
