000
CXUS51 KOKX 190701
CF6EWR
PRELIMINARY LOCAL CLIMATOLOGICAL DATA (WS FORM: F-6)

                                          STATION:   NEWARK NJ
                                          MONTH:     DECEMBER
                                          YEAR:      2014
                                          LATITUDE:   40 42 N
                                          LONGITUDE:  74 10 W

  TEMPERATURE IN F:       :PCPN:    SNOW:  WIND      :SUNSHINE: SKY     :PK WND
================================================================================
1   2   3   4   5  6A  6B    7    8   9   10  11  12  13   14  15   16   17  18
                                     12Z  AVG MX 2MIN
DY MAX MIN AVG DEP HDD CDD  WTR  SNW DPTH SPD SPD DIR MIN PSBL S-S WX    SPD DR
================================================================================

 1  66  41  54  13  11   0 0.08  0.0    0 10.6 28 330   M    M   9        33 300
 2  43  33  38  -3  27   0 0.07    T    0 11.5 21 360   M    M  10 14     25  30
 3  46  40  43   2  22   0 0.06  0.0    0 10.2 21 280   M    M   7 12     30 280
 4  47  32  40   0  25   0 0.00  0.0    0  9.0 13 270   M    M   7        21 300
 5  42  30  36  -4  29   0 0.44  0.0    0  9.1 14  20   M    M   8 1      17  40
 6  48  40  44   4  21   0 1.09  0.0    0  6.1 26  10   M    M  10 1      35 360
 7  42  28  35  -4  30   0 0.03  0.0    0 21.0 32 360   M    M   5        39 360
 8  36  23  30  -9  35   0 0.00  0.0    0 14.7 20  10   M    M   7        26  40
 9  44  36  40   2  25   0 1.34  0.0    0 18.5 35 360   M    M  10 1      44 350
10  42  33  38   0  27   0 0.01  0.1    0 14.3 23 310   M    M   9 1      32 310
11  39  31  35  -3  30   0    T  0.2    T 14.5 23 260   M    M   7        29 240
12  40  31  36  -2  29   0 0.00  0.0    0 12.2 21 320   M    M   7        31 300
13  45  34  40   3  25   0 0.00  0.0    0 13.1 25 300   M    M   6        36 300
14  47  36  42   5  23   0 0.00  0.0    0 10.3 22 320   M    M   6        29 320
15  51  33  42   5  23   0 0.00  0.0    0  3.2 12 350   M    M   3        14 330
16  48  32  40   4  25   0 0.22  0.0    0  4.4 12  90   M    M   9 1      17 110
17  55  40  48  12  17   0    T  0.0    0 11.1 24 270   M    M   8 1      31 280
18  45  37  41   5  24   0 0.00  0.0    0 14.3 24 280   M    M   7        36 280
================================================================================
SM  826  610       448   0  3.34     0.3 208.1          M      135
================================================================================
AV 45.9 33.9                              11.6 FASTST   M    M   8    MAX(MPH)
                                 MISC ---->  # 35 360               # 44  350
================================================================================
NOTES:
# LAST OF SEVERAL OCCURRENCES

COLUMN 17 PEAK WIND IN M.P.H.

PRELIMINARY LOCAL CLIMATOLOGICAL DATA (WS FORM: F-6) , PAGE 2

                                          STATION:  NEWARK NJ
                                          MONTH:    DECEMBER
                                          YEAR:     2014
                                          LATITUDE:   40 42 N
                                          LONGITUDE:  74 10 W

[TEMPERATURE DATA]      [PRECIPITATION DATA]       SYMBOLS USED IN COLUMN 16

AVERAGE MONTHLY: 39.9   TOTAL FOR MONTH:   3.34    1 = FOG OR MIST
DPTR FM NORMAL:   1.4   DPTR FM NORMAL:    1.05    2 = FOG REDUCING VISIBILITY
HIGHEST:    66 ON  1    GRTST 24HR  1.34 ON  9- 9      TO 1/4 MILE OR LESS
LOWEST:     23 ON  8                               3 = THUNDER
                        SNOW, ICE PELLETS, HAIL    4 = ICE PELLETS
                        TOTAL MONTH:   0.3 INCH    5 = HAIL
                        GRTST 24HR   0.2 ON   M    6 = FREEZING RAIN OR DRIZZLE
                        GRTST DEPTH:   T           7 = DUSTSTORM OR SANDSTORM:
                                                       VSBY 1/2 MILE OR LESS
                                                   8 = SMOKE OR HAZE
[NO. OF DAYS WITH]      [WEATHER - DAYS WITH]      9 = BLOWING SNOW
                                                   X = TORNADO
MAX 32 OR BELOW:   0    0.01 INCH OR MORE:   9
MAX 90 OR ABOVE:   0    0.10 INCH OR MORE:   4
MIN 32 OR BELOW:   7    0.50 INCH OR MORE:   2
MIN  0 OR BELOW:   0    1.00 INCH OR MORE:   2

[HDD (BASE 65) ]
TOTAL THIS MO.   448    CLEAR  (SCALE 0-3)   1
DPTR FM NORMAL   -29    PTCLDY (SCALE 4-7)  10
TOTAL FM JUL 1  1280    CLOUDY (SCALE 8-10)  7
DPTR FM NORMAL   -65

[CDD (BASE 65) ]
TOTAL THIS MO.     0
DPTR FM NORMAL     0    [PRESSURE DATA]
TOTAL FM JAN 1  1175    HIGHEST SLP M ON M
DPTR FM NORMAL   -17    LOWEST  SLP 29.60 ON 10

[REMARKS]
