000
CXUS52 KKEY 300553
CF6EYW
PRELIMINARY LOCAL CLIMATOLOGICAL DATA (WS FORM: F-6)

                                          STATION:   KEY WEST
                                          MONTH:     JUNE
                                          YEAR:      2015
                                          LATITUDE:   24 32 N
                                          LONGITUDE:  81 45 W

  TEMPERATURE IN F:       :PCPN:    SNOW:  WIND      :SUNSHINE: SKY     :PK WND
================================================================================
1   2   3   4   5  6A  6B    7    8   9   10  11  12  13   14  15   16   17  18
                                     12Z  AVG MX 2MIN
DY MAX MIN AVG DEP HDD CDD  WTR  SNW DPTH SPD SPD DIR MIN PSBL S-S WX    SPD DR
================================================================================

 1  87  80  84   2   0  19 0.00  0.0    0  9.9 14 110   M    M   1        18 150
 2  82  74  78  -4   0  13 0.04  0.0    0  7.0 18 110   M    M   4        23 120
 3  84  74  79  -3   0  14 0.03  0.0    0  7.1 14 130   M    M   7 1      18 130
 4  87  78  83   1   0  18 0.01  0.0    0  6.9 14 120   M    M   3        20 140
 5  84  76  80  -3   0  15 0.97  0.0    0  7.8 18 150   M    M   4 13     24  80
 6  87  75  81  -2   0  16    T  0.0    0  6.3 20 160   M    M   2 3      24  60
 7  85  77  81  -2   0  16 0.04  0.0    0  8.5 15 110   M    M   2 13     19 110
 8  87  79  83   0   0  18 0.00  0.0    0 10.7 16 110   M    M   2        19 140
 9  86  79  83   0   0  18 0.01  0.0    0  9.2 25 170   M    M   1        31 170
10  87  73  80  -3   0  15 1.29  0.0    0  7.6 38 180   M    M   2 138    59 180
11  87  76  82  -1   0  17 0.00  0.0    0 11.9 20 110   M    M   1        25 100
12  88  82  85   2   0  20 0.00  0.0    0 18.1 24 100   M    M   3        29 100
13  85  74  80  -3   0  15 0.15  0.0    0 17.0 32 140   M    M   4 138    43 140
14  88  80  84   1   0  19 0.09  0.0    0 15.8 24 110   M    M   3 13     25 120
15  87  81  84   1   0  19 0.00  0.0    0 10.9 16 130   M    M   2 3      21 110
16  88  80  84   1   0  19 0.00  0.0    0 11.7 15 110   M    M   2 3      20 100
17  88  81  85   1   0  20 0.00  0.0    0 11.0 16 100   M    M   1        21 110
18  89  82  86   2   0  21 0.00  0.0    0 12.7 18 100   M    M   2        23 100
19  89  80  85   1   0  20 0.00  0.0    0  9.2 14 110   M    M   1        17 110
20  88  81  85   1   0  20 0.00  0.0    0  7.2 13 100   M    M   2        17 110
21  91  80  86   2   0  21 0.01  0.0    0  7.2 14 110   M    M   2        17 100
22  90  82  86   2   0  21 0.00  0.0    0  9.8 16 110   M    M   2        21 120
23  90  83  87   3   0  22 0.00  0.0    0 11.9 17 110   M    M   2        22 130
24  90  83  87   3   0  22 0.00  0.0    0 11.4 16 120   M    M   1        20 120
25  89  82  86   2   0  21 0.00  0.0    0  7.4 14 130   M    M   2        16 120
26  92  83  88   4   0  23 0.00  0.0    0  6.8 12 100   M    M   1        15 120
27  88  83  86   2   0  21 0.00  0.0    0  5.8  9 230   M    M   1        14 260
28  90  83  87   3   0  22 0.00  0.0    0  6.6 12 320   M    M   1 3      14 310
29  92  81  87   3   0  22 0.00  0.0    0  4.8 13 130   M    M   1        17 310
================================================================================
SM 2545 2302         0 547  2.64     0.0 278.2          M       62
================================================================================
AV 87.8 79.4                               9.6 FASTST   M    M   2    MAX(MPH)
                                 MISC ---->  # 38 180               # 59  180
================================================================================
NOTES:
# LAST OF SEVERAL OCCURRENCES

COLUMN 17 PEAK WIND IN M.P.H.

PRELIMINARY LOCAL CLIMATOLOGICAL DATA (WS FORM: F-6) , PAGE 2

                                          STATION:  KEY WEST
                                          MONTH:    JUNE
                                          YEAR:     2015
                                          LATITUDE:   24 32 N
                                          LONGITUDE:  81 45 W

[TEMPERATURE DATA]      [PRECIPITATION DATA]       SYMBOLS USED IN COLUMN 16

AVERAGE MONTHLY: 83.6   TOTAL FOR MONTH:   2.64    1 = FOG OR MIST
DPTR FM NORMAL:   0.3   DPTR FM NORMAL:   -1.33    2 = FOG REDUCING VISIBILITY
HIGHEST:    92 ON 29,26 GRTST 24HR  1.29 ON 10-10      TO 1/4 MILE OR LESS
LOWEST:     73 ON 10                               3 = THUNDER
                        SNOW, ICE PELLETS, HAIL    4 = ICE PELLETS
                        TOTAL MONTH:   0.0 INCH    5 = HAIL
                        GRTST 24HR     0.0         6 = FREEZING RAIN OR DRIZZLE
                        GRTST DEPTH:   0           7 = DUSTSTORM OR SANDSTORM:
                                                       VSBY 1/2 MILE OR LESS
                                                   8 = SMOKE OR HAZE
[NO. OF DAYS WITH]      [WEATHER - DAYS WITH]      9 = BLOWING SNOW
                                                   X = TORNADO
MAX 32 OR BELOW:   0    0.01 INCH OR MORE:  10
MAX 90 OR ABOVE:   7    0.10 INCH OR MORE:   3
MIN 32 OR BELOW:   0    0.50 INCH OR MORE:   2
MIN  0 OR BELOW:   0    1.00 INCH OR MORE:   1

[HDD (BASE 65) ]
TOTAL THIS MO.     0    CLEAR  (SCALE 0-3)  25
DPTR FM NORMAL     0    PTCLDY (SCALE 4-7)   4
TOTAL FM JUL 1    27    CLOUDY (SCALE 8-10)  0
DPTR FM NORMAL   -46

[CDD (BASE 65) ]
TOTAL THIS MO.   547
DPTR FM NORMAL    16    [PRESSURE DATA]
TOTAL FM JAN 1  2264    HIGHEST SLP M ON M
DPTR FM NORMAL   303    LOWEST  SLP 29.89 ON  6

[REMARKS]
