000
CXAK56 PAFG 241355
CF6FAI
PRELIMINARY LOCAL CLIMATOLOGICAL DATA (WS FORM: F-6)

                                          STATION:   FAIRBANKS AK
                                          MONTH:     SEPTEMBER
                                          YEAR:      2017
                                          LATITUDE:   64 49 N
                                          LONGITUDE: 147 52 W

  TEMPERATURE IN F:       :PCPN:    SNOW:  WIND      :SUNSHINE: SKY     :PK WND
================================================================================
1   2   3   4   5  6A  6B    7    8   9   10  11  12  13   14  15   16   17  18
                                     12Z  AVG MX 2MIN
DY MAX MIN AVG DEP HDD CDD  WTR  SNW DPTH SPD SPD DIR MIN PSBL S-S WX    SPD DR
================================================================================

 1  63  42  53   2  12   0    T  0.0    0  4.2 20 240   M    M   8 3      25 260
 2  61  36  49  -2  16   0 0.00  0.0    0  2.4  8 120   M    M   7 12     10 110
 3  62  32  47  -4  18   0 0.00  0.0    0  4.5 12  70   M    M   7        14  50
 4  70  44  57   7   8   0    T  0.0    0  3.7 14 250   M    M   6        19 240
 5  59  41  50   0  15   0 0.16  0.0    0  5.1 15  30   M    M   9        17  30
 6  68  51  60  11   5   0    T  0.0    0  7.2 17 260   M    M   7        24 260
 7  62  40  51   2  14   0 0.03  0.0    0  2.0  9 350   M    M   7        10 350
 8  66  36  51   2  14   0 0.00  0.0    0  3.5 10 350   M    M   6        13 350
 9  62  45  54   6  11   0 0.02  0.0    0  5.2 15  10   M    M   8        18  10
10  58  44  51   3  14   0    T  0.0    0  2.4 12 360   M    M   7        14 360
11  51  44  48   1  17   0    T  0.0    0  4.9 15 250   M    M   9        19 240
12  60  42  51   4  14   0    T  0.0    0  2.9  9  80   M    M   7        13 100
13  64  42  53   7  12   0 0.00  0.0    0  2.6 16 200   M    M   8        24 180
14  64  34  49   3  16   0 0.00  0.0    0  2.4 13 200   M    M   7 1      19 210
15  63  37  50   4  15   0 0.00  0.0    0  2.9 12  90   M    M   6        14  90
16  66  33  50   5  15   0 0.00  0.0    0  3.1 13 140   M    M   5        17 110
17  62  36  49   5  16   0 0.00  0.0    0  1.5  7 250   M    M   5         7 240
18  56  38  47   3  18   0 0.03  0.0    0  1.6  7 200   M    M   8        10 240
19  49  35  42  -2  23   0 0.03  0.0    0  5.8 17 270   M    M   8        24 260
20  45  34  40  -3  25   0 0.01  0.0    0  1.7  7 240   M    M   8         8 230
21  53  36  45   3  20   0 0.05  0.0    0  5.5 12  60   M    M   9 1      16  70
22  49  44  47   5  18   0 0.17  0.0    0  8.0 12  10   M    M  10        14 360
23  62  41  52  11  13   0 0.01  0.0    0  9.2 15  10   M    M   8        19  20
================================================================================
SM 1375  907       349   0  0.51     0.0  92.3          M      170
================================================================================
AV 59.8 39.4                               4.0 FASTST   M    M   7    MAX(MPH)
                                 MISC ---->  # 20 240               # 25  260
================================================================================
NOTES:
# LAST OF SEVERAL OCCURRENCES

COLUMN 17 PEAK WIND IN M.P.H.

PRELIMINARY LOCAL CLIMATOLOGICAL DATA (WS FORM: F-6) , PAGE 2

                                          STATION:  FAIRBANKS AK
                                          MONTH:    SEPTEMBER
                                          YEAR:     2017
                                          LATITUDE:   64 49 N
                                          LONGITUDE: 147 52 W

[TEMPERATURE DATA]      [PRECIPITATION DATA]       SYMBOLS USED IN COLUMN 16

AVERAGE MONTHLY: 49.6   TOTAL FOR MONTH:   0.51    1 = FOG OR MIST
DPTR FM NORMAL:   3.0   DPTR FM NORMAL:   -0.38    2 = FOG REDUCING VISIBILITY
HIGHEST:    70 ON  4    GRTST 24HR  0.17 ON 22-22      TO 1/4 MILE OR LESS
LOWEST:     32 ON  3                               3 = THUNDER
                        SNOW, ICE PELLETS, HAIL    4 = ICE PELLETS
                        TOTAL MONTH:   0.0 INCH    5 = HAIL
                        GRTST 24HR     0.0         6 = FREEZING RAIN OR DRIZZLE
                        GRTST DEPTH:   0           7 = DUSTSTORM OR SANDSTORM:
                                                       VSBY 1/2 MILE OR LESS
                                                   8 = SMOKE OR HAZE
[NO. OF DAYS WITH]      [WEATHER - DAYS WITH]      9 = BLOWING SNOW
                                                   X = TORNADO
MAX 32 OR BELOW:   0    0.01 INCH OR MORE:   9
MAX 90 OR ABOVE:   0    0.10 INCH OR MORE:   2
MIN 32 OR BELOW:   1    0.50 INCH OR MORE:   0
MIN  0 OR BELOW:   0    1.00 INCH OR MORE:   0

[HDD (BASE 65) ]
TOTAL THIS MO.   349    CLEAR  (SCALE 0-3)   0
DPTR FM NORMAL   -75    PTCLDY (SCALE 4-7)  17
TOTAL FM JUL 1   572    CLOUDY (SCALE 8-10)  6
DPTR FM NORMAL  -241

[CDD (BASE 65) ]
TOTAL THIS MO.     0
DPTR FM NORMAL     0    [PRESSURE DATA]
TOTAL FM JAN 1   104    HIGHEST SLP M ON M
DPTR FM NORMAL    43    LOWEST  SLP 29.36 ON  6

[REMARKS]
