000
CXAK56 PAFG 261401
CF6FAI
PRELIMINARY LOCAL CLIMATOLOGICAL DATA (WS FORM: F-6)

                                          STATION:   FAIRBANKS AK
                                          MONTH:     MARCH
                                          YEAR:      2015
                                          LATITUDE:   64 49 N
                                          LONGITUDE: 147 52 W

  TEMPERATURE IN F:       :PCPN:    SNOW:  WIND      :SUNSHINE: SKY     :PK WND
================================================================================
1   2   3   4   5  6A  6B    7    8   9   10  11  12  13   14  15   16   17  18
                                     12Z  AVG MX 2MIN
DY MAX MIN AVG DEP HDD CDD  WTR  SNW DPTH SPD SPD DIR MIN PSBL S-S WX    SPD DR
================================================================================

 1  32   2  17  13  48   0 0.00  0.0   15  5.7 21 250   M    M   4        28 250
 2  28  -5  12   8  53   0 0.00  0.0   15  4.8 10  40   M    M   1        12  70
 3  27   1  14   9  51   0 0.05  0.5   15  1.6  7 320   M    M   9 1       9  50
 4  37  19  28  23  37   0    T    T   15  1.2  6  60   M    M   7         7 330
 5  32  25  29  23  36   0 0.10  1.9   17  1.7 13 260   M    M  10 1      16 280
 6  30  17  24  18  41   0    T    T   17  5.8 16 270   M    M   9 1      21 260
 7  33  22  28  22  37   0 0.28  4.3   21  4.9 20 240   M    M   9 19     27 240
 8  24   2  13   6  52   0 0.03  1.0   19  8.1 24 260   M    M   9 189    30 260
 9   4 -17  -6 -13  71   0 0.01  0.1   19  5.5 20 280   M    M   8 1      23 280
10   0 -30 -15 -23  80   0    T    T   19  0.7  7  50   M    M   4 1       7  40
11  -1 -30 -15 -23  80   0 0.00  0.0   19  1.7  7 180   M    M   1 1       8 200
12   0 -31 -15 -24  80   0    T    T   19  2.3  8  20   M    M   6 1      10 200
13  -4 -33 -18 -27  83   0 0.01  0.2   19  1.3  9 290   M    M   7 1      12 270
14  -1 -30 -15 -25  80   0 0.01  0.1   19  1.5  6  70   M    M   5 1       7  40
15   6 -37 -15 -25  80   0 0.00  0.0   19  5.3 14  80   M    M   2        16  60
16  25 -12   7  -4  58   0 0.00  0.0   19  4.3 10  30   M    M   8        13  40
17  41   5  23  12  42   0    T    T   18  0.9  9 340   M    M   5 1      10 340
18  47   1  24  12  41   0 0.00  0.0   18  2.0  8  30   M    M   2         9  30
19  48   7  28  15  37   0 0.00  0.0   17  1.9  7  20   M    M   3         8  20
20  47   7  27  14  38   0 0.00  0.0   16  4.3 14  30   M    M   1        15  50
21  42  11  27  13  38   0 0.00  0.0   16  3.6  9  40   M    M   1        12  60
22  35   1  18   4  47   0 0.00  0.0   16  0.3  5  70   M    M   4         5  60
23  36   2  19   4  46   0 0.00  0.0   16  2.2  9 360   M    M   2        12  10
24  42   7  25   9  40   0 0.00  0.0   16  5.1 13  20   M    M   0        13  30
25  47   5  26  10  39   0 0.00  0.0   16  3.5  8  40   M    M   4        11  60
================================================================================
SM  657  -91      1335   0  0.49     8.1  80.2          M      121
================================================================================
AV 26.3 -3.6                               3.2 FASTST   M    M   5    MAX(MPH)
                                 MISC ---->  # 24 260               # 30  260
================================================================================
NOTES:
# LAST OF SEVERAL OCCURRENCES

COLUMN 17 PEAK WIND IN M.P.H.

PRELIMINARY LOCAL CLIMATOLOGICAL DATA (WS FORM: F-6) , PAGE 2

                                          STATION:  FAIRBANKS AK
                                          MONTH:    MARCH
                                          YEAR:     2015
                                          LATITUDE:   64 49 N
                                          LONGITUDE: 147 52 W

[TEMPERATURE DATA]      [PRECIPITATION DATA]       SYMBOLS USED IN COLUMN 16

AVERAGE MONTHLY: 11.3   TOTAL FOR MONTH:   0.49    1 = FOG OR MIST
DPTR FM NORMAL:   1.8   DPTR FM NORMAL:    0.28    2 = FOG REDUCING VISIBILITY
HIGHEST:    48 ON 19    GRTST 24HR  0.28 ON  7- 7      TO 1/4 MILE OR LESS
LOWEST:    -37 ON 15                               3 = THUNDER
                        SNOW, ICE PELLETS, HAIL    4 = ICE PELLETS
                        TOTAL MONTH:   8.1 INCHES  5 = HAIL
                        GRTST 24HR   4.3 ON   M    6 = FREEZING RAIN OR DRIZZLE
                        GRTST DEPTH:  21 ON  7     7 = DUSTSTORM OR SANDSTORM:
                                                       VSBY 1/2 MILE OR LESS
                                                   8 = SMOKE OR HAZE
[NO. OF DAYS WITH]      [WEATHER - DAYS WITH]      9 = BLOWING SNOW
                                                   X = TORNADO
MAX 32 OR BELOW:  14    0.01 INCH OR MORE:   7
MAX 90 OR ABOVE:   0    0.10 INCH OR MORE:   2
MIN 32 OR BELOW:  25    0.50 INCH OR MORE:   0
MIN  0 OR BELOW:   9    1.00 INCH OR MORE:   0

[HDD (BASE 65) ]
TOTAL THIS MO.  1335    CLEAR  (SCALE 0-3)   8
DPTR FM NORMAL   -49    PTCLDY (SCALE 4-7)  12
TOTAL FM JUL 1 10802    CLOUDY (SCALE 8-10)  5
DPTR FM NORMAL  -972

[CDD (BASE 65) ]
TOTAL THIS MO.     0
DPTR FM NORMAL     0    [PRESSURE DATA]
TOTAL FM JAN 1     0    HIGHEST SLP M ON M
DPTR FM NORMAL     0    LOWEST  SLP 29.40 ON 25

[REMARKS]
