000
CXUS52 KRAH 230845
CF6FAY
PRELIMINARY LOCAL CLIMATOLOGICAL DATA (WS FORM: F-6)

                                          STATION:   FAYETTEVILLE REGL AIRPORT NC
                                          MONTH:     JULY
                                          YEAR:      2014
                                          LATITUDE:   35  0 N
                                          LONGITUDE:  78 53 W

  TEMPERATURE IN F:       :PCPN:    SNOW:  WIND      :SUNSHINE: SKY     :PK WND
================================================================================
1   2   3   4   5  6A  6B    7    8   9   10  11  12  13   14  15   16   17  18
                                     12Z  AVG MX 2MIN
DY MAX MIN AVG DEP HDD CDD  WTR  SNW DPTH SPD SPD DIR MIN PSBL S-S WX    SPD DR
================================================================================

 1  93  71  82   1   0  17    T    M    M   M  16 170   M    M   M        21 170
 2  96  74  85   4   0  20 0.00    M    M 10.8 20 170   M    M   2        24 170
 3  89  74  82   1   0  17 0.08    M    M  8.3 17 360   M    M   4 1      22  90
 4  90  73  82   1   0  17 0.00    M    M  7.7 16 360   M    M   5        21  10
 5  85  63  74  -7   0   9 0.00    M    M  7.5 16  30   M    M   1        22  30
 6  89  62  76  -5   0  11 0.00    M    M  4.3 14 190   M    M   1        17 190
 7  94  65  80  -1   0  15 0.00    M    M  8.2 21 180   M    M   1 1      26 200
 8  98  75  87   6   0  22 0.00    M    M 12.6 24 230   M    M   1        30 210
 9 100  77  89   8   0  24 0.00    M    M 11.2 26 320   M    M   1 138    39 250
10  94  72  83   2   0  18 1.36    M    M  7.0 30 180   M    M   5 1238   38 180
11  84  70  77  -5   0  12 0.00    M    M  3.2  9  90   M    M   5 1      12 110
12  92  70  81  -1   0  16 0.00    M    M  4.9 13 160   M    M   2 128    16 150
13  93  71  82   0   0  17 0.00    M    M  5.9 14 170   M    M   1 1      17 210
14  96  74  85   3   0  20 0.00    M    M 10.2 17 190   M    M   1        21 190
15  92  73  83   1   0  18 0.04    M    M  9.3 20 200   M    M   2 3      27 150
16  85  69  77  -5   0  12    T    M    M  3.5 10  70   M    M   8 1      13 330
17  88  64  76  -6   0  11 0.00    M    M  4.4 12  40   M    M   1 1      14  30
18  88  64  76  -6   0  11 0.00    M    M  5.5 14  90   M    M   1 18     17 100
19  87  66  77  -5   0  12    T    M    M  5.3 12  50   M    M   1        15  50
20  89  67  78  -4   0  13 0.00    M    M  4.6 17 110   M    M   7 1      22 110
21  78  72  75  -7   0  10 0.30    M    M  4.6 14  80   M    M   6 13     17  90
22  91  72  82   0   0  17 0.00    M    M  4.2 12  30   M    M   6 123    14  40
================================================================================
SM 1991 1538         0 339  1.78    M    143.2          M       62
================================================================================
AV 90.5 69.9                               6.8 FASTST   M    M   3    MAX(MPH)
                                 MISC ---->  # 30 180               # 39  250
================================================================================
NOTES:
# LAST OF SEVERAL OCCURRENCES

COLUMN 17 PEAK WIND IN M.P.H.

PRELIMINARY LOCAL CLIMATOLOGICAL DATA (WS FORM: F-6) , PAGE 2

                                          STATION:  FAYETTEVILLE REGL AIRPORT NC
                                          MONTH:    JULY
                                          YEAR:     2014
                                          LATITUDE:   35  0 N
                                          LONGITUDE:  78 53 W

[TEMPERATURE DATA]      [PRECIPITATION DATA]       SYMBOLS USED IN COLUMN 16

AVERAGE MONTHLY: 80.2   TOTAL FOR MONTH:   1.78    1 = FOG OR MIST
DPTR FM NORMAL:  -1.3   DPTR FM NORMAL:   -2.33    2 = FOG REDUCING VISIBILITY
HIGHEST:   100 ON  9    GRTST 24HR  1.36 ON 10-10      TO 1/4 MILE OR LESS
LOWEST:     62 ON  6                               3 = THUNDER
                        SNOW, ICE PELLETS, HAIL    4 = ICE PELLETS
                        TOTAL MONTH:    M          5 = HAIL
                        GRTST 24HR    M  ON   M    6 = FREEZING RAIN OR DRIZZLE
                        GRTST DEPTH:  M  ON   M    7 = DUSTSTORM OR SANDSTORM:
                                                       VSBY 1/2 MILE OR LESS
                                                   8 = SMOKE OR HAZE
[NO. OF DAYS WITH]      [WEATHER - DAYS WITH]      9 = BLOWING SNOW
                                                   X = TORNADO
MAX 32 OR BELOW:   0    0.01 INCH OR MORE:   4
MAX 90 OR ABOVE:  12    0.10 INCH OR MORE:   2
MIN 32 OR BELOW:   0    0.50 INCH OR MORE:   1
MIN  0 OR BELOW:   0    1.00 INCH OR MORE:   1

[HDD (BASE 65) ]
TOTAL THIS MO.     0    CLEAR  (SCALE 0-3)  13
DPTR FM NORMAL     0    PTCLDY (SCALE 4-7)   8
TOTAL FM JUL 1     0    CLOUDY (SCALE 8-10)  0
DPTR FM NORMAL     0

[CDD (BASE 65) ]
TOTAL THIS MO.   339
DPTR FM NORMAL   -24    [PRESSURE DATA]
TOTAL FM JAN 1  1162    HIGHEST SLP M ON M
DPTR FM NORMAL   119    LOWEST  SLP 29.74 ON 15

[REMARKS]
