000
CXUS52 KRAH 281345
CF6FAY
PRELIMINARY LOCAL CLIMATOLOGICAL DATA (WS FORM: F-6)

                                          STATION:   FAYETTEVILLE REGL AIRPORT NC
                                          MONTH:     JULY
                                          YEAR:      2016
                                          LATITUDE:   35  0 N
                                          LONGITUDE:  78 53 W

  TEMPERATURE IN F:       :PCPN:    SNOW:  WIND      :SUNSHINE: SKY     :PK WND
================================================================================
1   2   3   4   5  6A  6B    7    8   9   10  11  12  13   14  15   16   17  18
                                     12Z  AVG MX 2MIN
DY MAX MIN AVG DEP HDD CDD  WTR  SNW DPTH SPD SPD DIR MIN PSBL S-S WX    SPD DR
================================================================================

 1  92  74  83   2   0  18 0.00    M    M  8.1 15 220   M    M   4 1      22 260
 2  96  74  85   4   0  20 0.84    M    M  4.5 17 200   M    M   5 138    22 200
 3  91  74  83   2   0  18 0.24    M    M  5.7 26 350   M    M   6 13     33 350
 4  94  74  84   3   0  19    T    M    M  5.6 20 310   M    M   7 138    25 320
 5  97  76  87   6   0  22 0.68    M    M 11.5 33 270   M    M   0 13     44 270
 6  95  75  85   4   0  20 0.23    M    M 10.2 18 240   M    M   3 13     25 220
 7  96  73  85   4   0  20 0.11    M    M  9.9 29 220   M    M   2 138    35 210
 8  97  72  85   4   0  20 0.92    M    M  9.2 38 320   M    M   2 13     52 320
 9  93  72  83   2   0  18    T    M    M  9.0 16 290   M    M   1 3      21 290
10  93  74  84   3   0  19 0.00    M    M  5.0 14 260   M    M   3        18 260
11  92  73  83   1   0  18 0.17    M    M  4.1 25 250   M    M   5 13     30 250
12  93  72  83   1   0  18 0.00    M    M  3.9 14 220   M    M   2 1      19 210
13  97  73  85   3   0  20 0.00    M    M  4.5 14 220   M    M   1 38     18 210
14  98  76  87   5   0  22 0.00    M    M  8.2 15 210   M    M   1        23 200
15  97  74  86   4   0  21 0.03    M    M  8.1 25 310   M    M   0 3      35 270
16  88  72  80  -2   0  15 0.37    M    M  6.5 24 250   M    M   4 138    30 260
17  91  72  82   0   0  17 0.06    M    M  4.5 13 200   M    M   4 13     18  60
18  94  72  83   1   0  18 0.00    M    M  7.2 15 180   M    M   1        21 180
19  94  72  83   1   0  18 0.82    M    M  8.0 20  20   M    M   2 13     24  20
20  91  70  81  -1   0  16 0.03    M    M  4.6 13 240   M    M   2 13     17 240
21  93  72  83   1   0  18 0.00    M    M  4.2  9 150   M    M   0 1      11 180
22  93  74  84   2   0  19 0.00    M    M  6.7 17 250   M    M   2 13     21 240
23  95  74  85   3   0  20 0.03    M    M  5.1 18 180   M    M   2 3      24 180
24  96  73  85   4   0  20 0.00    M    M  4.5 15 170   M    M   0 1      19 170
25  97  78  88   7   0  23 0.00    M    M  9.7 16 180   M    M   1        22 230
26  98  77  88   7   0  23 0.00    M    M  9.0 18 220   M    M   2        23 220
27 101  79  90   9   0  25 0.00    M    M  9.9 18 220   M    M   1        25 220
================================================================================
SM 2552 1991         0 525  4.53    M    187.4          M       63
================================================================================
AV 94.5 73.7                               6.9 FASTST   M    M   2    MAX(MPH)
                                 MISC ---->  # 38 320               # 52  320
================================================================================
NOTES:
# LAST OF SEVERAL OCCURRENCES

COLUMN 17 PEAK WIND IN M.P.H.

PRELIMINARY LOCAL CLIMATOLOGICAL DATA (WS FORM: F-6) , PAGE 2

                                          STATION:  FAYETTEVILLE REGL AIRPORT NC
                                          MONTH:    JULY
                                          YEAR:     2016
                                          LATITUDE:   35  0 N
                                          LONGITUDE:  78 53 W

[TEMPERATURE DATA]      [PRECIPITATION DATA]       SYMBOLS USED IN COLUMN 16

AVERAGE MONTHLY: 84.1   TOTAL FOR MONTH:   4.53    1 = FOG OR MIST
DPTR FM NORMAL:   2.6   DPTR FM NORMAL:   -0.67    2 = FOG REDUCING VISIBILITY
HIGHEST:   101 ON 27    GRTST 24HR  1.08 ON  2- 3      TO 1/4 MILE OR LESS
LOWEST:     70 ON 20                               3 = THUNDER
                        SNOW, ICE PELLETS, HAIL    4 = ICE PELLETS
                        TOTAL MONTH:    M          5 = HAIL
                        GRTST 24HR    M  ON   M    6 = FREEZING RAIN OR DRIZZLE
                        GRTST DEPTH:  M  ON   M    7 = DUSTSTORM OR SANDSTORM:
                                                       VSBY 1/2 MILE OR LESS
                                                   8 = SMOKE OR HAZE
[NO. OF DAYS WITH]      [WEATHER - DAYS WITH]      9 = BLOWING SNOW
                                                   X = TORNADO
MAX 32 OR BELOW:   0    0.01 INCH OR MORE:  13
MAX 90 OR ABOVE:  26    0.10 INCH OR MORE:   9
MIN 32 OR BELOW:   0    0.50 INCH OR MORE:   4
MIN  0 OR BELOW:   0    1.00 INCH OR MORE:   0

[HDD (BASE 65) ]
TOTAL THIS MO.     0    CLEAR  (SCALE 0-3)  20
DPTR FM NORMAL     0    PTCLDY (SCALE 4-7)   7
TOTAL FM JUL 1     0    CLOUDY (SCALE 8-10)  0
DPTR FM NORMAL     0

[CDD (BASE 65) ]
TOTAL THIS MO.   525
DPTR FM NORMAL    82    [PRESSURE DATA]
TOTAL FM JAN 1  1313    HIGHEST SLP M ON M
DPTR FM NORMAL   190    LOWEST  SLP 29.83 ON M

[REMARKS]
