000
CXUS53 KMPX 301000
CF6FCM
PRELIMINARY LOCAL CLIMATOLOGICAL DATA (WS FORM: F-6)

                                          STATION:   MINNEAPOLIS FLYING CLOUD MN
                                          MONTH:     AUGUST
                                          YEAR:      2016
                                          LATITUDE:   44 49 N
                                          LONGITUDE:  93 27 W

  TEMPERATURE IN F:       :PCPN:    SNOW:  WIND      :SUNSHINE: SKY     :PK WND
================================================================================
1   2   3   4   5  6A  6B    7    8   9   10  11  12  13   14  15   16   17  18
                                     12Z  AVG MX 2MIN
DY MAX MIN AVG DEP HDD CDD  WTR  SNW DPTH SPD SPD DIR MIN PSBL S-S WX    SPD DR
================================================================================

 1  88  70  79   6   0  14    T    M    M 10.2 20 140   M    M   5 18     25 130
 2  90  72  81   8   0  16 0.00    M    M  5.0 12 210   M    M   4 18     14 230
 3  92  72  82   9   0  17 0.00    M    M  7.8 17 200   M    M   2 128    22 190
 4  85  67  76   4   0  11 0.31    M    M 10.2 22 250   M    M   2 13     29 250
 5  81  65  73   1   0   8 0.00    M    M  9.4 17 340   M    M   2        25 310
 6  83  62  73   1   0   8 0.00    M    M  6.2 14 330   M    M   1        18 320
 7  85  60  73   1   0   8 0.00    M    M  1.8  8 150   M    M   1         9 320
 8  85  63  74   2   0   9 0.00    M    M  8.8 18 150   M    M   1        26 150
 9  89  68  79   7   0  14 0.00    M    M  7.7 18 210   M    M   5        23 200
10  94  68  81   9   0  16 1.93    M    M  8.6 31 330   M    M   4 138    43 330
11  84  69  77   5   0  12 1.10    M    M  5.6 18 160   M    M   5 13     23 150
12  81  68  75   3   0  10 0.73    M    M  4.9 17 330   M    M   4 1      23 330
13  83  64  74   2   0   9    T    M    M  6.9 16 280   M    M   3 1      23 330
14  82  62  72   0   0   7 0.00    M    M  4.6 10 300   M    M   1 8      14 340
15  83  62  73   2   0   8 0.00    M    M  3.9 10 160   M    M   1 12     15 160
16  86  66  76   5   0  11 1.98    M    M  4.8 32 180   M    M   2 13     37 190
17  87  64  76   5   0  11 0.00    M    M  1.9  8 240   M    M   1 12     10 250
18  85  67  76   5   0  11 0.04    M    M  3.5 16 150   M    M   2 138    21 150
19  79  64  72   1   0   7 1.35    M    M  7.2 31 250   M    M   8 13     42 250
20  71  61  66  -5   0   1 0.32    M    M  9.1 21 300   M    M   8 13     27 320
21  76  58  67  -3   0   2 0.00    M    M  7.5 15 310   M    M   2        21 310
22  84  59  72   2   0   7 0.00    M    M 15.0 26 190   M    M   1        35 190
23  85  68  77   7   0  12 0.84    M    M 12.7 24 150   M    M   1 13     32 190
24  82  63  73   3   0   8 0.12    M    M  5.9 15 280   M    M   5 1      21 270
25  75  57  66  -4   0   1 0.00    M    M  8.0 18 300   M    M   1        23 250
26  73  54  64  -5   1   0 0.00    M    M  3.5  9 130   M    M   1 1      12 130
27  69  62  66  -3   0   1 0.12    M    M  4.3 15 110   M    M   8 18     18 110
28  85  61  73   4   0   8 0.00    M    M  7.7 16 160   M    M   2 1      21 180
29  86  69  78   9   0  13 0.29    M    M  8.2 18 190   M    M   2 13     24  20
================================================================================
SM 2408 1865         1 260  9.13    M    200.9          M       85
================================================================================
AV 83.0 64.3                               6.9 FASTST   M    M   3    MAX(MPH)
                                 MISC ---->  # 32 180               # 43  330
================================================================================
NOTES:
# LAST OF SEVERAL OCCURRENCES

COLUMN 17 PEAK WIND IN M.P.H.

PRELIMINARY LOCAL CLIMATOLOGICAL DATA (WS FORM: F-6) , PAGE 2

                                          STATION:  MINNEAPOLIS FLYING CLOUD MN
                                          MONTH:    AUGUST
                                          YEAR:     2016
                                          LATITUDE:   44 49 N
                                          LONGITUDE:  93 27 W

[TEMPERATURE DATA]      [PRECIPITATION DATA]       SYMBOLS USED IN COLUMN 16

AVERAGE MONTHLY: 73.7   TOTAL FOR MONTH:   9.13    1 = FOG OR MIST
DPTR FM NORMAL:   2.5   DPTR FM NORMAL:    5.05    2 = FOG REDUCING VISIBILITY
HIGHEST:    94 ON 10    GRTST 24HR  3.03 ON 10-11      TO 1/4 MILE OR LESS
LOWEST:     54 ON 26                               3 = THUNDER
                        SNOW, ICE PELLETS, HAIL    4 = ICE PELLETS
                        TOTAL MONTH:    M          5 = HAIL
                        GRTST 24HR    M  ON   M    6 = FREEZING RAIN OR DRIZZLE
                        GRTST DEPTH:  M  ON   M    7 = DUSTSTORM OR SANDSTORM:
                                                       VSBY 1/2 MILE OR LESS
                                                   8 = SMOKE OR HAZE
[NO. OF DAYS WITH]      [WEATHER - DAYS WITH]      9 = BLOWING SNOW
                                                   X = TORNADO
MAX 32 OR BELOW:   0    0.01 INCH OR MORE:  12
MAX 90 OR ABOVE:   3    0.10 INCH OR MORE:  11
MIN 32 OR BELOW:   0    0.50 INCH OR MORE:   6
MIN  0 OR BELOW:   0    1.00 INCH OR MORE:   4

[HDD (BASE 65) ]
TOTAL THIS MO.     1    CLEAR  (SCALE 0-3)  19
DPTR FM NORMAL    -3    PTCLDY (SCALE 4-7)  10
TOTAL FM JUL 1     2    CLOUDY (SCALE 8-10)  0
DPTR FM NORMAL    -6

[CDD (BASE 65) ]
TOTAL THIS MO.   260
DPTR FM NORMAL    72    [PRESSURE DATA]
TOTAL FM JAN 1   854    HIGHEST SLP M ON M
DPTR FM NORMAL   201    LOWEST  SLP 29.72 ON 11

[REMARKS]
