000
CXUS52 KFFC 271110
CF6FFC
PRELIMINARY LOCAL CLIMATOLOGICAL DATA (WS FORM: F-6)

                                          STATION:   PEACHTREE CITY
                                          MONTH:     JULY
                                          YEAR:      2015
                                          LATITUDE:   33 20 N
                                          LONGITUDE:  84 34 W

  TEMPERATURE IN F:       :PCPN:    SNOW:  WIND      :SUNSHINE: SKY     :PK WND
================================================================================
1   2   3   4   5  6A  6B    7    8   9   10  11  12  13   14  15   16   17  18
                                     12Z  AVG MX 2MIN
DY MAX MIN AVG DEP HDD CDD  WTR  SNW DPTH SPD SPD DIR MIN PSBL S-S WX    SPD DR
================================================================================

 1  86  69  78   0   0  13 0.21  0.0    M  3.5 23 330   M    M   5 138    33 340
 2  88  65  77  -1   0  12    T  0.0    M  4.3 16 270   M    M   1        22 280
 3  81  69  75  -4   0  10 0.57  0.0    M  5.9 31 320   M    M   4 138    43 320
 4  85  68  77  -2   0  12 1.64  0.0    M  3.2 14 250   M    M   4 123    23 240
 5  85  68  77  -2   0  12    T  0.0    M  2.0 13 320   M    M   4        16 240
 6  85  70  78  -1   0  13 0.04    M    M  2.1 12 320   M    M   5 138    13 320
 7  90  68  79   0   0  14 0.00  0.0    M  1.9  8 270   M    M   1 1      13 260
 8  91  69  80   1   0  15 0.01    M    M  1.9  9 330   M    M   1 1      12 250
 9  92  69  81   2   0  16 0.00    M    M  1.9 12 310   M    M   0 1      13 310
10  94  70  82   3   0  17 0.00  0.0    0  2.2 13 220   M    M   0 13     20 200
11  94  70  82   3   0  17 0.00    M    M  3.6 13 320   M    M   0        16 310
12  94  69  82   3   0  17 0.24    M    M  2.8 14 310   M    M   2 13     18  30
13  93  71  82   3   0  17 0.00    M    M  2.9 10 310   M    M   1 1      14 250
14  92  71  82   3   0  17 1.21    M    M  4.6 25 340   M    M   1 13     32 350
15  92  70  81   1   0  16 0.01    M    M  5.3 20 320   M    M   2 3      26 330
16  90  70  80   0   0  15 0.00    M    M  1.9  8 280   M    M   1 1      11  10
17  95  70  83   3   0  18 0.00    M    M  2.0  9  20   M    M   1 1      13 340
18  96  71  84   4   0  19 0.01    M    M  1.7 10 330   M    M   0 1      13 330
19  92  72  82   2   0  17 0.12    M    M  2.8 14 330   M    M   0 13     18 310
20  94  73  84   4   0  19 0.00    M    M  3.3 10 320   M    M   1 1      13 320
21  94  75  85   5   0  20 0.00    M    M  4.0 14 310   M    M   2 13     19 250
22  93  73  83   3   0  18 0.00    M    M  2.5 20 320   M    M   1 8      23 320
23  88  73  81   1   0  16 0.09    M    M  2.8 20 320   M    M   2 13     30 310
24  93  74  84   4   0  19 0.00    M    M  5.7 13 360   M    M   5 1      19 350
25  92  71  82   2   0  17 0.00    M    M  3.5 12 130   M    M   2 1      17 120
26  94  69  82   2   0  17 0.00    M    M  1.4  9  90   M    M   0 1      13  90
================================================================================
SM 2363 1827         0 413  4.15     0.0  79.7          M       46
================================================================================
AV 90.9 70.3                               3.1 FASTST   M    M   2    MAX(MPH)
                                 MISC ---->  # 31 320               # 43  320
================================================================================
NOTES:
# LAST OF SEVERAL OCCURRENCES

COLUMN 17 PEAK WIND IN M.P.H.

PRELIMINARY LOCAL CLIMATOLOGICAL DATA (WS FORM: F-6) , PAGE 2

                                          STATION:  PEACHTREE CITY
                                          MONTH:    JULY
                                          YEAR:     2015
                                          LATITUDE:   33 20 N
                                          LONGITUDE:  84 34 W

[TEMPERATURE DATA]      [PRECIPITATION DATA]       SYMBOLS USED IN COLUMN 16

AVERAGE MONTHLY: 80.6   TOTAL FOR MONTH:   4.15    1 = FOG OR MIST
DPTR FM NORMAL:   1.2   DPTR FM NORMAL:   -0.53    2 = FOG REDUCING VISIBILITY
HIGHEST:    96 ON 18    GRTST 24HR  1.72 ON  3- 4      TO 1/4 MILE OR LESS
LOWEST:     65 ON  2                               3 = THUNDER
                        SNOW, ICE PELLETS, HAIL    4 = ICE PELLETS
                        TOTAL MONTH:   0.0 INCH    5 = HAIL
                        GRTST 24HR     0.0         6 = FREEZING RAIN OR DRIZZLE
                        GRTST DEPTH:   0           7 = DUSTSTORM OR SANDSTORM:
                                                       VSBY 1/2 MILE OR LESS
                                                   8 = SMOKE OR HAZE
[NO. OF DAYS WITH]      [WEATHER - DAYS WITH]      9 = BLOWING SNOW
                                                   X = TORNADO
MAX 32 OR BELOW:   0    0.01 INCH OR MORE:  11
MAX 90 OR ABOVE:  19    0.10 INCH OR MORE:   6
MIN 32 OR BELOW:   0    0.50 INCH OR MORE:   3
MIN  0 OR BELOW:   0    1.00 INCH OR MORE:   2

[HDD (BASE 65) ]
TOTAL THIS MO.     0    CLEAR  (SCALE 0-3)  20
DPTR FM NORMAL     0    PTCLDY (SCALE 4-7)   6
TOTAL FM JUL 1     0    CLOUDY (SCALE 8-10)  0
DPTR FM NORMAL     0

[CDD (BASE 65) ]
TOTAL THIS MO.   413
DPTR FM NORMAL    41    [PRESSURE DATA]
TOTAL FM JAN 1  1125    HIGHEST SLP M ON M
DPTR FM NORMAL   236    LOWEST  SLP 29.75 ON 14

[REMARKS]
