000
CXUS52 KFFC 301110
CF6FFC
PRELIMINARY LOCAL CLIMATOLOGICAL DATA (WS FORM: F-6)

                                          STATION:   PEACHTREE CITY
                                          MONTH:     APRIL
                                          YEAR:      2016
                                          LATITUDE:   33 20 N
                                          LONGITUDE:  84 34 W

  TEMPERATURE IN F:       :PCPN:    SNOW:  WIND      :SUNSHINE: SKY     :PK WND
================================================================================
1   2   3   4   5  6A  6B    7    8   9   10  11  12  13   14  15   16   17  18
                                     12Z  AVG MX 2MIN
DY MAX MIN AVG DEP HDD CDD  WTR  SNW DPTH SPD SPD DIR MIN PSBL S-S WX    SPD DR
================================================================================

 1  70  60  65   8   0   0 2.06    M    M  4.0 15 330   M    M   9 13     17 320
 2  65  51  58   1   7   0 0.17  0.0    M  9.0 22 310   M    M   3 1      31 320
 3  71  43  57   0   8   0 0.00  0.0    M  5.8 23 330   M    M   0        30 330
 4  76  37  57  -1   8   0 0.00    M    M  3.9 15 310   M    M   0        21 310
 5  70  40  55  -3  10   0 0.00    M    M  7.4 23 320   M    M   0        36 310
 6  67  39  53  -5  12   0 0.34    M    M  7.2 36 300   M    M   2 138    51 320
 7  72  46  59   1   6   0 0.01  0.0    0  6.4 18 310   M    M   1 13     28 290
 8  64  43  54  -5  11   0    T  0.0    0  7.5 22 320   M    M   3        29 300
 9  63  37  50  -9  15   0 0.00  0.0    0  7.5 25 310   M    M   0        37 320
10  65  33  49 -10  16   0 0.00  0.0    0  4.4 15 140   M    M   2        19 140
11  74  41  58  -1   7   0 0.63  0.0    0  4.2 12 180   M    M   5 1      16 170
12  73  50  62   2   3   0 0.11  0.0    0  5.6 15 320   M    M   7 1      22 150
13  64  46  55  -5  10   0 0.02  0.0    0  5.5 14  80   M    M   8        19  80
14  68  56  62   2   3   0 0.16  0.0    M  7.0 18 110   M    M   7 1      26 120
15  67  50  59  -1   6   0 0.07  0.0    M  9.9 21 120   M    M   8 18     27 120
16  72  47  60  -1   5   0 0.09  0.0    M  7.3 20 120   M    M   5 1      24  80
17  74  40  57  -4   8   0 0.00  0.0    M  3.7 16  70   M    M   0 8      22  90
18  79  40  60  -1   5   0 0.00  0.0    M  2.1 13 120   M    M   0        18 130
19  83  43  63   2   2   0 0.00    M    M  1.6 10 340   M    M   0        12 340
20  80  54  67   5   0   2 0.00    M    M  1.4  8 100   M    M   0        13  90
21  79  47  63   1   2   0 0.01    M    M  3.8 14 140   M    M   4        22 150
22  72  59  66   4   0   1 0.22    M    M  1.7  8 130   M    M   7 1      12 270
23  76  53  65   3   0   0 0.00    M    M  7.2 18 320   M    M   1        27 320
24  79  48  64   1   1   0 0.00    M    M  2.6 13 130   M    M   1        16  90
25  80  54  67   4   0   2    T    M    M  4.1 14 140   M    M   3        20 170
26  82  56  69   6   0   4 0.00    M    M  1.3 12 260   M    M   2 1      16 250
27  83  56  70   6   0   5 0.04    M    M  3.5 12 220   M    M   2 13     21 240
28  82  63  73   9   0   8 0.00    M    M  3.1 12 280   M    M   4 1      18 290
29  87  58  73   9   0   8 0.00    M    M  1.6  8 280   M    M   1 12     12 140
================================================================================
SM 2137 1390       145  30  3.93     0.0 140.3          M       85
================================================================================
AV 73.7 47.9                               4.8 FASTST   M    M   3    MAX(MPH)
                                 MISC ---->  # 36 300               # 51  320
================================================================================
NOTES:
# LAST OF SEVERAL OCCURRENCES

COLUMN 17 PEAK WIND IN M.P.H.

PRELIMINARY LOCAL CLIMATOLOGICAL DATA (WS FORM: F-6) , PAGE 2

                                          STATION:  PEACHTREE CITY
                                          MONTH:    APRIL
                                          YEAR:     2016
                                          LATITUDE:   33 20 N
                                          LONGITUDE:  84 34 W

[TEMPERATURE DATA]      [PRECIPITATION DATA]       SYMBOLS USED IN COLUMN 16

AVERAGE MONTHLY: 60.8   TOTAL FOR MONTH:   3.93    1 = FOG OR MIST
DPTR FM NORMAL:   0.4   DPTR FM NORMAL:    0.12    2 = FOG REDUCING VISIBILITY
HIGHEST:    87 ON 29    GRTST 24HR  2.30 ON 31- 1      TO 1/4 MILE OR LESS
LOWEST:     33 ON 10                               3 = THUNDER
                        SNOW, ICE PELLETS, HAIL    4 = ICE PELLETS
                        TOTAL MONTH:   0.0 INCH    5 = HAIL
                        GRTST 24HR     0.0         6 = FREEZING RAIN OR DRIZZLE
                        GRTST DEPTH:   0           7 = DUSTSTORM OR SANDSTORM:
                                                       VSBY 1/2 MILE OR LESS
                                                   8 = SMOKE OR HAZE
[NO. OF DAYS WITH]      [WEATHER - DAYS WITH]      9 = BLOWING SNOW
                                                   X = TORNADO
MAX 32 OR BELOW:   0    0.01 INCH OR MORE:  13
MAX 90 OR ABOVE:   0    0.10 INCH OR MORE:   7
MIN 32 OR BELOW:   0    0.50 INCH OR MORE:   2
MIN  0 OR BELOW:   0    1.00 INCH OR MORE:   1

[HDD (BASE 65) ]
TOTAL THIS MO.   145    CLEAR  (SCALE 0-3)  18
DPTR FM NORMAL   -18    PTCLDY (SCALE 4-7)   9
TOTAL FM JUL 1  2292    CLOUDY (SCALE 8-10)  2
DPTR FM NORMAL  -623

[CDD (BASE 65) ]
TOTAL THIS MO.    30
DPTR FM NORMAL     1    [PRESSURE DATA]
TOTAL FM JAN 1    41    HIGHEST SLP  0.00 ON 20
DPTR FM NORMAL     7    LOWEST  SLP 29.72 ON  2

[REMARKS]
