000
CXUS53 KARX 230930
CF6FKA
PRELIMINARY LOCAL CLIMATOLOGICAL DATA (WS FORM: F-6)

                                          STATION:   PRESTON MN
                                          MONTH:     JULY
                                          YEAR:      2014
                                          LATITUDE:   43 40 N
                                          LONGITUDE:  92 11 W

  TEMPERATURE IN F:       :PCPN:    SNOW:  WIND      :SUNSHINE: SKY     :PK WND
================================================================================
1   2   3   4   5  6A  6B    7    8   9   10  11  12  13   14  15   16   17  18
                                     12Z  AVG MX 2MIN
DY MAX MIN AVG DEP HDD CDD  WTR  SNW DPTH SPD SPD DIR MIN PSBL S-S WX    SPD DR
================================================================================

 1  73  55  64   M   1   0 0.01  0.0    0 12.5 27 300   M    M   6        33 290
 2  68  54  61   M   4   0 0.00  0.0    0  8.5 14 310   M    M   7 1      21  20
 3  73  52  63   M   2   0 0.00  0.0    0  3.5  9 340   M    M   3         M  M
 4  76  54  65   M   0   0 0.00  0.0    0  6.2 13 190   M    M   0        18 170
 5  74  61  68   M   0   3 0.00  0.0    0 12.1 18 180   M    M   7 1      25 180
 6  83  65  74   M   0   9 0.00  0.0    0  9.9 18 200   M    M   7 13     23 200
 7  82  62  72   M   0   7 0.96  0.0    0  8.6 16 260   M    M   2 3      32 240
 8  74  58  66   M   0   1 0.00  0.0    0 13.9 22 310   M    M   2        29 310
 9  75  55  65   M   0   0 0.00  0.0    0  5.9  9 320   M    M   1         M  M
10  81  58  70   M   0   5 0.00  0.0    0  7.7 13 190   M    M   3        17 190
11  77  63  70   M   0   5 0.09  0.0    0 11.0 17 200   M    M   7 1      24 200
12  74  63  69   M   0   4 0.32  0.0    0  3.9 15 290   M    M   7 12      M  M
13  74  60  67   M   0   2 0.00  0.0    0  9.9 17 300   M    M   2        24 290
14  65  53  59   M   6   0 0.01  0.0    0 12.5 21 330   M    M   5        32 320
15  65  52  59   M   6   0 0.00  0.0    0 10.4 16 330   M    M   7        23 340
16  71  50  61   M   4   0 0.00  0.0    0  5.5 10  20   M    M   2        16 350
17  74  53  64   M   1   0 0.00  0.0    0  4.6  7 200   M    M   2         M  M
18  76  57  67   M   0   2 0.00  0.0    0  7.3 15 170   M    M   5        23 170
19  76  62  69   M   0   4 0.00  0.0    0  9.0 18 190   M    M   6        22 190
20  80  65  73   M   0   8 0.00  0.0    0 11.2 17 200   M    M   6        25 200
21  85  69  77   M   0  12 0.00  0.0    0 11.6 15 160   M    M   6        24 160
22  82  65  74   M   0   9 0.00  0.0    0 10.7 14 330   M    M   2 1      22 180
================================================================================
SM 1658 1286        24  71  1.39     0.0 196.4          M       95
================================================================================
AV 75.4 58.5                               8.9 FASTST   M    M   4    MAX(MPH)
                                 MISC ---->  # 27 300                 33    M
================================================================================
NOTES:
# LAST OF SEVERAL OCCURRENCES

COLUMN 17 PEAK WIND IN M.P.H.

PRELIMINARY LOCAL CLIMATOLOGICAL DATA (WS FORM: F-6) , PAGE 2

                                          STATION:  PRESTON MN
                                          MONTH:    JULY
                                          YEAR:     2014
                                          LATITUDE:   43 40 N
                                          LONGITUDE:  92 11 W

[TEMPERATURE DATA]      [PRECIPITATION DATA]       SYMBOLS USED IN COLUMN 16

AVERAGE MONTHLY: 66.9   TOTAL FOR MONTH:   1.39    1 = FOG OR MIST
DPTR FM NORMAL:     M   DPTR FM NORMAL:       M    2 = FOG REDUCING VISIBILITY
HIGHEST:    85 ON 21    GRTST 24HR  0.96 ON  7- 7      TO 1/4 MILE OR LESS
LOWEST:     50 ON 16                               3 = THUNDER
                        SNOW, ICE PELLETS, HAIL    4 = ICE PELLETS
                        TOTAL MONTH:   0.0 INCH    5 = HAIL
                        GRTST 24HR     0.0         6 = FREEZING RAIN OR DRIZZLE
                        GRTST DEPTH:   0           7 = DUSTSTORM OR SANDSTORM:
                                                       VSBY 1/2 MILE OR LESS
                                                   8 = SMOKE OR HAZE
[NO. OF DAYS WITH]      [WEATHER - DAYS WITH]      9 = BLOWING SNOW
                                                   X = TORNADO
MAX 32 OR BELOW:   0    0.01 INCH OR MORE:   5
MAX 90 OR ABOVE:   0    0.10 INCH OR MORE:   2
MIN 32 OR BELOW:   0    0.50 INCH OR MORE:   1
MIN  0 OR BELOW:   0    1.00 INCH OR MORE:   0

[HDD (BASE 65) ]
TOTAL THIS MO.    24    CLEAR  (SCALE 0-3)  10
DPTR FM NORMAL     M    PTCLDY (SCALE 4-7)  12
TOTAL FM JUL 1    24    CLOUDY (SCALE 8-10)  0
DPTR FM NORMAL     M

[CDD (BASE 65) ]
TOTAL THIS MO.    71
DPTR FM NORMAL     M    [PRESSURE DATA]
TOTAL FM JAN 1   232    HIGHEST SLP M ON M
DPTR FM NORMAL     M    LOWEST  SLP M ON M

[REMARKS]
