000
CXUS53 KARX 270930
CF6FKA
PRELIMINARY LOCAL CLIMATOLOGICAL DATA (WS FORM: F-6)

                                          STATION:   PRESTON MN
                                          MONTH:     MARCH
                                          YEAR:      2015
                                          LATITUDE:   43 40 N
                                          LONGITUDE:  92 11 W

  TEMPERATURE IN F:       :PCPN:    SNOW:  WIND      :SUNSHINE: SKY     :PK WND
================================================================================
1   2   3   4   5  6A  6B    7    8   9   10  11  12  13   14  15   16   17  18
                                     12Z  AVG MX 2MIN
DY MAX MIN AVG DEP HDD CDD  WTR  SNW DPTH SPD SPD DIR MIN PSBL S-S WX    SPD DR
================================================================================

 1  20   6  13   M  52   0    M    M    M 11.2 17 280   M    M   4 1      23 280
 2  21   5  13   M  52   0 0.00  0.0    M  7.7 17 310   M    M   4        18 320
 3  28   6  17   M  48   0    M    M    M 13.3 25 300   M    M   9 16     32 300
 4  10  -6   2   M  63   0 0.00  0.0    M 14.5 21 310   M    M   0        28 310
 5   8 -12  -2   M  67   0 0.00  0.0    M  8.3 15 190   M    M   0         M  M
 6  34   1  18   M  47   0 0.00  0.0    M 13.7 22 190   M    M   1        27 190
 7  38  24  31   M  34   0 0.00  0.0    M 12.3 20 300   M    M   3        25 300
 8  43  27  35   M  30   0 0.00  0.0    M  8.4 15 250   M    M   4        21 240
 9  49  33  41   M  24   0 0.00  0.0    2 11.9 17 220   M    M   0        27 220
10  58  35  47   M  18   0 0.00  0.0    1 12.6 18 210   M    M   0        24 200
11  54  32  43   M  22   0 0.00  0.0    0  4.8  9 350   M    M   0         M  M
12  57  35  46   M  19   0 0.00  0.0    0 13.0 23 170   M    M   0 1      28 170
13  63  38  51   M  14   0 0.00  0.0    0 14.5 20 300   M    M   2 1      24 210
14  57  31  44   M  21   0 0.00  0.0    0 10.6 18 330   M    M   0        25 330
15  62  35  49   M  16   0 0.00  0.0    0 13.4 23 210   M    M   0        39 210
16  66  37  52   M  13   0 0.00  0.0    0 13.2 21 360   M    M   1        30 360
17  42  27  35   M  30   0 0.00  0.0    0 10.8 20 350   M    M   0        28 360
18  43  27  35   M  30   0 0.00  0.0    0  2.3  6 280   M    M   7         M  M
19  47  32  40   M  25   0 0.00  0.0    0  9.2 21 180   M    M  10        25 180
20  54  30  42   M  23   0 0.00  0.0    0  9.7 16 300   M    M   3        18 200
21  43  28  36   M  29   0 0.00  0.0    0 10.2 18 350   M    M   1        24 360
22  32  27  30   M  35   0 0.26    M    8  9.0 14  80   M    M   9        17 100
23  31  25  28   M  37   0 0.19    M    8  8.1 16 110   M    M   9        23 100
24  37  19  28   M  37   0 0.27    M    6 11.1 18 120   M    M   6 1      28 120
25  37  28  33   M  32   0 0.02    M    3 15.1 28 280   M    M   9 1      39 280
26  31  22  27   M  38   0 0.00  0.0    M 12.4 17 320   M    M   7        23 330
================================================================================
SM 1065  592       856   0  0.74     0.0 281.3          M       89
================================================================================
AV 41.0 22.8                              10.8 FASTST   M    M   3    MAX(MPH)
                                 MISC ---->    28   M                 39    M
================================================================================
NOTES:
# LAST OF SEVERAL OCCURRENCES

COLUMN 17 PEAK WIND IN M.P.H.

PRELIMINARY LOCAL CLIMATOLOGICAL DATA (WS FORM: F-6) , PAGE 2

                                          STATION:  PRESTON MN
                                          MONTH:    MARCH
                                          YEAR:     2015
                                          LATITUDE:   43 40 N
                                          LONGITUDE:  92 11 W

[TEMPERATURE DATA]      [PRECIPITATION DATA]       SYMBOLS USED IN COLUMN 16

AVERAGE MONTHLY: 31.9   TOTAL FOR MONTH:   0.74    1 = FOG OR MIST
DPTR FM NORMAL:     M   DPTR FM NORMAL:       M    2 = FOG REDUCING VISIBILITY
HIGHEST:    66 ON 16    GRTST 24HR  0.27 ON 24-24      TO 1/4 MILE OR LESS
LOWEST:    -12 ON  5                               3 = THUNDER
                        SNOW, ICE PELLETS, HAIL    4 = ICE PELLETS
                        TOTAL MONTH:   0.0 INCH    5 = HAIL
                        GRTST 24HR     0.0         6 = FREEZING RAIN OR DRIZZLE
                        GRTST DEPTH:   8 ON 23,22  7 = DUSTSTORM OR SANDSTORM:
                                                       VSBY 1/2 MILE OR LESS
                                                   8 = SMOKE OR HAZE
[NO. OF DAYS WITH]      [WEATHER - DAYS WITH]      9 = BLOWING SNOW
                                                   X = TORNADO
MAX 32 OR BELOW:   8    0.01 INCH OR MORE:   4
MAX 90 OR ABOVE:   0    0.10 INCH OR MORE:   3
MIN 32 OR BELOW:  20    0.50 INCH OR MORE:   0
MIN  0 OR BELOW:   2    1.00 INCH OR MORE:   0

[HDD (BASE 65) ]
TOTAL THIS MO.   856    CLEAR  (SCALE 0-3)  15
DPTR FM NORMAL     M    PTCLDY (SCALE 4-7)   6
TOTAL FM JUL 1  7175    CLOUDY (SCALE 8-10)  5
DPTR FM NORMAL     M

[CDD (BASE 65) ]
TOTAL THIS MO.     0
DPTR FM NORMAL     M    [PRESSURE DATA]
TOTAL FM JAN 1     0    HIGHEST SLP M ON M
DPTR FM NORMAL     M    LOWEST  SLP M ON M

[REMARKS]
