000
CXUS53 KARX 200930
CF6FKA
PRELIMINARY LOCAL CLIMATOLOGICAL DATA (WS FORM: F-6)

                                          STATION:   PRESTON MN
                                          MONTH:     DECEMBER
                                          YEAR:      2014
                                          LATITUDE:   43 40 N
                                          LONGITUDE:  92 11 W

  TEMPERATURE IN F:       :PCPN:    SNOW:  WIND      :SUNSHINE: SKY     :PK WND
================================================================================
1   2   3   4   5  6A  6B    7    8   9   10  11  12  13   14  15   16   17  18
                                     12Z  AVG MX 2MIN
DY MAX MIN AVG DEP HDD CDD  WTR  SNW DPTH SPD SPD DIR MIN PSBL S-S WX    SPD DR
================================================================================

 1   7   0   4   M  61   0 0.00  0.0    M  8.1 16 310   M    M   0        20 310
 2  26   8  17   M  48   0 0.00  0.0    M 13.4 23 190   M    M   6        28 190
 3  25  13  19   M  46   0 0.00  0.0    M 10.9 21 310   M    M   0        27 310
 4  32  11  22   M  43   0 0.00  0.0    M  7.6 18 170   M    M   5        24 170
 5  31  28  30   M  35   0 0.00  0.0    M  6.4 13 180   M    M  10 1      18 180
 6  34  19  27   M  38   0 0.00  0.0    M  5.9  9 140   M    M   2 1       M  M
 7  34  24  29   M  36   0 0.06    M    M 13.1 22 170   M    M   5 1      32 170
 8  33  24  29   M  36   0 0.00  0.0    M 12.9 23 310   M    M  10 12     23 300
 9  24  21  23   M  42   0 0.00  0.0    M  7.2 16 350   M    M  10 1      20 350
10  27  24  26   M  39   0 0.00  0.0    M  3.3  9 190   M    M  10         M  M
11  28  23  26   M  39   0 0.00  0.0    M  3.7  8 220   M    M  10 1       M  M
12  34  28  31   M  34   0 0.00  0.0    M  8.0 14 220   M    M   9 12     20 230
13  43  31  37   M  28   0 0.00  0.0    M  9.3 14 210   M    M   9 12     18 210
14  47  42  45   M  20   0 0.00  0.0    0  7.3 10 170   M    M  10 12      M  M
15  46  41  44   M  21   0 0.14  0.0    M  5.8 12 140   M    M  10 12      M  M
16  40  18  29   M  36   0    M    M    M 17.7 24 320   M    M  10 1      33 340
17  20  12  16   M  49   0    M    M    M  8.1 15 310   M    M   9         M  M
18  22  12  17   M  48   0    M    M    M  0.5  5 140   M    M   8         M  M
19  28  21  25   M  40   0    M    M    M  5.3 10 160   M    M  10         M  M
================================================================================
SM  581  400       739   0  0.20     0.0 154.5          M      143
================================================================================
AV 30.6 21.1                               8.1 FASTST   M    M   8    MAX(MPH)
                                 MISC ---->    24   M                 33    M
================================================================================
NOTES:
# LAST OF SEVERAL OCCURRENCES

COLUMN 17 PEAK WIND IN M.P.H.

PRELIMINARY LOCAL CLIMATOLOGICAL DATA (WS FORM: F-6) , PAGE 2

                                          STATION:  PRESTON MN
                                          MONTH:    DECEMBER
                                          YEAR:     2014
                                          LATITUDE:   43 40 N
                                          LONGITUDE:  92 11 W

[TEMPERATURE DATA]      [PRECIPITATION DATA]       SYMBOLS USED IN COLUMN 16

AVERAGE MONTHLY: 25.8   TOTAL FOR MONTH:   0.20    1 = FOG OR MIST
DPTR FM NORMAL:     M   DPTR FM NORMAL:       M    2 = FOG REDUCING VISIBILITY
HIGHEST:    47 ON 14    GRTST 24HR  0.14 ON 15-15      TO 1/4 MILE OR LESS
LOWEST:      0 ON  1                               3 = THUNDER
                        SNOW, ICE PELLETS, HAIL    4 = ICE PELLETS
                        TOTAL MONTH:   0.0 INCH    5 = HAIL
                        GRTST 24HR     0.0         6 = FREEZING RAIN OR DRIZZLE
                        GRTST DEPTH:   0           7 = DUSTSTORM OR SANDSTORM:
                                                       VSBY 1/2 MILE OR LESS
                                                   8 = SMOKE OR HAZE
[NO. OF DAYS WITH]      [WEATHER - DAYS WITH]      9 = BLOWING SNOW
                                                   X = TORNADO
MAX 32 OR BELOW:  11    0.01 INCH OR MORE:   2
MAX 90 OR ABOVE:   0    0.10 INCH OR MORE:   1
MIN 32 OR BELOW:  17    0.50 INCH OR MORE:   0
MIN  0 OR BELOW:   1    1.00 INCH OR MORE:   0

[HDD (BASE 65) ]
TOTAL THIS MO.   739    CLEAR  (SCALE 0-3)   3
DPTR FM NORMAL     M    PTCLDY (SCALE 4-7)   4
TOTAL FM JUL 1  2721    CLOUDY (SCALE 8-10) 12
DPTR FM NORMAL     M

[CDD (BASE 65) ]
TOTAL THIS MO.     0
DPTR FM NORMAL     M    [PRESSURE DATA]
TOTAL FM JAN 1   426    HIGHEST SLP M ON M
DPTR FM NORMAL     M    LOWEST  SLP M ON M

[REMARKS]
