000
CXUS52 KMFL 261000
CF6FLL
PRELIMINARY LOCAL CLIMATOLOGICAL DATA (WS FORM: F-6)

                                          STATION:   FORT LAUDERDALE
                                          MONTH:     MAY
                                          YEAR:      2017
                                          LATITUDE:   26  4 N
                                          LONGITUDE:  80  9 W

  TEMPERATURE IN F:       :PCPN:    SNOW:  WIND      :SUNSHINE: SKY     :PK WND
================================================================================
1   2   3   4   5  6A  6B    7    8   9   10  11  12  13   14  15   16   17  18
                                     12Z  AVG MX 2MIN
DY MAX MIN AVG DEP HDD CDD  WTR  SNW DPTH SPD SPD DIR MIN PSBL S-S WX    SPD DR
================================================================================

 1  85  77  81   3   0  16    T  0.0    0 17.3 24 140   M    M   7        30 130
 2  86  72  79   1   0  14 0.20  0.0    0 11.5 22 140   M    M   5 3      27 140
 3  85  70  78   0   0  13 0.00  0.0    0  8.7 17 100   M    M   3        22  90
 4  85  72  79   1   0  14 0.16  0.0    0 10.2 26 250   M    M   4 3      32 250
 5  86  68  77  -2   0  12 0.18  0.0    0 11.1 21 260   M    M   7 13     27 280
 6  81  64  73  -6   0   8 0.00  0.0    0 10.0 23 340   M    M   3        29 340
 7  83  62  73  -6   0   8 0.00  0.0    0  7.1 13  90   M    M   1        17 320
 8  85  66  76  -3   0  11 0.00  0.0    0  7.5 17 110   M    M   1        21  90
 9  86  69  78  -1   0  13 0.00  0.0    0  6.1 16 130   M    M   1        22 120
10  86  72  79   0   0  14 0.00  0.0    0  6.7 15 130   M    M   3        22 120
11  87  72  80   0   0  15 0.00  0.0    0  7.3 15 130   M    M   3        20 150
12  87  72  80   0   0  15 0.00  0.0    0  8.8 21 140   M    M   6        25 140
13  91  75  83   3   0  18 0.00  0.0    0  9.7 23 260   M    M   7        30 270
14  91  75  83   3   0  18 0.36  0.0    0  8.1 16 220   M    M   7 13     23 200
15  88  71  80   0   0  15 0.00  0.0    0  7.8 16 100   M    M   3        20 100
16  87  75  81   1   0  16 0.00  0.0    0 11.6 21 100   M    M   4        26  90
17  87  78  83   3   0  18 0.08  0.0    0 17.7 25 100   M    M   5        31 110
18  86  76  81   1   0  16 0.25  0.0    0 17.8 25 100   M    M   8 1      30 110
19  87  75  81   0   0  16 0.23  0.0    0 18.3 23 110   M    M   7 1      29 100
20  87  80  84   3   0  19 0.00  0.0    0 14.9 18 120   M    M   4        25 110
21  86  78  82   1   0  17 0.00  0.0    0 12.6 20 120   M    M   3        26 110
22  87  76  82   1   0  17 0.00  0.0    0  8.3 21 130   M    M   3        25 150
23  88  78  83   2   0  18 0.00  0.0    0  9.9 23 140   M    M   7        29 140
24  91  72  82   1   0  17 0.86  0.0    0 13.1 26 180   M    M   8 138    34 180
25  86  75  81  -1   0  16 0.50  0.0    0  9.5 28 250   M    M   9 138    40 240
================================================================================
SM 2164 1820         0 374  2.82     0.0 271.6          M      119
================================================================================
AV 86.6 72.8                              10.9 FASTST   M    M   5    MAX(MPH)
                                 MISC ---->  # 28 250               # 40  240
================================================================================
NOTES:
# LAST OF SEVERAL OCCURRENCES

COLUMN 17 PEAK WIND IN M.P.H.

PRELIMINARY LOCAL CLIMATOLOGICAL DATA (WS FORM: F-6) , PAGE 2

                                          STATION:  FORT LAUDERDALE
                                          MONTH:    MAY
                                          YEAR:     2017
                                          LATITUDE:   26  4 N
                                          LONGITUDE:  80  9 W

[TEMPERATURE DATA]      [PRECIPITATION DATA]       SYMBOLS USED IN COLUMN 16

AVERAGE MONTHLY: 79.7   TOTAL FOR MONTH:   2.82    1 = FOG OR MIST
DPTR FM NORMAL:  -0.1   DPTR FM NORMAL:   -0.49    2 = FOG REDUCING VISIBILITY
HIGHEST:    91 ON 24,14 GRTST 24HR  0.86 ON 24-24      TO 1/4 MILE OR LESS
LOWEST:     62 ON  7                               3 = THUNDER
                        SNOW, ICE PELLETS, HAIL    4 = ICE PELLETS
                        TOTAL MONTH:   0.0 INCH    5 = HAIL
                        GRTST 24HR     0.0         6 = FREEZING RAIN OR DRIZZLE
                        GRTST DEPTH:   0           7 = DUSTSTORM OR SANDSTORM:
                                                       VSBY 1/2 MILE OR LESS
                                                   8 = SMOKE OR HAZE
[NO. OF DAYS WITH]      [WEATHER - DAYS WITH]      9 = BLOWING SNOW
                                                   X = TORNADO
MAX 32 OR BELOW:   0    0.01 INCH OR MORE:   9
MAX 90 OR ABOVE:   3    0.10 INCH OR MORE:   8
MIN 32 OR BELOW:   0    0.50 INCH OR MORE:   2
MIN  0 OR BELOW:   0    1.00 INCH OR MORE:   0

[HDD (BASE 65) ]
TOTAL THIS MO.     0    CLEAR  (SCALE 0-3)   7
DPTR FM NORMAL     0    PTCLDY (SCALE 4-7)  17
TOTAL FM JUL 1    35    CLOUDY (SCALE 8-10)  1
DPTR FM NORMAL   -77

[CDD (BASE 65) ]
TOTAL THIS MO.   374
DPTR FM NORMAL     5    [PRESSURE DATA]
TOTAL FM JAN 1  1460    HIGHEST SLP M ON M
DPTR FM NORMAL   144    LOWEST  SLP 29.75 ON  5

[REMARKS]
