000
CXUS52 KILM 271000
CF6FLO
PRELIMINARY LOCAL CLIMATOLOGICAL DATA (WS FORM: F-6)

                                          STATION:   FLORENCE SC
                                          MONTH:     NOVEMBER
                                          YEAR:      2014
                                          LATITUDE:   34 10 N
                                          LONGITUDE:  79 43 W

  TEMPERATURE IN F:       :PCPN:    SNOW:  WIND      :SUNSHINE: SKY     :PK WND
================================================================================
1   2   3   4   5  6A  6B    7    8   9   10  11  12  13   14  15   16   17  18
                                     12Z  AVG MX 2MIN
DY MAX MIN AVG DEP HDD CDD  WTR  SNW DPTH SPD SPD DIR MIN PSBL S-S WX    SPD DR
================================================================================

 1  54  43  49 -11  16   0 0.37    M    M 15.8 25 360   M    M   7 1      27 350
 2  56  35  46 -13  19   0 0.00    M    M 11.7 25 340   M    M   0        34 340
 3  64  31  48 -11  17   0 0.00    M    M  3.2  9 350   M    M   0 8      12 350
 4  67  36  52  -7  13   0 0.00    M    M  3.5 12 220   M    M   0        14 200
 5  74  49  62   4   3   0 0.00    M    M  3.6 13 220   M    M   0 1      15 260
 6  79  60  70  12   0   5    T    M    M 10.4 26 220   M    M   3        33 220
 7  65  41  53  -5  12   0 0.00    M    M  7.0 23 340   M    M   0 18     31 360
 8  59  37  48 -10  17   0 0.00    M    M  2.9 10  30   M    M   2 1      13  30
 9  63  42  53  -4  12   0 0.00    M    M  2.6 10  20   M    M   4        12  20
10  67  37  52  -5  13   0 0.00    M    M  5.9 13  60   M    M   1        16  50
11  74  51  63   6   2   0 0.00    M    M  7.5 16 350   M    M   4 18     20 330
12  78  45  62   6   3   0 0.00    M    M  1.6  8 310   M    M   1 128     9 310
13  67  51  59   3   6   0 0.01    M    M  4.4 14  40   M    M   6 1      16  40
14  53  33  43 -13  22   0 0.00    M    M 10.4 21  20   M    M   7        27  40
15  50  28  39 -17  26   0 0.00    M    M  6.0 15  50   M    M   0        19  40
16  52  31  42 -13  23   0 0.01    M    M  5.5 12  20   M    M   9 128    14  20
17  75  45  60   5   5   0 0.03    M    M  7.6 30 220   M    M   7 12     38 220
18  47  23  35 -20  30   0 0.00    M    M  7.8 17 300   M    M   0        21 350
19  49  20  35 -19  30   0 0.00    M    M  3.9 12 200   M    M   0        17 200
20  64  28  46  -8  19   0 0.00    M    M  9.0 24 270   M    M   0        32 260
21  62  34  48  -6  17   0 0.00    M    M  7.1 16  20   M    M   0        20  40
22  61  27  44 -10  21   0 0.00    M    M  4.0 10 100   M    M   0        14 100
23  69  45  57   4   8   0 1.32    M    M 11.0 24 140   M    M   9 13     33 130
24  71  61  66  13   0   1 0.07    M    M  8.0 15 210   M    M   8 13     20 210
25  64  58  61   8   4   0 0.72    M    M  6.6 15  10   M    M   8 1      18  10
26  60  39  50  -2  15   0 1.03    M    M  8.4 25 350   M    M   8 12     36  40
================================================================================
SM 1644 1030       353   6  3.56    M    175.4          M       84
================================================================================
AV 63.2 39.6                               6.7 FASTST   M    M   3    MAX(MPH)
                                 MISC ---->  # 30 220               # 38  220
================================================================================
NOTES:
# LAST OF SEVERAL OCCURRENCES

COLUMN 17 PEAK WIND IN M.P.H.

PRELIMINARY LOCAL CLIMATOLOGICAL DATA (WS FORM: F-6) , PAGE 2

                                          STATION:  FLORENCE SC
                                          MONTH:    NOVEMBER
                                          YEAR:     2014
                                          LATITUDE:   34 10 N
                                          LONGITUDE:  79 43 W

[TEMPERATURE DATA]      [PRECIPITATION DATA]       SYMBOLS USED IN COLUMN 16

AVERAGE MONTHLY: 51.4   TOTAL FOR MONTH:   3.56    1 = FOG OR MIST
DPTR FM NORMAL:  -4.6   DPTR FM NORMAL:    1.26    2 = FOG REDUCING VISIBILITY
HIGHEST:    79 ON  6    GRTST 24HR  1.38 ON 25-26      TO 1/4 MILE OR LESS
LOWEST:     20 ON 19                               3 = THUNDER
                        SNOW, ICE PELLETS, HAIL    4 = ICE PELLETS
                        TOTAL MONTH:    M          5 = HAIL
                        GRTST 24HR    M  ON   M    6 = FREEZING RAIN OR DRIZZLE
                        GRTST DEPTH:  M  ON   M    7 = DUSTSTORM OR SANDSTORM:
                                                       VSBY 1/2 MILE OR LESS
                                                   8 = SMOKE OR HAZE
[NO. OF DAYS WITH]      [WEATHER - DAYS WITH]      9 = BLOWING SNOW
                                                   X = TORNADO
MAX 32 OR BELOW:   0    0.01 INCH OR MORE:   8
MAX 90 OR ABOVE:   0    0.10 INCH OR MORE:   4
MIN 32 OR BELOW:   7    0.50 INCH OR MORE:   3
MIN  0 OR BELOW:   0    1.00 INCH OR MORE:   2

[HDD (BASE 65) ]
TOTAL THIS MO.   353    CLEAR  (SCALE 0-3)  15
DPTR FM NORMAL   103    PTCLDY (SCALE 4-7)   8
TOTAL FM JUL 1   422    CLOUDY (SCALE 8-10)  3
DPTR FM NORMAL    55

[CDD (BASE 65) ]
TOTAL THIS MO.     6
DPTR FM NORMAL   -10    [PRESSURE DATA]
TOTAL FM JAN 1  2282    HIGHEST SLP M ON M
DPTR FM NORMAL   224    LOWEST  SLP 29.56 ON  1

[REMARKS]
