000
CXUS53 KOAX 201000
CF6FNB
PRELIMINARY LOCAL CLIMATOLOGICAL DATA (WS FORM: F-6)

                                          STATION:   FALLS CITY, NEBRASKA
                                          MONTH:     DECEMBER
                                          YEAR:      2014
                                          LATITUDE:   40  4 N
                                          LONGITUDE:  95 35 W

  TEMPERATURE IN F:       :PCPN:    SNOW:  WIND      :SUNSHINE: SKY     :PK WND
================================================================================
1   2   3   4   5  6A  6B    7    8   9   10  11  12  13   14  15   16   17  18
                                     12Z  AVG MX 2MIN
DY MAX MIN AVG DEP HDD CDD  WTR  SNW DPTH SPD SPD DIR MIN PSBL S-S WX    SPD DR
================================================================================

 1  26  11  19 -14  46   0 0.00    M    M  8.6 20  10   M    M   1        27  10
 2  44   9  27  -6  38   0 0.00    M    M  7.8 21 210   M    M   0        27 200
 3  43  20  32   0  33   0 0.00    M    M  6.8 15  20   M    M   0        19  10
 4  41  24  33   1  32   0 0.00    M    M  6.7 13 140   M    M   6 18     17 130
 5  48  35  42  10  23   0 0.01    M    M  4.3 10 330   M    M  10 1      14 320
 6  41  33  37   6  28   0 0.00    M    M  7.9 13  20   M    M  10 1      17  10
 7  41  33  37   6  28   0    T    M    M  9.3 17 160   M    M  10 1      22 160
 8  53  31  42  11  23   0 0.00    M    M 10.8 20 320   M    M   2 1      25 330
 9  35  20  28  -2  37   0 0.00    M    M  6.3 16 350   M    M   7        23 360
10  36  25  31   1  34   0 0.00    M    M  7.1 13 160   M    M  10 18     15 150
11  40  32  36   6  29   0 0.00    M    M  5.4  9 160   M    M  10 18     12 140
12  57  37  47  17  18   0 0.00    M    M  7.6 16 200   M    M   9 18     21 200
13  55  48  52  23  13   0 0.00    M    M 10.3 17 170   M    M  10 1      22 180
14  61  52  57  28   8   0 0.71    M    M 13.0 24 140   M    M  10 1      31 140
15  54  29  42  13  23   0 0.26    M    M 16.8 32 310   M    M  10 1      43 320
16  29  21  25  -3  40   0 0.00    M    M 17.0 31 320   M    M   9        38 330
17  29  20  25  -3  40   0 0.00    M    M  5.6 12 360   M    M   6        15 350
18  31  27  29   1  36   0 0.17    M    M  3.5  8 110   M    M  10 1      10 110
19  31  28  30   2  35   0 0.00    M    M  6.0 13 170   M    M  10 1      16 180
================================================================================
SM  795  535       564   0  1.15    M    160.8          M      140
================================================================================
AV 41.8 28.2                               8.5 FASTST   M    M   7    MAX(MPH)
                                 MISC ---->  # 32 310               # 43  320
================================================================================
NOTES:
# LAST OF SEVERAL OCCURRENCES

COLUMN 17 PEAK WIND IN M.P.H.

PRELIMINARY LOCAL CLIMATOLOGICAL DATA (WS FORM: F-6) , PAGE 2

                                          STATION:  FALLS CITY, NEBRASKA
                                          MONTH:    DECEMBER
                                          YEAR:     2014
                                          LATITUDE:   40  4 N
                                          LONGITUDE:  95 35 W

[TEMPERATURE DATA]      [PRECIPITATION DATA]       SYMBOLS USED IN COLUMN 16

AVERAGE MONTHLY: 35.0   TOTAL FOR MONTH:   1.15    1 = FOG OR MIST
DPTR FM NORMAL:   4.8   DPTR FM NORMAL:    0.46    2 = FOG REDUCING VISIBILITY
HIGHEST:    61 ON 14    GRTST 24HR  0.97 ON 14-15      TO 1/4 MILE OR LESS
LOWEST:      9 ON  2                               3 = THUNDER
                        SNOW, ICE PELLETS, HAIL    4 = ICE PELLETS
                        TOTAL MONTH:    M          5 = HAIL
                        GRTST 24HR    M  ON   M    6 = FREEZING RAIN OR DRIZZLE
                        GRTST DEPTH:  M  ON   M    7 = DUSTSTORM OR SANDSTORM:
                                                       VSBY 1/2 MILE OR LESS
                                                   8 = SMOKE OR HAZE
[NO. OF DAYS WITH]      [WEATHER - DAYS WITH]      9 = BLOWING SNOW
                                                   X = TORNADO
MAX 32 OR BELOW:   5    0.01 INCH OR MORE:   4
MAX 90 OR ABOVE:   0    0.10 INCH OR MORE:   3
MIN 32 OR BELOW:  13    0.50 INCH OR MORE:   1
MIN  0 OR BELOW:   0    1.00 INCH OR MORE:   0

[HDD (BASE 65) ]
TOTAL THIS MO.   564    CLEAR  (SCALE 0-3)   4
DPTR FM NORMAL   -97    PTCLDY (SCALE 4-7)   3
TOTAL FM JUL 1  1785    CLOUDY (SCALE 8-10) 12
DPTR FM NORMAL   -27

[CDD (BASE 65) ]
TOTAL THIS MO.     0
DPTR FM NORMAL     0    [PRESSURE DATA]
TOTAL FM JAN 1  1241    HIGHEST SLP  0.00 ON  8
DPTR FM NORMAL     2    LOWEST  SLP  0.00 ON  8

[REMARKS]
