000
CXUS55 KBOU 230802
CF6FNL
PRELIMINARY LOCAL CLIMATOLOGICAL DATA (WS FORM: F-6)

                                          STATION:   FT COLLINS/LOVELAND CO
                                          MONTH:     FEBRUARY
                                          YEAR:      2017
                                          LATITUDE:   40 27 N
                                          LONGITUDE: 105  1 W

  TEMPERATURE IN F:       :PCPN:    SNOW:  WIND      :SUNSHINE: SKY     :PK WND
================================================================================
1   2   3   4   5  6A  6B    7    8   9   10  11  12  13   14  15   16   17  18
                                     12Z  AVG MX 2MIN
DY MAX MIN AVG DEP HDD CDD  WTR  SNW DPTH SPD SPD DIR MIN PSBL S-S WX    SPD DR
================================================================================

 1  31  19  25   M  40   0    M    M    M  9.7 12 120   M    M  10 1      25  90
 2  23  16  20   M  45   0    M    M    M  6.2 14  20   M    M  10 1       M  M
 3  26  14  20   M  45   0    M    M    M  4.7  9  30   M    M  10 18      M  M
 4  58  16  37   M  28   0    M    M    M  9.1 25 270   M    M   3 12     33 270
 5  59  26  43   M  22   0    M    M    M  6.6 13 120   M    M   0         M  M
 6  60  27  44   M  21   0    M    M    M 10.6 24 230   M    M   0        31 270
 7  61  25  43   M  22   0    M    M    M 12.3 25 280   M    M   0        37 280
 8  57  29  43   M  22   0    M    M    M 18.1 37 290   M    M   0        48 290
 9  68  25  47   M  18   0    M    M    M  8.6 23 280   M    M   0        56 290
10  73  51  62   M   3   0    M    M    M 16.6 36 290   M    M   0        60 270
11  61  32  47   M  18   0    M    M    M 11.7 22  20   M    M   3        31  30
12  50  29  40   M  25   0    M    M    M  6.9 12 150   M    M   3        17 150
13  56  22  39   M  26   0    M    M    M  5.4 14  60   M    M   0         M  M
14  53  22  38   M  27   0    M    M    M  6.5 17 340   M    M   0        22  20
15  66  25  46   M  19   0    M    M    M  4.3  8 190   M    M   0         M  M
16  72  24  48   M  17   0    M    M    M  4.2  9 190   M    M   0         M  M
17  67  34  51   M  14   0    M    M    M  6.4 16 120   M    M   0         M  M
18  64  31  48   M  17   0    M    M    M  4.7  9 340   M    M   1         M  M
19  61  32  47   M  18   0    M    M    M  6.7 30 330   M    M   1        41 330
20  64  37  51   M  14   0    M    M    M 11.3 25 340   M    M   0        38 340
21  68  39  54   M  11   0    M    M    M 17.7 33 260   M    M   0        47 260
22  60  33  47   M  18   0    M    M    M 12.0 20  60   M    M   1        32 270
================================================================================
SM 1258  608       490   0    M     M    200.3          M       42
================================================================================
AV 57.2 27.6                               9.1 FASTST   M    M   2    MAX(MPH)
                                 MISC ---->    37   M                 60    M
================================================================================
NOTES:
# LAST OF SEVERAL OCCURRENCES

COLUMN 17 PEAK WIND IN M.P.H.

PRELIMINARY LOCAL CLIMATOLOGICAL DATA (WS FORM: F-6) , PAGE 2

                                          STATION:  FT COLLINS/LOVELAND CO
                                          MONTH:    FEBRUARY
                                          YEAR:     2017
                                          LATITUDE:   40 27 N
                                          LONGITUDE: 105  1 W

[TEMPERATURE DATA]      [PRECIPITATION DATA]       SYMBOLS USED IN COLUMN 16

AVERAGE MONTHLY: 42.4   TOTAL FOR MONTH:      M    1 = FOG OR MIST
DPTR FM NORMAL:     M   DPTR FM NORMAL:       M    2 = FOG REDUCING VISIBILITY
HIGHEST:    73 ON 10    GRTST 24HR    T  ON 31- 1      TO 1/4 MILE OR LESS
LOWEST:     14 ON  3                               3 = THUNDER
                        SNOW, ICE PELLETS, HAIL    4 = ICE PELLETS
                        TOTAL MONTH:    M          5 = HAIL
                        GRTST 24HR    M  ON   M    6 = FREEZING RAIN OR DRIZZLE
                        GRTST DEPTH:  M  ON   M    7 = DUSTSTORM OR SANDSTORM:
                                                       VSBY 1/2 MILE OR LESS
                                                   8 = SMOKE OR HAZE
[NO. OF DAYS WITH]      [WEATHER - DAYS WITH]      9 = BLOWING SNOW
                                                   X = TORNADO
MAX 32 OR BELOW:   3    0.01 INCH OR MORE:   0
MAX 90 OR ABOVE:   0    0.10 INCH OR MORE:   0
MIN 32 OR BELOW:  17    0.50 INCH OR MORE:   0
MIN  0 OR BELOW:   0    1.00 INCH OR MORE:   0

[HDD (BASE 65) ]
TOTAL THIS MO.   490    CLEAR  (SCALE 0-3)  18
DPTR FM NORMAL     M    PTCLDY (SCALE 4-7)   1
TOTAL FM JUL 1  3657    CLOUDY (SCALE 8-10)  3
DPTR FM NORMAL     M

[CDD (BASE 65) ]
TOTAL THIS MO.     0
DPTR FM NORMAL     M    [PRESSURE DATA]
TOTAL FM JAN 1     0    HIGHEST SLP M ON M
DPTR FM NORMAL     M    LOWEST  SLP M ON M

[REMARKS]
