000
CXUS53 KDTX 221115
CF6FNT
PRELIMINARY LOCAL CLIMATOLOGICAL DATA (WS FORM: F-6)

                                          STATION:   FLINT MI
                                          MONTH:     OCTOBER
                                          YEAR:      2014
                                          LATITUDE:   42 58 N
                                          LONGITUDE:  83 44 W

  TEMPERATURE IN F:       :PCPN:    SNOW:  WIND      :SUNSHINE: SKY     :PK WND
================================================================================
1   2   3   4   5  6A  6B    7    8   9   10  11  12  13   14  15   16   17  18
                                     12Z  AVG MX 2MIN
DY MAX MIN AVG DEP HDD CDD  WTR  SNW DPTH SPD SPD DIR MIN PSBL S-S WX    SPD DR
================================================================================

 1  70  51  61   6   4   0 0.00  0.0    0  5.4 14 170   M    M   7 128    19 160
 2  71  51  61   7   4   0 0.00  0.0    0 10.1 17 150   M    M   7 18     21 150
 3  71  51  61   7   4   0 0.38  0.0    0 14.7 25 290   M    M   9 18     33 180
 4  51  41  46  -8  19   0 0.14  0.0    0 11.1 29 270   M    M  10        36 270
 5  54  44  49  -4  16   0    T  0.0    0  9.9 22 240   M    M  10        29 260
 6  64  47  56   3   9   0 0.05  0.0    0  9.7 22 190   M    M   8        28 210
 7  65  46  56   4   9   0 0.02  0.0    0  9.6 25 280   M    M   2 13     30 290
 8  62  46  54   2  11   0 0.00  0.0    0 13.5 31 290   M    M   5 8      43 270
 9  61  38  50  -2  15   0 0.00  0.0    0  7.7 20 280   M    M   1        26 280
10  58  32  45  -6  20   0 0.00  0.0    0  3.2 13 320   M    M   2        16 300
11  60  30  45  -6  20   0 0.00  0.0    0  1.7  9 310   M    M   0 1      13  10
12  61  31  46  -5  19   0 0.00  0.0    0  6.8 18 150   M    M   1 1      23 140
13  70  51  61  11   4   0 0.10  0.0    0  9.4 22 160   M    M   7 18     27 160
14  71  60  66  16   0   1 0.39  0.0    0 10.3 23 170   M    M   8 1      32 170
15  68  51  60  10   5   0 0.02  0.0    0  3.8 12 160   M    M   8 12     13 170
16  62  49  56   7   9   0    T  0.0    0  5.1 13 270   M    M   9 128    16 270
17  64  47  56   7   9   0 0.12  0.0    0 12.9 30 260   M    M   9 1      38 270
18  49  36  43  -6  22   0 0.01  0.0    0 12.3 20 340   M    M   9 1      27 300
19  54  29  42  -6  23   0 0.00  0.0    0  5.6  9 250   M    M   0        16 270
20  58  49  54   6  11   0 0.13  0.0    0  8.3 17 350   M    M  10 18     22 340
21  50  44  47  -1  18   0 0.07  0.0    0 12.3 24  10   M    M  10 1      29  10
================================================================================
SM 1294  924       251   1  1.43     0.0 183.4          M      132
================================================================================
AV 61.6 44.0                               8.7 FASTST   M    M   6    MAX(MPH)
                                 MISC ---->  # 31 290               # 43  270
================================================================================
NOTES:
# LAST OF SEVERAL OCCURRENCES

COLUMN 17 PEAK WIND IN M.P.H.

PRELIMINARY LOCAL CLIMATOLOGICAL DATA (WS FORM: F-6) , PAGE 2

                                          STATION:  FLINT MI
                                          MONTH:    OCTOBER
                                          YEAR:     2014
                                          LATITUDE:   42 58 N
                                          LONGITUDE:  83 44 W

[TEMPERATURE DATA]      [PRECIPITATION DATA]       SYMBOLS USED IN COLUMN 16

AVERAGE MONTHLY: 52.8   TOTAL FOR MONTH:   1.43    1 = FOG OR MIST
DPTR FM NORMAL:   1.7   DPTR FM NORMAL:   -0.29    2 = FOG REDUCING VISIBILITY
HIGHEST:    71 ON 14, 3 GRTST 24HR  0.45 ON  3- 4      TO 1/4 MILE OR LESS
LOWEST:     29 ON 19                               3 = THUNDER
                        SNOW, ICE PELLETS, HAIL    4 = ICE PELLETS
                        TOTAL MONTH:   0.0 INCH    5 = HAIL
                        GRTST 24HR     0.0         6 = FREEZING RAIN OR DRIZZLE
                        GRTST DEPTH:   0           7 = DUSTSTORM OR SANDSTORM:
                                                       VSBY 1/2 MILE OR LESS
                                                   8 = SMOKE OR HAZE
[NO. OF DAYS WITH]      [WEATHER - DAYS WITH]      9 = BLOWING SNOW
                                                   X = TORNADO
MAX 32 OR BELOW:   0    0.01 INCH OR MORE:  11
MAX 90 OR ABOVE:   0    0.10 INCH OR MORE:   6
MIN 32 OR BELOW:   4    0.50 INCH OR MORE:   0
MIN  0 OR BELOW:   0    1.00 INCH OR MORE:   0

[HDD (BASE 65) ]
TOTAL THIS MO.   251    CLEAR  (SCALE 0-3)   6
DPTR FM NORMAL   -45    PTCLDY (SCALE 4-7)   6
TOTAL FM JUL 1   414    CLOUDY (SCALE 8-10)  9
DPTR FM NORMAL   -92

[CDD (BASE 65) ]
TOTAL THIS MO.     1
DPTR FM NORMAL    -1    [PRESSURE DATA]
TOTAL FM JAN 1   597    HIGHEST SLP M ON M
DPTR FM NORMAL    69    LOWEST  SLP 29.38 ON  3

[REMARKS]
