000
CXUS53 KDTX 240800
CF6FNT
PRELIMINARY LOCAL CLIMATOLOGICAL DATA (WS FORM: F-6)

                                          STATION:   FLINT MI
                                          MONTH:     JULY
                                          YEAR:      2016
                                          LATITUDE:   42 58 N
                                          LONGITUDE:  83 44 W

  TEMPERATURE IN F:       :PCPN:    SNOW:  WIND      :SUNSHINE: SKY     :PK WND
================================================================================
1   2   3   4   5  6A  6B    7    8   9   10  11  12  13   14  15   16   17  18
                                     12Z  AVG MX 2MIN
DY MAX MIN AVG DEP HDD CDD  WTR  SNW DPTH SPD SPD DIR MIN PSBL S-S WX    SPD DR
================================================================================

 1  77  57  67  -3   0   2 0.43  0.0    0 10.2 24 290   M    M   7 18     31 290
 2  81  49  65  -5   0   0 0.00  0.0    0  4.5 13 270   M    M   1        18 290
 3  84  52  68  -2   0   3 0.00  0.0    0  3.6 13 180   M    M   1        16 160
 4  85  54  70   0   0   5 0.00  0.0    0  6.2 17 160   M    M   3        22 170
 5  90  67  79   9   0  14 0.00  0.0    0  7.8 18 280   M    M   4        24 280
 6  91  63  77   7   0  12 0.00  0.0    0  7.1 15 290   M    M   2        24 210
 7  93  68  81  10   0  16 0.17  0.0    0  6.2 28 300   M    M   4 138    35 300
 8  91  69  80   9   0  15 0.14  0.0    0  7.8 33 270   M    M   5 3      45 270
 9  82  63  73   2   0   8 0.11  0.0    0  9.4 21 340   M    M   6        25 350
10  88  58  73   2   0   8 0.00  0.0    0  2.9  8  70   M    M   3        12 270
11  88  65  77   6   0  12    T  0.0    0  5.9 14 180   M    M   4        17 170
12  95  70  83  12   0  18 0.15  0.0    0 11.2 32 290   M    M   1 3      39 280
13  92  72  82  11   0  17 0.09  0.0    0  8.1 22 230   M    M   3 38     32 230
14  90  71  81  10   0  16 0.00  0.0    0 12.5 29 270   M    M   2        37 270
15  81  65  73   2   0   8 0.00  0.0    0  9.0 16 310   M    M   7        21 320
16  80  58  69  -2   0   4 0.01  0.0    0  4.1 13  80   M    M   7 8      16 280
17  88  54  71   0   0   6 0.00  0.0    0 10.6 24 210   M    M   0 18     35 220
18  90  66  78   7   0  13 0.00  0.0    0 11.3 21 300   M    M   2        26 290
19  86  60  73   2   0   8 0.00  0.0    0  5.4 16  10   M    M   1        20  10
20  93  56  75   4   0  10 0.00  0.0    0  5.6 14 200   M    M   1        17 240
21  92  71  82  11   0  17 0.07  0.0    0  9.1 23 250   M    M   1 3      29 240
22  98  77  88  17   0  23 0.00  0.0    0 10.1 21 280   M    M   0        28 290
23  98  66  82  11   0  17 0.00  0.0    0  5.2 14 360   M    M   0 1      17 340
================================================================================
SM 2033 1451         0 252  1.17     0.0 173.8          M       65
================================================================================
AV 88.4 63.1                               7.6 FASTST   M    M   3    MAX(MPH)
                                 MISC ---->  # 33 270               # 45  270
================================================================================
NOTES:
# LAST OF SEVERAL OCCURRENCES

COLUMN 17 PEAK WIND IN M.P.H.

PRELIMINARY LOCAL CLIMATOLOGICAL DATA (WS FORM: F-6) , PAGE 2

                                          STATION:  FLINT MI
                                          MONTH:    JULY
                                          YEAR:     2016
                                          LATITUDE:   42 58 N
                                          LONGITUDE:  83 44 W

[TEMPERATURE DATA]      [PRECIPITATION DATA]       SYMBOLS USED IN COLUMN 16

AVERAGE MONTHLY: 75.7   TOTAL FOR MONTH:   1.17    1 = FOG OR MIST
DPTR FM NORMAL:   5.0   DPTR FM NORMAL:   -1.21    2 = FOG REDUCING VISIBILITY
HIGHEST:    98 ON 23,22 GRTST 24HR  0.43 ON  1- 1      TO 1/4 MILE OR LESS
LOWEST:     49 ON  2                               3 = THUNDER
                        SNOW, ICE PELLETS, HAIL    4 = ICE PELLETS
                        TOTAL MONTH:   0.0 INCH    5 = HAIL
                        GRTST 24HR     0.0         6 = FREEZING RAIN OR DRIZZLE
                        GRTST DEPTH:   0           7 = DUSTSTORM OR SANDSTORM:
                                                       VSBY 1/2 MILE OR LESS
                                                   8 = SMOKE OR HAZE
[NO. OF DAYS WITH]      [WEATHER - DAYS WITH]      9 = BLOWING SNOW
                                                   X = TORNADO
MAX 32 OR BELOW:   0    0.01 INCH OR MORE:   8
MAX 90 OR ABOVE:  12    0.10 INCH OR MORE:   5
MIN 32 OR BELOW:   0    0.50 INCH OR MORE:   0
MIN  0 OR BELOW:   0    1.00 INCH OR MORE:   0

[HDD (BASE 65) ]
TOTAL THIS MO.     0    CLEAR  (SCALE 0-3)  14
DPTR FM NORMAL   -10    PTCLDY (SCALE 4-7)   9
TOTAL FM JUL 1     0    CLOUDY (SCALE 8-10)  0
DPTR FM NORMAL   -10

[CDD (BASE 65) ]
TOTAL THIS MO.   252
DPTR FM NORMAL   114    [PRESSURE DATA]
TOTAL FM JAN 1   509    HIGHEST SLP M ON M
DPTR FM NORMAL   227    LOWEST  SLP 29.68 ON  8

[REMARKS]
