000
CXUS53 KDTX 010800
CF6FNT
PRELIMINARY LOCAL CLIMATOLOGICAL DATA (WS FORM: F-6)

                                          STATION:   FLINT MI
                                          MONTH:     JUNE
                                          YEAR:      2015
                                          LATITUDE:   42 58 N
                                          LONGITUDE:  83 44 W

  TEMPERATURE IN F:       :PCPN:    SNOW:  WIND      :SUNSHINE: SKY     :PK WND
================================================================================
1   2   3   4   5  6A  6B    7    8   9   10  11  12  13   14  15   16   17  18
                                     12Z  AVG MX 2MIN
DY MAX MIN AVG DEP HDD CDD  WTR  SNW DPTH SPD SPD DIR MIN PSBL S-S WX    SPD DR
================================================================================

 1  68  42  55  -7  10   0 0.00  0.0    0  8.6 18  10   M    M   1        24  60
 2  74  39  57  -5   8   0 0.00  0.0    0  4.2  8 100   M    M   1         M  M
 3  77  45  61  -2   4   0 0.00  0.0    0  5.8 14 160   M    M   0 18     19 170
 4  83  52  68   5   0   3 0.00  0.0    0  5.2 14 220   M    M   6        19 230
 5  77  58  68   4   0   3 0.00  0.0    0  7.8 22  30   M    M   6 128    27  30
 6  75  51  63  -1   2   0 0.00  0.0    0  8.0 15  40   M    M   1        19  30
 7  81  46  64   0   1   0 0.02  0.0    0  9.9 26 230   M    M   5 1      35 240
 8  84  66  75  11   0  10 0.54  0.0    0 10.5 22 230   M    M   6 13     29 250
 9  81  60  71   6   0   6 0.00  0.0    0  8.4 16 290   M    M   5 8      23 280
10  89  66  78  13   0  13 0.17  0.0    0 12.5 26 270   M    M   2 38     37 280
11  77  54  66   0   0   1 0.18  0.0    0  5.2 18  90   M    M   3 13     23 100
12  70  58  64  -2   1   0 0.52  0.0    0  9.1 17  90   M    M   9 138    23  90
13  71  58  65  -1   0   0 0.06  0.0    0  6.9 13 140   M    M   9 18     22 130
14  80  65  73   7   0   8 1.12  0.0    0  5.1 10 220   M    M   7 13     17 230
15  85  70  78  11   0  13 0.76  0.0    0  5.9 14 240   M    M   8 18     20 210
16  81  63  72   5   0   7    T  0.0    0  9.3 15 340   M    M   2 1      21 340
17  79  56  68   1   0   3 0.06  0.0    0  7.3 15 150   M    M   5 1      19 150
18  81  64  73   5   0   8    T  0.0    0  7.8 22 330   M    M   6 18     28 330
19  76  56  66  -2   0   1 0.00  0.0    0  7.9 15  60   M    M   3        20  20
20  81  51  66  -2   0   1 0.00  0.0    0  6.2 13 190   M    M   3 8      16 150
21  85  68  77   9   0  12 0.00  0.0    0  9.2 20 270   M    M   6 8      23 270
22  85  60  73   5   0   8 1.29  0.0    0  9.0 31 240   M    M   3 138    40 240
23  79  63  71   2   0   6 0.07  0.0    0 11.5 23 300   M    M   4 138    31 240
24  82  51  67  -2   0   2 0.00  0.0    0  4.7 13 260   M    M   0 18     17 280
25  79  61  70   1   0   5    T  0.0    0  3.9 12  60   M    M   4        15 190
26  78  59  69   0   0   4 0.00  0.0    0  9.3 17  60   M    M   1        21  90
27  66  59  63  -7   2   0 0.36  0.0    0 13.7 22  20   M    M   9        29  30
28  78  59  69  -1   0   4 0.00  0.0    0 10.2 20 330   M    M   5        25  10
29  80  57  69  -1   0   4    T  0.0    0  6.3 20 200   M    M   2 3      27 190
30  77  58  68  -2   0   3 0.31  0.0    0  3.7 12 330   M    M   8 138    25 270
================================================================================
SM 2359 1715        28 125  5.46     0.0 233.1          M      130
================================================================================
AV 78.6 57.2                               7.8 FASTST   M    M   4    MAX(MPH)
                                 MISC ---->  # 31 240               # 40  240
================================================================================
NOTES:
# LAST OF SEVERAL OCCURRENCES

COLUMN 17 PEAK WIND IN M.P.H.

PRELIMINARY LOCAL CLIMATOLOGICAL DATA (WS FORM: F-6) , PAGE 2

                                          STATION:  FLINT MI
                                          MONTH:    JUNE
                                          YEAR:     2015
                                          LATITUDE:   42 58 N
                                          LONGITUDE:  83 44 W

[TEMPERATURE DATA]      [PRECIPITATION DATA]       SYMBOLS USED IN COLUMN 16

AVERAGE MONTHLY: 67.9   TOTAL FOR MONTH:   5.46    1 = FOG OR MIST
DPTR FM NORMAL:   1.4   DPTR FM NORMAL:    2.39    2 = FOG REDUCING VISIBILITY
HIGHEST:    89 ON 10    GRTST 24HR  1.36 ON 22-23      TO 1/4 MILE OR LESS
LOWEST:     39 ON  2                               3 = THUNDER
                        SNOW, ICE PELLETS, HAIL    4 = ICE PELLETS
                        TOTAL MONTH:   0.0 INCH    5 = HAIL
                        GRTST 24HR     0.0         6 = FREEZING RAIN OR DRIZZLE
                        GRTST DEPTH:   0           7 = DUSTSTORM OR SANDSTORM:
                                                       VSBY 1/2 MILE OR LESS
                                                   8 = SMOKE OR HAZE
[NO. OF DAYS WITH]      [WEATHER - DAYS WITH]      9 = BLOWING SNOW
                                                   X = TORNADO
MAX 32 OR BELOW:   0    0.01 INCH OR MORE:  13
MAX 90 OR ABOVE:   0    0.10 INCH OR MORE:   9
MIN 32 OR BELOW:   0    0.50 INCH OR MORE:   5
MIN  0 OR BELOW:   0    1.00 INCH OR MORE:   2

[HDD (BASE 65) ]
TOTAL THIS MO.    28    CLEAR  (SCALE 0-3)  11
DPTR FM NORMAL   -38    PTCLDY (SCALE 4-7)  16
TOTAL FM JUL 1  6948    CLOUDY (SCALE 8-10)  3
DPTR FM NORMAL    -5

[CDD (BASE 65) ]
TOTAL THIS MO.   125
DPTR FM NORMAL    13    [PRESSURE DATA]
TOTAL FM JAN 1   200    HIGHEST SLP 30.28 ON  1
DPTR FM NORMAL    56    LOWEST  SLP 29.58 ON  8

[REMARKS]
#FINAL-06-15#
