000
CXUS55 KFSD 011524
CF6FSD

PRELIMINARY LOCAL CLIMATOLOGICAL DATA (WS FORM: F-6)

                                          STATION:   SIOUX FALLS
                                          MONTH:     MAY
                                          YEAR:      2015
                                          LATITUDE:   43 34 N
                                          LONGITUDE:  96 44 W

  TEMPERATURE IN F:       :PCPN:    SNOW:  WIND      :SUNSHINE: SKY     :PK WND
================================================================================
1   2   3   4   5  6A  6B    7    8   9   10  11  12  13   14  15   16   17  18
                                     12Z  AVG MX 2MIN
DY MAX MIN AVG DEP HDD CDD  WTR  SNW DPTH SPD SPD DIR MIN PSBL S-S WX    SPD DR
================================================================================

 1  77  54  66  13   0   1    T  0.0    0  8.4 21 180   M    M   5        25 180
 2  81  42  62   9   3   0 0.00  0.0    0 10.6 21 190   M    M   2        28 190
 3  83  52  68  14   0   3 0.00  0.0    0 11.0 32  30   M    M   5        43  20
 4  72  45  59   5   6   0 0.00  0.0    0 10.4 18  80   M    M   7        24  70
 5  70  44  57   3   8   0 0.00  0.0    0 11.1 21 110   M    M   8 1      25 110
 6  72  62  67  12   0   2 0.20  0.0    0 17.7 33 170   M    M   9 1      42 170
 7  72  51  62   7   3   0 0.03  0.0    0 11.7 22 300   M    M   8 1      29 190
 8  58  41  50  -6  15   0    T  0.0    0  9.8 16 340   M    M   7 1      24 310
 9  65  33  49  -7  16   0    T  0.0    0 11.6 22  50   M    M   6        28  50
10  71  42  57   1   8   0 0.88  0.0    0 13.1 26 110   M    M   9 13     32 120
11  46  40  43 -13  22   0    T  0.0    0 17.8 32 310   M    M   9 1      42 310
12  62  35  49  -8  16   0 0.00  0.0    0  9.3 18 130   M    M   3        25 140
13  73  49  61   4   4   0 0.00  0.0    0 19.9 36 180   M    M   6        44 180
14  63  52  58   1   7   0 0.33  0.0    0  7.5 29 180   M    M  10 1      36 180
15  64  53  59   1   6   0 0.00  0.0    0  9.2 18 110   M    M   9 1      22 100
16  78  58  68  10   0   3 1.43  0.0    0 14.5 29 150   M    M   8 13     38 170
17  69  42  56  -2   9   0 0.05  0.0    0 16.1 32 280   M    M   8 13     48 280
18  45  36  41 -18  24   0    T    T    0 20.6 35 310   M    M  10        42 320
19  54  37  46 -13  19   0 0.00  0.0    0  9.4 20 360   M    M   9        25 350
20  60  45  53  -6  12   0    T  0.0    0  6.6 15 330   M    M   7        19 330
21  75  42  59  -1   6   0 0.00  0.0    0 10.6 23 300   M    M   2        30 320
22  75  39  57  -3   8   0 0.00  0.0    0  4.6 16 220   M    M   6        26 210
23  66  54  60   0   5   0 0.08  0.0    0  8.0 18 160   M    M  10 1      25 130
24  63  57  60  -1   5   0 0.22  0.0    0  8.1 15  90   M    M  10 1      20  80
25  72  57  65   4   0   0 0.02  0.0    0  5.5 13 340   M    M   9 13     16 310
26  69  51  60  -1   5   0    T  0.0    0  8.1 15 360   M    M   9        19  40
27  83  49  66   4   0   1 0.00  0.0    0  4.7 12 180   M    M   3        15 270
28  82  64  73  11   0   8    T  0.0    0 14.2 28 170   M    M   7        34 150
29  70  48  59  -3   6   0 0.76  0.0    0 11.7 25  30   M    M   9 1      34  30
30  62  42  52 -10  13   0 0.00  0.0    0 10.4 18  50   M    M   2        27  20
31  67  40  54  -9  11   0 0.00  0.0    0  7.4 17 100   M    M   7        21 130
================================================================================
SM 2119 1456       237  18  4.00    T    339.6          M      219
================================================================================
AV 68.4 47.0                              11.0 FASTST   M    M   7    MAX(MPH)
                                 MISC ---->  # 36 180               # 48  280
================================================================================
NOTES:
# LAST OF SEVERAL OCCURRENCES
-COLUMN 17 PEAK WIND IN M.P.H.
-PRECIPITATION AMOUNTS IN COLUMNS 7, 8, AND 9 ARE THE OFFICIAL PRECIPITATION
 AMOUNTS FOR SIOUX FALLS, SD.
-SNOW DEPTH IN COUMN 9 IS RECORDED AT 6 AM CST (12Z).

PRELIMINARY LOCAL CLIMATOLOGICAL DATA (WS FORM: F-6) , PAGE 2

                                          STATION:  SIOUX FALLS
                                          MONTH:    MAY
                                          YEAR:     2015
                                          LATITUDE:   43 34 N
                                          LONGITUDE:  96 44 W

[TEMPERATURE DATA]      [PRECIPITATION DATA]       SYMBOLS USED IN COLUMN 16

AVERAGE MONTHLY: 57.7   TOTAL FOR MONTH:   4.00    1 = FOG OR MIST
DPTR FM NORMAL:  -0.3   DPTR FM NORMAL:    0.60    2 = FOG REDUCING VISIBILITY
HIGHEST:    83 ON 27, 3 GRTST 24HR  1.43 ON 16-16      TO 1/4 MILE OR LESS
LOWEST:     33 ON  9                               3 = THUNDER
                        SNOW, ICE PELLETS, HAIL    4 = ICE PELLETS
                        TOTAL MONTH:    T          5 = HAIL
                        GRTST 24HR    T  ON 18-18  6 = FREEZING RAIN OR DRIZZLE
                        GRTST DEPTH:   0           7 = DUSTSTORM OR SANDSTORM:
                                                       VSBY 1/2 MILE OR LESS
                                                   8 = SMOKE OR HAZE
[NO. OF DAYS WITH]      [WEATHER - DAYS WITH]      9 = BLOWING SNOW
                                                   X = TORNADO
MAX 32 OR BELOW:   0    0.01 INCH OR MORE:  10
MAX 90 OR ABOVE:   0    0.10 INCH OR MORE:   6
MIN 32 OR BELOW:   0    0.50 INCH OR MORE:   3
MIN  0 OR BELOW:   0    1.00 INCH OR MORE:   1

[HDD (BASE 65) ]
TOTAL THIS MO.   237    CLEAR  (SCALE 0-3)   5
DPTR FM NORMAL   -11    PTCLDY (SCALE 4-7)  12
TOTAL FM JUL 1  7237    CLOUDY (SCALE 8-10) 14
DPTR FM NORMAL  -418

[CDD (BASE 65) ]
TOTAL THIS MO.    18
DPTR FM NORMAL   -13    [PRESSURE DATA]
TOTAL FM JAN 1    22    HIGHEST SLP 30.48 ON 19
DPTR FM NORMAL   -14    LOWEST  SLP 29.50 ON 17

[REMARKS]

RECORD DAILY LOW MAXIMUM TEMPERATURE ESTABLISHED ON THE 18TH AT 45 DEGREES.
THE PREVIOUS RECORD WAS 46 IN 1957.

#FINAL-05-15
