000
CXUS52 KFFC 011110
CF6FTY
PRELIMINARY LOCAL CLIMATOLOGICAL DATA (WS FORM: F-6)

                                          STATION:   FULTON COUNTY AIRPORT
                                          MONTH:     AUGUST
                                          YEAR:      2014
                                          LATITUDE:   33 46 N
                                          LONGITUDE:  84 31 W

  TEMPERATURE IN F:       :PCPN:    SNOW:  WIND      :SUNSHINE: SKY     :PK WND
================================================================================
1   2   3   4   5  6A  6B    7    8   9   10  11  12  13   14  15   16   17  18
                                     12Z  AVG MX 2MIN
DY MAX MIN AVG DEP HDD CDD  WTR  SNW DPTH SPD SPD DIR MIN PSBL S-S WX    SPD DR
================================================================================

 1  83  67  75  -5   0  10 0.03  0.0    0  6.4 12  70   M    M   7        16  60
 2  85  67  76  -4   0  11 0.00  0.0    0  4.6 12  50   M    M   2 8      15  40
 3  89  66  78  -2   0  13 0.00  0.0    M  3.0 14  70   M    M   1        33 330
 4  90  67  79  -1   0  14 0.00  0.0    0  1.9  9  30   M    M   1        15 150
 5  90  65  78  -2   0  13 0.00  0.0    0  2.6 13 310   M    M   0        16 330
 6  92  63  78  -2   0  13 0.00  0.0    0  1.6 12 300   M    M   1 8      15 310
 7  95  69  82   2   0  17    T  0.0    M  3.6 20  50   M    M   0 18     25  40
 8  90  70  80   0   0  15 0.89  0.0    M  3.3 24 290   M    M   2 13     33 290
 9  90  69  80   0   0  15 1.43  0.0    M  1.7 21 220   M    M   6 1      29 220
10  86  72  79  -1   0  14    T  0.0    M  2.7  9  80   M    M   7 1      13  90
11  83  73  78  -1   0  13    T  0.0    M  3.4  8 190   M    M   7 3      12 150
12  88  72  80   1   0  15 0.14  0.0    M  3.7 13 270   M    M   5 13     16 300
13  84  66  75  -4   0  10 0.00    M    M  4.9 16 310   M    M   1        22 310
14  86  60  73  -6   0   8 0.00    M    M  2.6  8  80   M    M   1        12  60
15  87  62  75  -4   0  10 0.00    M    M  1.6  9 290   M    M   1 1      22 150
16  90  63  77  -2   0  12 0.00    M    M  2.0 14 310   M    M   0 1      16 300
17  89  65  77  -2   0  12 0.11  0.0    0  2.9 12 230   M    M   1 18     18 230
18  90  70  80   1   0  15 0.28  0.0    0  5.9 23 290   M    M   5 1      32 290
19  87  71  79   0   0  14 0.36  0.0    M  5.0 26 310   M    M   5 8      32 310
20  91  70  81   2   0  16 0.06  0.0    M  3.6 21 350   M    M   2 8      31 350
21  92  68  80   1   0  15 0.00  0.0    M  2.7 14 360   M    M   0        18 300
22  93  70  82   4   0  17    T  0.0    M  3.3 13 290   M    M   0        18 300
23  93  72  83   5   0  18    T  0.0    M  4.0 20 310   M    M   1        24 300
24  90  72  81   3   0  16 0.00  0.0    M  6.3 15  80   M    M   1        21  70
25  85  67  76  -2   0  11 0.00  0.0    M  6.6 16  80   M    M   3        21  60
26  87  62  75  -3   0  10 0.00  0.0    M  4.4 14  50   M    M   0        18  70
27  88  68  78   0   0  13 0.00    M    M  2.1 12 300   M    M   1        14 310
28  92  62  77  -1   0  12 0.00    M    M  1.5  8 330   M    M   0        12 240
29  93  61  77   0   0  12 0.00    M    M  2.2 13 200   M    M   1        17 180
30  89  67  78   1   0  13 0.41    M    M  4.1 24 160   M    M   4 138    31 140
31  90  68  79   2   0  14    T    M    M  2.0 13 240   M    M   3 12     18 230
================================================================================
SM 2757 2084         0 411  3.71     0.0 106.2          M       69
================================================================================
AV 88.9 67.2                               3.4 FASTST   M    M   2    MAX(MPH)
                                 MISC ---->  # 26 310               # 33  330
================================================================================
NOTES:
# LAST OF SEVERAL OCCURRENCES

COLUMN 17 PEAK WIND IN M.P.H.

PRELIMINARY LOCAL CLIMATOLOGICAL DATA (WS FORM: F-6) , PAGE 2

                                          STATION:  FULTON COUNTY AIRPORT
                                          MONTH:    AUGUST
                                          YEAR:     2014
                                          LATITUDE:   33 46 N
                                          LONGITUDE:  84 31 W

[TEMPERATURE DATA]      [PRECIPITATION DATA]       SYMBOLS USED IN COLUMN 16

AVERAGE MONTHLY: 78.1   TOTAL FOR MONTH:   3.71    1 = FOG OR MIST
DPTR FM NORMAL:  -0.8   DPTR FM NORMAL:   -1.03    2 = FOG REDUCING VISIBILITY
HIGHEST:    95 ON  7    GRTST 24HR  1.65 ON  8- 9      TO 1/4 MILE OR LESS
LOWEST:     60 ON 14                               3 = THUNDER
                        SNOW, ICE PELLETS, HAIL    4 = ICE PELLETS
                        TOTAL MONTH:   0.0 INCH    5 = HAIL
                        GRTST 24HR     0.0         6 = FREEZING RAIN OR DRIZZLE
                        GRTST DEPTH:   0           7 = DUSTSTORM OR SANDSTORM:
                                                       VSBY 1/2 MILE OR LESS
                                                   8 = SMOKE OR HAZE
[NO. OF DAYS WITH]      [WEATHER - DAYS WITH]      9 = BLOWING SNOW
                                                   X = TORNADO
MAX 32 OR BELOW:   0    0.01 INCH OR MORE:   9
MAX 90 OR ABOVE:  16    0.10 INCH OR MORE:   7
MIN 32 OR BELOW:   0    0.50 INCH OR MORE:   2
MIN  0 OR BELOW:   0    1.00 INCH OR MORE:   1

[HDD (BASE 65) ]
TOTAL THIS MO.     0    CLEAR  (SCALE 0-3)  22
DPTR FM NORMAL     0    PTCLDY (SCALE 4-7)   9
TOTAL FM JUL 1     0    CLOUDY (SCALE 8-10)  0
DPTR FM NORMAL     0

[CDD (BASE 65) ]
TOTAL THIS MO.   411
DPTR FM NORMAL   -17    [PRESSURE DATA]
TOTAL FM JAN 1  1394    HIGHEST SLP 30.16 ON 31
DPTR FM NORMAL   -43    LOWEST  SLP 29.95 ON 28

[REMARKS]
#FINAL-08-14#
