000
CXUS56 KSGX 271445
CF6FUL
PRELIMINARY LOCAL CLIMATOLOGICAL DATA (WS FORM: F-6)

                                          STATION:   FULLERTON AIRPORT CA
                                          MONTH:     MARCH
                                          YEAR:      2017
                                          LATITUDE:   33 52 N
                                          LONGITUDE: 117 58 W

  TEMPERATURE IN F:       :PCPN:    SNOW:  WIND      :SUNSHINE: SKY     :PK WND
================================================================================
1   2   3   4   5  6A  6B    7    8   9   10  11  12  13   14  15   16   17  18
                                     12Z  AVG MX 2MIN
DY MAX MIN AVG DEP HDD CDD  WTR  SNW DPTH SPD SPD DIR MIN PSBL S-S WX    SPD DR
================================================================================

 1  77  43  60   1   5   0 0.00  0.0    0  4.7 18  80   M    M   0        24  80
 2  83  47  65   6   0   0 0.00  0.0    0  6.0 18  90   M    M   0        23  80
 3  82  50  66   7   0   1 0.00  0.0    0  3.2 12 210   M    M   1        15 200
 4  69  50  60   1   5   0 0.00  0.0    0  4.1 12 190   M    M   2        16 180
 5  62  47  55  -5  10   0 0.09  0.0    0  5.9 14 200   M    M   6 1      21 240
 6  65  40  53  -7  12   0 0.00  0.0    0  2.5 13 190   M    M   1        17 200
 7  77  44  61   1   4   0 0.00  0.0    0  2.1 12 210   M    M   0        14 210
 8  86  50  68   8   0   3 0.00  0.0    0  2.4 12 190   M    M   0        14 190
 9  85  52  69   9   0   4 0.00  0.0    0  2.0 12 190   M    M   0        13 190
10  83  53  68   8   0   3 0.00  0.0    0  2.7  9 190   M    M   2        13 220
11  80  52  66   6   0   1 0.00  0.0    0  2.7 10 210   M    M   1 1      13 220
12  82  54  68   8   0   3 0.00  0.0    0  2.6  8 220   M    M   4 128    12 230
13  84  56  70  10   0   5 0.00  0.0    0  2.1  9 200   M    M   4 18     13 210
14  88  52  70  10   0   5 0.00  0.0    0  1.7 10 230   M    M   0 18     14 200
15  84  57  71  11   0   6 0.00  0.0    0  2.3 10 280   M    M   0 8      15 230
16  75  56  66   6   0   1 0.00  0.0    0  3.1 10 190   M    M   1 18     13 230
17  77  55  66   6   0   1 0.00  0.0    0  3.3  8 160   M    M   6 128    12 180
18  75  57  66   6   0   1 0.00  0.0    0  3.1 10 200   M    M   6 18     14 210
19  75  54  65   5   0   0 0.00  0.0    0  4.2 12 170   M    M   5 18     15 180
20  70  59  65   5   0   0 0.00  0.0    0  3.9 13 220   M    M   6        17 220
21  67  54  61   1   4   0 0.16  0.0    0  2.3  9 230   M    M   7 1      14 220
22  71  56  64   4   1   0 0.01  0.0    0  4.1 15 280   M    M   5 1      23 270
23  71  50  61   1   4   0 0.00  0.0    0  4.3 15 210   M    M   0        23 190
24  72  50  61   1   4   0 0.00  0.0    0  3.9 15 220   M    M   1 8      21 220
25  70  55  63   3   2   0 0.00  0.0    0  3.7 14 190   M    M   6        20 220
26  71  52  62   2   3   0 0.00  0.0    0  3.6 14 200   M    M   4        21 190
================================================================================
SM 1981 1345        54  34  0.26     0.0  86.5          M       68
================================================================================
AV 76.2 51.7                               3.3 FASTST   M    M   3    MAX(MPH)
                                 MISC ---->  # 18  80               # 24   80
================================================================================
NOTES:
# LAST OF SEVERAL OCCURRENCES

COLUMN 17 PEAK WIND IN M.P.H.

PRELIMINARY LOCAL CLIMATOLOGICAL DATA (WS FORM: F-6) , PAGE 2

                                          STATION:  FULLERTON AIRPORT CA
                                          MONTH:    MARCH
                                          YEAR:     2017
                                          LATITUDE:   33 52 N
                                          LONGITUDE: 117 58 W

[TEMPERATURE DATA]      [PRECIPITATION DATA]       SYMBOLS USED IN COLUMN 16

AVERAGE MONTHLY: 64.0   TOTAL FOR MONTH:   0.26    1 = FOG OR MIST
DPTR FM NORMAL:   4.1   DPTR FM NORMAL:   -1.72    2 = FOG REDUCING VISIBILITY
HIGHEST:    88 ON 14    GRTST 24HR  0.16 ON 21-21      TO 1/4 MILE OR LESS
LOWEST:     40 ON  6                               3 = THUNDER
                        SNOW, ICE PELLETS, HAIL    4 = ICE PELLETS
                        TOTAL MONTH:   0.0 INCH    5 = HAIL
                        GRTST 24HR     0.0         6 = FREEZING RAIN OR DRIZZLE
                        GRTST DEPTH:   0           7 = DUSTSTORM OR SANDSTORM:
                                                       VSBY 1/2 MILE OR LESS
                                                   8 = SMOKE OR HAZE
[NO. OF DAYS WITH]      [WEATHER - DAYS WITH]      9 = BLOWING SNOW
                                                   X = TORNADO
MAX 32 OR BELOW:   0    0.01 INCH OR MORE:   3
MAX 90 OR ABOVE:   0    0.10 INCH OR MORE:   1
MIN 32 OR BELOW:   0    0.50 INCH OR MORE:   0
MIN  0 OR BELOW:   0    1.00 INCH OR MORE:   0

[HDD (BASE 65) ]
TOTAL THIS MO.    54    CLEAR  (SCALE 0-3)  15
DPTR FM NORMAL   -91    PTCLDY (SCALE 4-7)  11
TOTAL FM JUL 1   751    CLOUDY (SCALE 8-10)  0
DPTR FM NORMAL  -316

[CDD (BASE 65) ]
TOTAL THIS MO.    34
DPTR FM NORMAL    26    [PRESSURE DATA]
TOTAL FM JAN 1    37    HIGHEST SLP M ON M
DPTR FM NORMAL    20    LOWEST  SLP 29.92 ON  3

[REMARKS]
