000
CXUS53 KIWX 270800
CF6FWA
PRELIMINARY LOCAL CLIMATOLOGICAL DATA (WS FORM: F-6)

                                          STATION:   FORT WAYNE
                                          MONTH:     FEBRUARY
                                          YEAR:      2015
                                          LATITUDE:   41  0 N
                                          LONGITUDE:  85 12 W

  TEMPERATURE IN F:       :PCPN:    SNOW:  WIND      :SUNSHINE: SKY     :PK WND
================================================================================
1   2   3   4   5  6A  6B    7    8   9   10  11  12  13   14  15   16   17  18
                                     12Z  AVG MX 2MIN
DY MAX MIN AVG DEP HDD CDD  WTR  SNW DPTH SPD SPD DIR MIN PSBL S-S WX    SPD DR
================================================================================

 1  34  20  27   2  38   0 0.82  9.0    2 12.2 22  40   M    M  10 129    31  30
 2  20   8  14 -12  51   0 0.03  0.6    9 11.5 21 340   M    M   6 19     28 360
 3  32   2  17  -9  48   0 0.01  0.2    7 10.1 18 210   M    M   8 1      22 220
 4  34  16  25  -1  40   0 0.24  2.5    5 12.3 22 330   M    M   9 19     26 340
 5  17  -2   8 -18  57   0    T    T    7  7.2 13 230   M    M   3 1      17 320
 6  29   6  18  -8  47   0 0.00  0.0    7 10.4 17 240   M    M   8        21 240
 7  40  21  31   5  34   0 0.00  0.0    6  8.2 15 220   M    M   8        18 200
 8  45  32  39  13  26   0 0.01  0.0    3 10.5 17 220   M    M   8 16     21 220
 9  32  18  25  -2  40   0    T    T    2 10.6 16  30   M    M   8 16     19  40
10  24  13  19  -8  46   0    T    T    1  7.8 17  70   M    M   4 18     20  80
11  34  22  28   1  37   0    T    T    1 10.8 20 260   M    M  10 168    23 250
12  30  16  23  -4  42   0 0.02  0.5    T 14.5 28 340   M    M   6 1      35 340
13  26   3  15 -13  50   0 0.03  1.1    2 10.3 24 240   M    M   9 1      28 230
14  28   6  17 -11  48   0 0.04  0.5    1 19.4 37 340   M    M   8 1269   47 320
15   7   0   4 -24  61   0 0.00  0.0    1  7.4 13  80   M    M   4        15  80
16   9   2   6 -22  59   0 0.00  0.0    1  9.0 15  90   M    M   9        17 100
17  22  -1  11 -18  54   0    T  0.3    1  9.7 18 270   M    M   7 18     22 280
18  12   1   7 -22  58   0    T    T    1 17.2 33 280   M    M   5        39 280
19   7  -3   2 -27  63   0 0.00  0.0    1 15.7 24 260   M    M   2 8      30 270
20  18  -5   7 -23  58   0    T    T    T 12.0 21 170   M    M   7        25 170
21  29  15  22  -8  43   0 0.21  2.5    1  3.1 18 200   M    M   9 168    22 200
22  30   6  18 -12  47   0    T    T    3  9.6 20 280   M    M   8 18     26 280
23  12  -6   3 -28  62   0 0.00  0.0    2  5.5 13 210   M    M   2        14 210
24  26  -6  10 -21  55   0    T    T    2 17.7 29 220   M    M   6        37 230
25  27  13  20 -11  45   0 0.00  0.0    2  6.8 17 260   M    M   5        23 250
26  19   6  13 -19  52   0 0.04  1.0    2  9.4 18  50   M    M   9 1      22  40
================================================================================
SM  643  203      1261   0  1.45    18.2 278.9          M      178
================================================================================
AV 24.7  7.8                              10.7 FASTST   M    M   7    MAX(MPH)
                                 MISC ---->  # 37 340               # 47  320
================================================================================
NOTES:
# LAST OF SEVERAL OCCURRENCES

COLUMN 17 PEAK WIND IN M.P.H.

PRELIMINARY LOCAL CLIMATOLOGICAL DATA (WS FORM: F-6) , PAGE 2

                                          STATION:  FORT WAYNE
                                          MONTH:    FEBRUARY
                                          YEAR:     2015
                                          LATITUDE:   41  0 N
                                          LONGITUDE:  85 12 W

[TEMPERATURE DATA]      [PRECIPITATION DATA]       SYMBOLS USED IN COLUMN 16

AVERAGE MONTHLY: 16.3   TOTAL FOR MONTH:   1.45    1 = FOG OR MIST
DPTR FM NORMAL: -11.8   DPTR FM NORMAL:   -0.43    2 = FOG REDUCING VISIBILITY
HIGHEST:    45 ON  8    GRTST 24HR  0.85 ON 31- 1      TO 1/4 MILE OR LESS
LOWEST:     -6 ON 24,23                            3 = THUNDER
                        SNOW, ICE PELLETS, HAIL    4 = ICE PELLETS
                        TOTAL MONTH:  18.2 INCHES  5 = HAIL
                        GRTST 24HR   9.0 ON  1- 1  6 = FREEZING RAIN OR DRIZZLE
                        GRTST DEPTH:   9 ON  2     7 = DUSTSTORM OR SANDSTORM:
                                                       VSBY 1/2 MILE OR LESS
                                                   8 = SMOKE OR HAZE
[NO. OF DAYS WITH]      [WEATHER - DAYS WITH]      9 = BLOWING SNOW
                                                   X = TORNADO
MAX 32 OR BELOW:  21    0.01 INCH OR MORE:  10
MAX 90 OR ABOVE:   0    0.10 INCH OR MORE:   3
MIN 32 OR BELOW:  26    0.50 INCH OR MORE:   1
MIN  0 OR BELOW:   7    1.00 INCH OR MORE:   0

[HDD (BASE 65) ]
TOTAL THIS MO.  1261    CLEAR  (SCALE 0-3)   2
DPTR FM NORMAL   301    PTCLDY (SCALE 4-7)  14
TOTAL FM JUL 1  5036    CLOUDY (SCALE 8-10) 10
DPTR FM NORMAL   505

[CDD (BASE 65) ]
TOTAL THIS MO.     0
DPTR FM NORMAL     0    [PRESSURE DATA]
TOTAL FM JAN 1     0    HIGHEST SLP M ON M
DPTR FM NORMAL     0    LOWEST  SLP 29.61 ON  1

[REMARKS]
