000
CXUS53 KIWX 300800
CF6FWA
PRELIMINARY LOCAL CLIMATOLOGICAL DATA (WS FORM: F-6)

                                          STATION:   FORT WAYNE
                                          MONTH:     MARCH
                                          YEAR:      2015
                                          LATITUDE:   41  0 N
                                          LONGITUDE:  85 12 W

  TEMPERATURE IN F:       :PCPN:    SNOW:  WIND      :SUNSHINE: SKY     :PK WND
================================================================================
1   2   3   4   5  6A  6B    7    8   9   10  11  12  13   14  15   16   17  18
                                     12Z  AVG MX 2MIN
DY MAX MIN AVG DEP HDD CDD  WTR  SNW DPTH SPD SPD DIR MIN PSBL S-S WX    SPD DR
================================================================================

 1  27  17  22 -11  43   0 0.33  3.6    5  5.0 17 270   M    M   9 189    20 260
 2  29   3  16 -17  49   0 0.00  0.0    6  7.2 14 270   M    M   6 1      17 270
 3  38  22  30  -3  35   0 0.11    T    6 14.5 28 260   M    M  10 1468   33 260
 4  34  18  26  -8  39   0 0.00  0.0    5 10.5 21 320   M    M  10 8      26 320
 5  20   4  12 -22  53   0 0.00  0.0    4  7.3 15 280   M    M   6        21 300
 6  24  -3  11 -23  54   0 0.00  0.0    3 10.4 21 220   M    M   3        25 220
 7  40  18  29  -6  36   0 0.00  0.0    3 14.9 24 220   M    M   4        29 230
 8  40  26  33  -2  32   0    T  0.0    3  6.3 12 220   M    M   6 18     13 220
 9  50  26  38   2  27   0 0.00  0.0    1  2.8 12 210   M    M   4 18     12 200
10  46  32  39   3  26   0    T  0.0    T  2.6  8 240   M    M  10 12      9 240
11  48  30  39   3  26   0 0.00  0.0    T  4.6 10 280   M    M   6 128    14 280
12  46  26  36  -1  29   0 0.00  0.0    0  9.2 21 100   M    M   5 12     24 100
13  44  30  37   0  28   0 0.19  0.0    0  4.8 10  60   M    M  10 12     12  70
14  55  32  44   6  21   0    T  0.0    0  8.1 21 310   M    M   7 128    27 320
15  56  29  43   5  22   0 0.00  0.0    0  7.7 16 210   M    M   4        18 210
16  67  43  55  17  10   0 0.00  0.0    0 13.5 20 230   M    M   7        25 220
17  56  25  41   2  24   0 0.00  0.0    0 13.4 26 350   M    M   3        34 350
18  49  24  37  -2  28   0 0.00  0.0    0  6.1 15 310   M    M   6        18 310
19  47  33  40   0  25   0 0.00  0.0    0 11.9 21  80   M    M   9        25  80
20  44  30  37  -3  28   0 0.09  0.4    T  5.2 16 260   M    M  10 168    19 260
21  53  31  42   2  23   0 0.00  0.0    0 11.1 21 340   M    M   7 18     26 320
22  41  28  35  -6  30   0 0.00  0.0    0  8.2 17  70   M    M   5        20  70
23  34  20  27 -14  38   0 0.34  4.6    0 12.3 20  70   M    M   9 12     24  70
24  38  15  27 -14  38   0 0.00  0.0    4 11.3 17  80   M    M   6        21  80
25  49  31  40  -2  25   0 0.29  0.0    0 12.7 28 250   M    M   9 1      32 260
26  45  31  38  -4  27   0 0.72    T    0  9.2 20 290   M    M   6 1      26 310
27  33  20  27 -16  38   0    T    T    0 11.6 22 340   M    M   5        27 360
28  37  16  27 -16  38   0 0.00  0.0    0  6.1 12 280   M    M   1        16 320
29  45  22  34  -9  31   0    T    T    0 15.7 29 190   M    M   6 4      36 190
================================================================================
SM 1235  679       923   0  2.07     8.6 264.2          M      189
================================================================================
AV 42.6 23.4                               9.1 FASTST   M    M   7    MAX(MPH)
                                 MISC ---->  # 29 190               # 36  190
================================================================================
NOTES:
# LAST OF SEVERAL OCCURRENCES

COLUMN 17 PEAK WIND IN M.P.H.

PRELIMINARY LOCAL CLIMATOLOGICAL DATA (WS FORM: F-6) , PAGE 2

                                          STATION:  FORT WAYNE
                                          MONTH:    MARCH
                                          YEAR:     2015
                                          LATITUDE:   41  0 N
                                          LONGITUDE:  85 12 W

[TEMPERATURE DATA]      [PRECIPITATION DATA]       SYMBOLS USED IN COLUMN 16

AVERAGE MONTHLY: 33.0   TOTAL FOR MONTH:   2.07    1 = FOG OR MIST
DPTR FM NORMAL:  -5.0   DPTR FM NORMAL:   -0.42    2 = FOG REDUCING VISIBILITY
HIGHEST:    67 ON 16    GRTST 24HR  0.72 ON 26-26      TO 1/4 MILE OR LESS
LOWEST:     -3 ON  6                               3 = THUNDER
                        SNOW, ICE PELLETS, HAIL    4 = ICE PELLETS
                        TOTAL MONTH:   8.6 INCHES  5 = HAIL
                        GRTST 24HR   4.6 ON   M    6 = FREEZING RAIN OR DRIZZLE
                        GRTST DEPTH:   6 ON  3, 2  7 = DUSTSTORM OR SANDSTORM:
                                                       VSBY 1/2 MILE OR LESS
                                                   8 = SMOKE OR HAZE
[NO. OF DAYS WITH]      [WEATHER - DAYS WITH]      9 = BLOWING SNOW
                                                   X = TORNADO
MAX 32 OR BELOW:   4    0.01 INCH OR MORE:   7
MAX 90 OR ABOVE:   0    0.10 INCH OR MORE:   6
MIN 32 OR BELOW:  27    0.50 INCH OR MORE:   1
MIN  0 OR BELOW:   1    1.00 INCH OR MORE:   0

[HDD (BASE 65) ]
TOTAL THIS MO.   923    CLEAR  (SCALE 0-3)   2
DPTR FM NORMAL   138    PTCLDY (SCALE 4-7)  18
TOTAL FM JUL 1  6072    CLOUDY (SCALE 8-10)  9
DPTR FM NORMAL   689

[CDD (BASE 65) ]
TOTAL THIS MO.     0
DPTR FM NORMAL     0    [PRESSURE DATA]
TOTAL FM JAN 1     0    HIGHEST SLP M ON M
DPTR FM NORMAL     0    LOWEST  SLP 29.67 ON  3

[REMARKS]
