000
CXUS52 KMFL 011000
CF6FXE
PRELIMINARY LOCAL CLIMATOLOGICAL DATA (WS FORM: F-6)

                                          STATION:   FORT LAUDERDALE EXEC ARPT
                                          MONTH:     FEBRUARY
                                          YEAR:      2015
                                          LATITUDE:   26 12 N
                                          LONGITUDE:  80 11 W

  TEMPERATURE IN F:       :PCPN:    SNOW:  WIND      :SUNSHINE: SKY     :PK WND
================================================================================
1   2   3   4   5  6A  6B    7    8   9   10  11  12  13   14  15   16   17  18
                                     12Z  AVG MX 2MIN
DY MAX MIN AVG DEP HDD CDD  WTR  SNW DPTH SPD SPD DIR MIN PSBL S-S WX    SPD DR
================================================================================

 1  76  66  71   3   0   6 0.00  0.0    0 12.4 21 110   M    M   4        28 110
 2  84  66  75   7   0  10    T  0.0    0  9.2 22 250   M    M   3        29 220
 3  77  55  66  -2   0   1 0.00  0.0    0  9.2 18  50   M    M   3        24  60
 4  77  66  72   4   0   7 0.00  0.0    0 10.2 18  80   M    M   5        23  80
 5  74  61  68   0   0   3 0.80  0.0    0 10.9 21 240   M    M   7 1      27 250
 6  76  58  67  -1   0   2 0.05  0.0    0 11.2 20  50   M    M   5 1      26  30
 7  73  64  69   1   0   4 0.01  0.0    0 11.6 21  80   M    M   5        26  80
 8  77  61  69   1   0   4 0.00  0.0    0  7.2 17 140   M    M   4        25 130
 9  82  60  71   3   0   6 0.08  0.0    0  5.5 29 220   M    M   5 18     36 210
10  75  57  66  -2   0   1 0.00  0.0    0 11.3 24 280   M    M   5        32 280
11  73  51  62  -6   3   0 0.00  0.0    0  5.7 12 330   M    M   1        16 290
12  76  54  65  -3   0   0 0.00  0.0    0  5.8 15 230   M    M   1        18 260
13  73  52  63  -6   2   0 0.00  0.0    0  6.5 17 270   M    M   0 8      22 290
14  67  46  57 -12   8   0 0.00  0.0    0  6.7 14 340   M    M   1        21 330
15  74  46  60  -9   5   0 0.00  0.0    0  5.4 13  90   M    M   0        17 300
16  75  55  65  -4   0   0 0.00  0.0    0  7.7 22 130   M    M   3        29 120
17  83  61  72   3   0   7 0.00  0.0    0  9.4 22 240   M    M   2        29 240
18  71  50  61  -8   4   0    T  0.0    0  7.7 17 300   M    M   6        24 310
19  59  44  52 -17  13   0 0.00  0.0    0 10.4 23 330   M    M   0        34 320
20  65  39  52 -17  13   0    T    M    0  9.1 24  80   M    M   3        29  80
21  77  61  69   0   0   4 0.00  0.0    0 15.5 25  90   M    M   8        31 110
22  80  70  75   6   0  10 0.00  0.0    0 10.1 18 120   M    M   5        26 130
23  83  66  75   6   0  10 0.00  0.0    0  4.6 15 100   M    M   3 1      18 110
24  88  64  76   7   0  11 0.00  0.0    0  6.7 18 240   M    M   2        24 250
25  84  62  73   3   0   8 0.00  0.0    0  7.9 18 140   M    M   3 1      25 170
26  86  72  79   9   0  14    T  0.0    0 12.8 28 250   M    M   6        38 240
27  77  65  71   1   0   6    T  0.0    0  7.0 14  50   M    M   9        19  50
28  78  72  75   5   0  10    T  0.0    0 12.4 20  70   M    M   9 1      25  80
================================================================================
SM 2140 1644        48 124  0.94     0.0 250.1          M      108
================================================================================
AV 76.4 58.7                               8.9 FASTST   M    M   4    MAX(MPH)
                                 MISC ---->  # 29 220               # 38  240
================================================================================
NOTES:
# LAST OF SEVERAL OCCURRENCES

COLUMN 17 PEAK WIND IN M.P.H.

PRELIMINARY LOCAL CLIMATOLOGICAL DATA (WS FORM: F-6) , PAGE 2

                                          STATION:  FORT LAUDERDALE EXEC ARPT
                                          MONTH:    FEBRUARY
                                          YEAR:     2015
                                          LATITUDE:   26 12 N
                                          LONGITUDE:  80 11 W

[TEMPERATURE DATA]      [PRECIPITATION DATA]       SYMBOLS USED IN COLUMN 16

AVERAGE MONTHLY: 67.6   TOTAL FOR MONTH:   0.94    1 = FOG OR MIST
DPTR FM NORMAL:  -1.0   DPTR FM NORMAL:   -0.89    2 = FOG REDUCING VISIBILITY
HIGHEST:    88 ON 24    GRTST 24HR  0.80 ON  5- 5      TO 1/4 MILE OR LESS
LOWEST:     39 ON 20                               3 = THUNDER
                        SNOW, ICE PELLETS, HAIL    4 = ICE PELLETS
                        TOTAL MONTH:   0.0 INCH    5 = HAIL
                        GRTST 24HR     0.0         6 = FREEZING RAIN OR DRIZZLE
                        GRTST DEPTH:   0           7 = DUSTSTORM OR SANDSTORM:
                                                       VSBY 1/2 MILE OR LESS
                                                   8 = SMOKE OR HAZE
[NO. OF DAYS WITH]      [WEATHER - DAYS WITH]      9 = BLOWING SNOW
                                                   X = TORNADO
MAX 32 OR BELOW:   0    0.01 INCH OR MORE:   4
MAX 90 OR ABOVE:   0    0.10 INCH OR MORE:   1
MIN 32 OR BELOW:   0    0.50 INCH OR MORE:   1
MIN  0 OR BELOW:   0    1.00 INCH OR MORE:   0

[HDD (BASE 65) ]
TOTAL THIS MO.    48    CLEAR  (SCALE 0-3)  13
DPTR FM NORMAL    12    PTCLDY (SCALE 4-7)  13
TOTAL FM JUL 1   106    CLOUDY (SCALE 8-10)  2
DPTR FM NORMAL   -47

[CDD (BASE 65) ]
TOTAL THIS MO.   124
DPTR FM NORMAL   -15    [PRESSURE DATA]
TOTAL FM JAN 1   306    HIGHEST SLP 30.37 ON 20
DPTR FM NORMAL    44    LOWEST  SLP 29.71 ON 10

[REMARKS]
#FINAL-02-15#
