000
CXUS56 KFGZ 250900
CF6GCN
PRELIMINARY LOCAL CLIMATOLOGICAL DATA (WS FORM: F-6)

                                          STATION:   GRAND CANYON AZ AIRPORT
                                          MONTH:     JULY
                                          YEAR:      2017
                                          LATITUDE:   35 57 N
                                          LONGITUDE: 112  9 W

  TEMPERATURE IN F:       :PCPN:    SNOW:  WIND      :SUNSHINE: SKY     :PK WND
================================================================================
1   2   3   4   5  6A  6B    7    8   9   10  11  12  13   14  15   16   17  18
                                     12Z  AVG MX 2MIN
DY MAX MIN AVG DEP HDD CDD  WTR  SNW DPTH SPD SPD DIR MIN PSBL S-S WX    SPD DR
================================================================================

 1  92  42  67   4   0   2 0.00    M    M  6.0 20 210   M    M   0        30 220
 2  89  42  66   3   0   1 0.00    M    M  8.2 26 230   M    M   0        51 230
 3  88  43  66   2   0   1 0.00    M    M  6.2 21 220   M    M   0        29 270
 4  91  43  67   3   0   2 0.00    M    M  3.5 17 230   M    M   0        23 260
 5  96  43  70   6   0   5 0.00    M    M  4.0 20 190   M    M   0 8      38 220
 6  95  48  72   8   0   7 0.01    M    M  4.0 22  70   M    M   0        31  50
 7  93  52  73   8   0   8 0.03    M    M  4.9 25  50   M    M   1        31  70
 8  91  60  76  11   0  11 0.03    M    M  5.8 24  40   M    M   2        31  30
 9  92  56  74   9   0   9 0.01    M    M  3.4 16 230   M    M   2 38     24  40
10  85  58  72   7   0   7 0.01  0.0    0  5.7 18 230   M    M   4        27 250
11  83  52  68   3   0   3 0.08    M    M  5.3 22 240   M    M   3 13     28 250
12  86  48  67   2   0   2    T    M    M  5.2 29 210   M    M   1        34 210
13  87  48  68   2   0   3    T    M    M  4.4 20 230   M    M   2        25 230
14  91  50  71   5   0   6 0.00    M    M  4.0 15 330   M    M   0        23 350
15  93  51  72   6   0   7 0.00    M    M  5.3 22  60   M    M   1        27  70
16  90  53  72   6   0   7    T    M    M  5.1 22 220   M    M   1        28 220
17  88  53  71   5   0   6 0.56    M    M  2.8 26 110   M    M   2 13     32 110
18  83  56  70   4   0   5 0.18    M    M  5.0 26 100   M    M   3 13     37  90
19  81  56  69   3   0   4 0.04    M    M  4.1 22 210   M    M   4 3      35 210
20  84  53  69   3   0   4 0.00    M    M  4.6 20 240   M    M   1        28 230
21  83  57  70   4   0   5 0.00    M    M  3.7 14 210   M    M   5 3      20 260
22  88  56  72   6   0   7 0.00    M    M  5.8 23  40   M    M   2 8      29  40
23  83  63  73   7   0   8    T    M    M  4.1 13  80   M    M   4 38     15  30
24  77  61  69   2   0   4 0.12  0.0    0  4.6 13 230   M    M   7 13     17 220
================================================================================
SM 2109 1244         0 124  1.07     0.0 115.7          M       45
================================================================================
AV 87.9 51.8                               4.8 FASTST   M    M   2    MAX(MPH)
                                 MISC ---->  # 29 210               # 51  230
================================================================================
NOTES:
# LAST OF SEVERAL OCCURRENCES

COLUMN 17 PEAK WIND IN M.P.H.

PRELIMINARY LOCAL CLIMATOLOGICAL DATA (WS FORM: F-6) , PAGE 2

                                          STATION:  GRAND CANYON AZ AIRPORT
                                          MONTH:    JULY
                                          YEAR:     2017
                                          LATITUDE:   35 57 N
                                          LONGITUDE: 112  9 W

[TEMPERATURE DATA]      [PRECIPITATION DATA]       SYMBOLS USED IN COLUMN 16

AVERAGE MONTHLY: 69.9   TOTAL FOR MONTH:   1.07    1 = FOG OR MIST
DPTR FM NORMAL:   4.6   DPTR FM NORMAL:   -0.15    2 = FOG REDUCING VISIBILITY
HIGHEST:    96 ON  5    GRTST 24HR  0.56 ON 17-17      TO 1/4 MILE OR LESS
LOWEST:     42 ON  2, 1                            3 = THUNDER
                        SNOW, ICE PELLETS, HAIL    4 = ICE PELLETS
                        TOTAL MONTH:   0.0 INCH    5 = HAIL
                        GRTST 24HR     0.0         6 = FREEZING RAIN OR DRIZZLE
                        GRTST DEPTH:   0           7 = DUSTSTORM OR SANDSTORM:
                                                       VSBY 1/2 MILE OR LESS
                                                   8 = SMOKE OR HAZE
[NO. OF DAYS WITH]      [WEATHER - DAYS WITH]      9 = BLOWING SNOW
                                                   X = TORNADO
MAX 32 OR BELOW:   0    0.01 INCH OR MORE:  10
MAX 90 OR ABOVE:  10    0.10 INCH OR MORE:   3
MIN 32 OR BELOW:   0    0.50 INCH OR MORE:   1
MIN  0 OR BELOW:   0    1.00 INCH OR MORE:   0

[HDD (BASE 65) ]
TOTAL THIS MO.     0    CLEAR  (SCALE 0-3)  19
DPTR FM NORMAL   -34    PTCLDY (SCALE 4-7)   5
TOTAL FM JUL 1     0    CLOUDY (SCALE 8-10)  0
DPTR FM NORMAL   -34

[CDD (BASE 65) ]
TOTAL THIS MO.   124
DPTR FM NORMAL    86    [PRESSURE DATA]
TOTAL FM JAN 1   181    HIGHEST SLP M ON M
DPTR FM NORMAL   141    LOWEST  SLP 29.85 ON 10

[REMARKS]
