000
CXUS56 KFGZ 220900
CF6GCN
PRELIMINARY LOCAL CLIMATOLOGICAL DATA (WS FORM: F-6)

                                          STATION:   GRAND CANYON AZ AIRPORT
                                          MONTH:     JANUARY
                                          YEAR:      2018
                                          LATITUDE:   35 57 N
                                          LONGITUDE: 112  9 W

  TEMPERATURE IN F:       :PCPN:    SNOW:  WIND      :SUNSHINE: SKY     :PK WND
================================================================================
1   2   3   4   5  6A  6B    7    8   9   10  11  12  13   14  15   16   17  18
                                     12Z  AVG MX 2MIN
DY MAX MIN AVG DEP HDD CDD  WTR  SNW DPTH SPD SPD DIR MIN PSBL S-S WX    SPD DR
================================================================================

 1  56  10  33   6  32   0 0.00  0.0    0  2.6 13 300   M    M   0        20  30
 2  51  14  33   6  32   0 0.00  0.0    0  5.1 21  60   M    M   0        24  60
 3  55  29  42  15  23   0 0.00    M    M  5.6 14  70   M    M   0        20  70
 4  58  20  39  12  26   0 0.00    M    M  2.4 13 250   M    M   1        18 250
 5  57  17  37  10  28   0 0.00    M    M  2.7 15 250   M    M   0        22 260
 6  56  20  38  11  27   0 0.02    M    0  7.5 22 220   M    M   6 1      27 210
 7  51  16  34   7  31   0 0.00    M    M  4.9 16  40   M    M   0        20  40
 8  50  24  37  10  28   0    T    M    M  2.6 12 220   M    M   5        14 220
 9  56  32  44  17  21   0 0.48    M    0 10.0 29 200   M    M   9 1      41 220
10  38  31  35   8  30   0 0.02    M    M  8.6 16 230   M    M  10 12     23 270
11  47  21  34   7  31   0 0.00    M    M  1.9 10 220   M    M   0        13 340
12  53  18  36   9  29   0 0.00    M    M  3.6 14 350   M    M   0        22  10
13  56  21  39  12  26   0 0.00    M    M  3.4 13  50   M    M   0        15  40
14  55  22  39  12  26   0 0.00    M    M  7.1 17  50   M    M   0        21  60
15  56  24  40  12  25   0 0.00    M    M  2.5  9  50   M    M   0        16 210
16  53  23  38  10  27   0 0.00  0.0    0  7.5 18  70   M    M   2        25  70
17  54  20  37   9  28   0 0.00  0.0    0  3.7 14  80   M    M   0        17  50
18  57  17  37   9  28   0 0.00  0.0    0  2.4 10 230   M    M   0        15 220
19  55  19  37   9  28   0 0.00  0.0    0  9.7 26 210   M    M   0        33 230
20  40  21  31   3  34   0 0.19    M    0 10.4 26 220   M    M   8 128    32 220
21  31   5  18 -10  47   0    T    M    M  6.8 15 280   M    M   3 18     24 290
================================================================================
SM 1085  424       607   0  0.71     0.0 111.0          M       44
================================================================================
AV 51.7 20.2                               5.3 FASTST   M    M   2    MAX(MPH)
                                 MISC ---->  # 29 200               # 41  220
================================================================================
NOTES:
# LAST OF SEVERAL OCCURRENCES

COLUMN 17 PEAK WIND IN M.P.H.

PRELIMINARY LOCAL CLIMATOLOGICAL DATA (WS FORM: F-6) , PAGE 2

                                          STATION:  GRAND CANYON AZ AIRPORT
                                          MONTH:    JANUARY
                                          YEAR:     2018
                                          LATITUDE:   35 57 N
                                          LONGITUDE: 112  9 W

[TEMPERATURE DATA]      [PRECIPITATION DATA]       SYMBOLS USED IN COLUMN 16

AVERAGE MONTHLY: 35.9   TOTAL FOR MONTH:   0.71    1 = FOG OR MIST
DPTR FM NORMAL:   8.6   DPTR FM NORMAL:   -0.59    2 = FOG REDUCING VISIBILITY
HIGHEST:    58 ON  4    GRTST 24HR  0.48 ON  9- 9      TO 1/4 MILE OR LESS
LOWEST:      5 ON 21                               3 = THUNDER
                        SNOW, ICE PELLETS, HAIL    4 = ICE PELLETS
                        TOTAL MONTH:   0.0 INCH    5 = HAIL
                        GRTST 24HR     0.0         6 = FREEZING RAIN OR DRIZZLE
                        GRTST DEPTH:   0           7 = DUSTSTORM OR SANDSTORM:
                                                       VSBY 1/2 MILE OR LESS
                                                   8 = SMOKE OR HAZE
[NO. OF DAYS WITH]      [WEATHER - DAYS WITH]      9 = BLOWING SNOW
                                                   X = TORNADO
MAX 32 OR BELOW:   1    0.01 INCH OR MORE:   4
MAX 90 OR ABOVE:   0    0.10 INCH OR MORE:   2
MIN 32 OR BELOW:  21    0.50 INCH OR MORE:   0
MIN  0 OR BELOW:   0    1.00 INCH OR MORE:   0

[HDD (BASE 65) ]
TOTAL THIS MO.   607    CLEAR  (SCALE 0-3)  16
DPTR FM NORMAL  -185    PTCLDY (SCALE 4-7)   3
TOTAL FM JUL 1  3025    CLOUDY (SCALE 8-10)  2
DPTR FM NORMAL  -677

[CDD (BASE 65) ]
TOTAL THIS MO.     0
DPTR FM NORMAL     0    [PRESSURE DATA]
TOTAL FM JAN 1     0    HIGHEST SLP M ON M
DPTR FM NORMAL     0    LOWEST  SLP 29.64 ON M

[REMARKS]
