000
CXUS54 KFWD 250730
CF6GDJ
PRELIMINARY LOCAL CLIMATOLOGICAL DATA (WS FORM: F-6)

                                          STATION:   GRANBURY
                                          MONTH:     FEBRUARY
                                          YEAR:      2018
                                          LATITUDE:   32 26 N
                                          LONGITUDE:  97 48 W

  TEMPERATURE IN F:       :PCPN:    SNOW:  WIND      :SUNSHINE: SKY     :PK WND
================================================================================
1   2   3   4   5  6A  6B    7    8   9   10  11  12  13   14  15   16   17  18
                                     12Z  AVG MX 2MIN
DY MAX MIN AVG DEP HDD CDD  WTR  SNW DPTH SPD SPD DIR MIN PSBL S-S WX    SPD DR
================================================================================

 1  65  42  54   9  11   0 0.00  0.0    0 10.2 17 310   M    M   0        23 310
 2  56  32  44  -1  21   0 0.00  0.0    0  5.9 17  10   M    M   0        28  10
 3  66  39  53   8  12   0 0.00  0.0    0  9.0 21 150   M    M   0 12     29 150
 4  69  37  53   8  12   0 0.00  0.0    0  5.7 21 340   M    M   5 12     28 340
 5  48  24  36 -10  29   0 0.00  0.0    0  4.7  9  10   M    M   4         M  M
 6  43  32  38  -8  27   0 0.00  0.0    0  8.0 15 320   M    M   9 13     20 320
 7  50  27  39  -7  26   0 0.00  0.0    0  8.2 16 330   M    M   2        23 350
 8  61  22  42  -4  23   0 0.00  0.0    0  2.9  8 110   M    M   0 1       M  M
 9  76  38  57  11   8   0 0.00  0.0    0  9.1 21 160   M    M   3        25 160
10  57  30  44  -2  21   0 0.00  0.0    0 10.3 18 310   M    M  10 1      27 310
11  43  25  34 -13  31   0 0.01    M    0 10.1 17 350   M    M   4        23 310
12  49  23  36 -11  29   0 0.00  0.0    0  5.4 10 120   M    M   1         M  M
13  49  40  45  -2  20   0 0.00  0.0    0  4.2  9 120   M    M  10 18      M  M
14  84  46  65  18   0   0 0.00  0.0    0  8.9 17 160   M    M   6 18     27 180
15  84  64  74  26   0   9 0.00  0.0    0 12.8 21 170   M    M   4        28 200
16  68  46  57   9   8   0    T  0.0    0  9.6 20 360   M    M   2 1      27 360
17  70  44  57   9   8   0 0.04  0.0    0  4.1 13 310   M    M   5        17 310
18  64  40  52   4  13   0 0.06  0.0    0  5.2 14 130   M    M   6 1      22 130
19  80  63  72  23   0   7 0.00  0.0    0 16.2 24 180   M    M   8        37 180
20  75  39  57   8   8   0 1.42  0.0    0 12.7 22 280   M    M  10 3      28 150
21  39  32  36 -13  29   0 2.02  0.0    0 10.7 18 310   M    M  10 136    24 310
22  38  32  35 -14  30   0 0.26  0.0    0  6.0 10 290   M    M  10 13      M  M
23  48  38  43  -7  22   0 0.09  0.0    0  1.7  8 310   M    M  10 13      M  M
24  65  42  54   4  11   0 0.22    M    0  5.7 16 300   M    M   6 13     20 120
================================================================================
SM 1447  897       399  16  4.12     0.0 187.3          M      125
================================================================================
AV 60.3 37.4                               7.8 FASTST   M    M   5    MAX(MPH)
                                 MISC ---->    24   M                 37    M
================================================================================
NOTES:
# LAST OF SEVERAL OCCURRENCES

COLUMN 17 PEAK WIND IN M.P.H.

PRELIMINARY LOCAL CLIMATOLOGICAL DATA (WS FORM: F-6) , PAGE 2

                                          STATION:  GRANBURY
                                          MONTH:    FEBRUARY
                                          YEAR:     2018
                                          LATITUDE:   32 26 N
                                          LONGITUDE:  97 48 W

[TEMPERATURE DATA]      [PRECIPITATION DATA]       SYMBOLS USED IN COLUMN 16

AVERAGE MONTHLY: 48.8   TOTAL FOR MONTH:   4.12    1 = FOG OR MIST
DPTR FM NORMAL:   1.7   DPTR FM NORMAL:       M    2 = FOG REDUCING VISIBILITY
HIGHEST:    84 ON 15,14 GRTST 24HR  2.02 ON 21-21      TO 1/4 MILE OR LESS
LOWEST:     22 ON  8                               3 = THUNDER
                        SNOW, ICE PELLETS, HAIL    4 = ICE PELLETS
                        TOTAL MONTH:   0.0 INCH    5 = HAIL
                        GRTST 24HR     0.0         6 = FREEZING RAIN OR DRIZZLE
                        GRTST DEPTH:   0           7 = DUSTSTORM OR SANDSTORM:
                                                       VSBY 1/2 MILE OR LESS
                                                   8 = SMOKE OR HAZE
[NO. OF DAYS WITH]      [WEATHER - DAYS WITH]      9 = BLOWING SNOW
                                                   X = TORNADO
MAX 32 OR BELOW:   0    0.01 INCH OR MORE:   8
MAX 90 OR ABOVE:   0    0.10 INCH OR MORE:   4
MIN 32 OR BELOW:  10    0.50 INCH OR MORE:   2
MIN  0 OR BELOW:   0    1.00 INCH OR MORE:   2

[HDD (BASE 65) ]
TOTAL THIS MO.   399    CLEAR  (SCALE 0-3)   7
DPTR FM NORMAL   -33    PTCLDY (SCALE 4-7)   9
TOTAL FM JUL 1  1838    CLOUDY (SCALE 8-10)  8
DPTR FM NORMAL  -338

[CDD (BASE 65) ]
TOTAL THIS MO.    16
DPTR FM NORMAL    16    [PRESSURE DATA]
TOTAL FM JAN 1    17    HIGHEST SLP M ON M
DPTR FM NORMAL    17    LOWEST  SLP M ON M

[REMARKS]
