000
CXUS54 KMAF 241100
CF6GDP
PRELIMINARY LOCAL CLIMATOLOGICAL DATA (WS FORM: F-6)

                                          STATION:   Guadalupe Pass
                                          MONTH:     SEPTEMBER
                                          YEAR:      2017
                                          LATITUDE:   31 49 N
                                          LONGITUDE: 104 48 W

  TEMPERATURE IN F:       :PCPN:    SNOW:  WIND      :SUNSHINE: SKY     :PK WND
================================================================================
1   2   3   4   5  6A  6B    7    8   9   10  11  12  13   14  15   16   17  18
                                     12Z  AVG MX 2MIN
DY MAX MIN AVG DEP HDD CDD  WTR  SNW DPTH SPD SPD DIR MIN PSBL S-S WX    SPD DR
================================================================================

 1  83  63  73   0   0   8 0.00  0.0    0 13.7 21  40   M    M   0        24  50
 2  88  69  79   6   0  14 0.00  0.0    0  6.6 17  50   M    M   0        22 110
 3  83  64  74   1   0   9 0.00  0.0    0 18.1 26  80   M    M   0 8      33  50
 4  83  66  75   3   0  10 0.00  0.0    0 10.5 21  70   M    M   0        26  80
 5  81  63  72   0   0   7 0.00  0.0    0 20.0 33  40   M    M   0 8      39  70
 6  78  57  68  -4   0   3 0.00  0.0    0 20.2 39  50   M    M   1        43  50
 7  88  60  74   2   0   9 0.00  0.0    0 12.4 22  60   M    M   0         M  M
 8  83  60  72   0   0   7 0.00  0.0    0 16.6 32  50   M    M   0        35  50
 9  78  59  69  -2   0   4    T  0.0    0 24.0 32  50   M    M   1 8      36  70
10  79  58  69  -2   0   4 0.00  0.0    0 21.6 29  50   M    M   1        33  80
11  82  58  70  -1   0   5 0.00  0.0    0 14.9 25  50   M    M   0        29  50
12  90  66  78   8   0  13 0.00  0.0    0  9.5 22 240   M    M   0        27 240
13  96  69  83  13   0  18 0.00  0.0    0 12.8 29 240   M    M   1        34 250
14  96  69  83  13   0  18 0.00  0.0    0 11.7 24 240   M    M   0        31 260
15  89  62  76   6   0  11 0.02  0.0    0 17.0 41 230   M    M   2        48 230
16  86  63  75   5   0  10    T  0.0    0 14.7 32 230   M    M   1        40 230
17  90  65  78   9   0  13 0.05  0.0    0 15.4 37 230   M    M   1        45 240
18  91  65  78   9   0  13 0.00  0.0    0 12.4 24 230   M    M   0        31 250
19  89  67  78   9   0  13 0.00  0.0    0 21.8 45 250   M    M   0        55 230
20  88  64  76   8   0  11 0.00  0.0    0 22.3 39 250   M    M   0        47 250
21  92  67  80  12   0  15 0.00  0.0    0 12.4 32 240   M    M   2        40 240
22  94  69  82  14   0  17 0.00  0.0    0 14.8 35  60   M    M   3        40  60
23  76  61  69   1   0   4 0.14  0.0    0  8.8 32 270   M    M   7 12     44 270
================================================================================
SM 1983 1464         0 236  0.21     0.0 352.2          M       20
================================================================================
AV 86.2 63.7                              15.3 FASTST   M    M   1    MAX(MPH)
                                 MISC ---->  # 45 250               # 55  230
================================================================================
NOTES:
# LAST OF SEVERAL OCCURRENCES

COLUMN 17 PEAK WIND IN M.P.H.

PRELIMINARY LOCAL CLIMATOLOGICAL DATA (WS FORM: F-6) , PAGE 2

                                          STATION:  Guadalupe Pass
                                          MONTH:    SEPTEMBER
                                          YEAR:     2017
                                          LATITUDE:   31 49 N
                                          LONGITUDE: 104 48 W

[TEMPERATURE DATA]      [PRECIPITATION DATA]       SYMBOLS USED IN COLUMN 16

AVERAGE MONTHLY: 74.9   TOTAL FOR MONTH:   0.21    1 = FOG OR MIST
DPTR FM NORMAL:   4.5   DPTR FM NORMAL:   -1.33    2 = FOG REDUCING VISIBILITY
HIGHEST:    96 ON 14,13 GRTST 24HR  0.14 ON 23-23      TO 1/4 MILE OR LESS
LOWEST:     57 ON  6                               3 = THUNDER
                        SNOW, ICE PELLETS, HAIL    4 = ICE PELLETS
                        TOTAL MONTH:   0.0 INCH    5 = HAIL
                        GRTST 24HR     0.0         6 = FREEZING RAIN OR DRIZZLE
                        GRTST DEPTH:   0           7 = DUSTSTORM OR SANDSTORM:
                                                       VSBY 1/2 MILE OR LESS
                                                   8 = SMOKE OR HAZE
[NO. OF DAYS WITH]      [WEATHER - DAYS WITH]      9 = BLOWING SNOW
                                                   X = TORNADO
MAX 32 OR BELOW:   0    0.01 INCH OR MORE:   3
MAX 90 OR ABOVE:   7    0.10 INCH OR MORE:   1
MIN 32 OR BELOW:   0    0.50 INCH OR MORE:   0
MIN  0 OR BELOW:   0    1.00 INCH OR MORE:   0

[HDD (BASE 65) ]
TOTAL THIS MO.     0    CLEAR  (SCALE 0-3)  22
DPTR FM NORMAL   -14    PTCLDY (SCALE 4-7)   1
TOTAL FM JUL 1     0    CLOUDY (SCALE 8-10)  0
DPTR FM NORMAL   -17

[CDD (BASE 65) ]
TOTAL THIS MO.   236
DPTR FM NORMAL    96    [PRESSURE DATA]
TOTAL FM JAN 1  1357    HIGHEST SLP M ON M
DPTR FM NORMAL   -12    LOWEST  SLP 29.62 ON M

[REMARKS]
