000
CXUS54 KMAF 301100
CF6GDP
PRELIMINARY LOCAL CLIMATOLOGICAL DATA (WS FORM: F-6)

                                          STATION:   Guadalupe Pass
                                          MONTH:     JUNE
                                          YEAR:      2015
                                          LATITUDE:   31 49 N
                                          LONGITUDE: 104 48 W

  TEMPERATURE IN F:       :PCPN:    SNOW:  WIND      :SUNSHINE: SKY     :PK WND
================================================================================
1   2   3   4   5  6A  6B    7    8   9   10  11  12  13   14  15   16   17  18
                                     12Z  AVG MX 2MIN
DY MAX MIN AVG DEP HDD CDD  WTR  SNW DPTH SPD SPD DIR MIN PSBL S-S WX    SPD DR
================================================================================

 1  93  63  78   3   0  13    T  0.0    0 13.0 27  60   M    M   2        40  40
 2  96  64  80   5   0  15 0.00  0.0    M 14.2 35  40   M    M   0        40  40
 3  95  69  82   7   0  17 0.00  0.0    0 15.0 31 240   M    M   0        38 250
 4  96  67  82   7   0  17 0.00  0.0    0 15.0 38 110   M    M   0        49 110
 5  87  62  75  -1   0  10 0.36  0.0    0 16.5 37  50   M    M   1 1      40  50
 6  79  58  69  -7   0   4    T  0.0    0 17.4 29  50   M    M   1        34  60
 7  84  61  73  -3   0   8 0.05  0.0    0 17.2 33  50   M    M   3 1      36 130
 8  78  64  71  -5   0   6    T  0.0    0 23.6 37  50   M    M   6        41  50
 9  82  65  74  -2   0   9    T  0.0    0 16.7 25  60   M    M   4        29  60
10  93  69  81   4   0  16 0.01  0.0    0  9.5 31 220   M    M   1        39 200
11  95  71  83   6   0  18 0.00  0.0    0 13.9 33 240   M    M   1        40 250
12  94  65  80   3   0  15 0.00  0.0    0 14.7 36  40   M    M   0        39  40
13  87  61  74  -3   0   9 0.00  0.0    0 20.4 41  40   M    M   0 1      45  60
14  93  61  77   0   0  12 0.00  0.0    0 19.6 39  50   M    M   0        42  50
15  84  60  72  -5   0   7 0.45  0.0    0 24.2 36  30   M    M   2 18     45  30
16  80  60  70  -7   0   5 0.03  0.0    0 16.5 31  40   M    M   3 12     37  30
17  85  63  74  -3   0   9    T  0.0    0 10.9 23  60   M    M   1        29  50
18  89  67  78   1   0  13    T  0.0    0 15.4 32  20   M    M   1        40  20
19  86  64  75  -2   0  10 0.00  0.0    0 17.6 41  40   M    M   1        48  50
20  95  65  80   3   0  15 0.00  0.0    0 15.9 32  60   M    M   0        36  60
21  90  65  78   1   0  13 0.00  0.0    0 15.3 36  80   M    M   0        40  80
22  86  61  74  -3   0   9    T  0.0    0 22.5 35  50   M    M   2 128    37  80
23  75  61  68  -9   0   3 0.02  0.0    0 27.2 38  80   M    M   8 128    46  80
24  80  61  71  -6   0   6    T  0.0    0 19.0 28  50   M    M   6 1      39  60
25  90  62  76  -1   0  11 0.62  0.0    0  8.8 39 100   M    M   2 18     55 110
26  86  66  76  -1   0  11 0.20  0.0    0 10.6 36  40   M    M   1        42  40
27  82  63  73  -4   0   8 0.00  0.0    0 19.6 31  50   M    M   3        36  50
28  83  64  74  -3   0   9 0.00  0.0    0 16.0 23  80   M    M   1        36  80
29  88  60  74  -3   0   9 0.17  0.0    0 11.9 53  10   M    M   3        69  10
================================================================================
SM 2531 1842         0 307  1.91     0.0 478.1          M       53
================================================================================
AV 87.3 63.5                              16.5 FASTST   M    M   2    MAX(MPH)
                                 MISC ---->  # 53  10               # 69   10
================================================================================
NOTES:
# LAST OF SEVERAL OCCURRENCES

COLUMN 17 PEAK WIND IN M.P.H.

PRELIMINARY LOCAL CLIMATOLOGICAL DATA (WS FORM: F-6) , PAGE 2

                                          STATION:  Guadalupe Pass
                                          MONTH:    JUNE
                                          YEAR:     2015
                                          LATITUDE:   31 49 N
                                          LONGITUDE: 104 48 W

[TEMPERATURE DATA]      [PRECIPITATION DATA]       SYMBOLS USED IN COLUMN 16

AVERAGE MONTHLY: 75.4   TOTAL FOR MONTH:   1.91    1 = FOG OR MIST
DPTR FM NORMAL:  -1.2   DPTR FM NORMAL:    0.52    2 = FOG REDUCING VISIBILITY
HIGHEST:    96 ON  4, 2 GRTST 24HR  0.62 ON 25-25      TO 1/4 MILE OR LESS
LOWEST:     58 ON  6                               3 = THUNDER
                        SNOW, ICE PELLETS, HAIL    4 = ICE PELLETS
                        TOTAL MONTH:   0.0 INCH    5 = HAIL
                        GRTST 24HR     0.0         6 = FREEZING RAIN OR DRIZZLE
                        GRTST DEPTH:   0           7 = DUSTSTORM OR SANDSTORM:
                                                       VSBY 1/2 MILE OR LESS
                                                   8 = SMOKE OR HAZE
[NO. OF DAYS WITH]      [WEATHER - DAYS WITH]      9 = BLOWING SNOW
                                                   X = TORNADO
MAX 32 OR BELOW:   0    0.01 INCH OR MORE:   9
MAX 90 OR ABOVE:  11    0.10 INCH OR MORE:   5
MIN 32 OR BELOW:   0    0.50 INCH OR MORE:   1
MIN  0 OR BELOW:   0    1.00 INCH OR MORE:   0

[HDD (BASE 65) ]
TOTAL THIS MO.     0    CLEAR  (SCALE 0-3)  24
DPTR FM NORMAL     0    PTCLDY (SCALE 4-7)   4
TOTAL FM JUL 1  2191    CLOUDY (SCALE 8-10)  1
DPTR FM NORMAL -1093

[CDD (BASE 65) ]
TOTAL THIS MO.   307
DPTR FM NORMAL   -28    [PRESSURE DATA]
TOTAL FM JAN 1   417    HIGHEST SLP M ON M
DPTR FM NORMAL  -142    LOWEST  SLP 29.55 ON 11

[REMARKS]
