000
CXUS51 KPHI 220800
CF6GED
PRELIMINARY LOCAL CLIMATOLOGICAL DATA (WS FORM: F-6)

                                          STATION:   GEORGETOWN DE
                                          MONTH:     MAY
                                          YEAR:      2017
                                          LATITUDE:   38 41 N
                                          LONGITUDE:  75 22 W

  TEMPERATURE IN F:       :PCPN:    SNOW:  WIND      :SUNSHINE: SKY     :PK WND
================================================================================
1   2   3   4   5  6A  6B    7    8   9   10  11  12  13   14  15   16   17  18
                                     12Z  AVG MX 2MIN
DY MAX MIN AVG DEP HDD CDD  WTR  SNW DPTH SPD SPD DIR MIN PSBL S-S WX    SPD DR
================================================================================

 1  86  57  72  14   0   7 0.00    M    M 15.0 29 220   M    M   5 1      42 230
 2  78  55  67   8   0   2 0.17    M    M 12.7 30 220   M    M   3 13     39 210
 3  70  48  59   0   6   0 0.00    M    M  5.3 23 280   M    M   1        35 290
 4  64  45  55  -4  10   0 0.00    M    M 11.5 21 120   M    M   0        27 100
 5  72  60  66   6   0   1 1.35    M    M 12.3 21 160   M    M   8 13     31 240
 6  68  50  59  -1   6   0 0.03    M    M 11.5 24 240   M    M   6        33 210
 7  63  46  55  -5  10   0 0.01    M    M  7.1 20 240   M    M   5        27 230
 8  61  43  52  -8  13   0    T    M    M  5.8 18 280   M    M   2        28 280
 9  66  44  55  -6  10   0 0.00    M    M  4.3 14 280   M    M   2        19 310
10  74  44  59  -2   6   0 0.00    M    M  4.2 15  50   M    M   3 1      18  50
11  60  52  56  -5   9   0 0.23    M    M  6.1 15 100   M    M   9 1      22 110
12  58  50  54  -8  11   0 0.26    M    M  9.1 18  80   M    M  10 1      24  80
13  59  52  56  -6   9   0 0.73    M    M  9.7 18  90   M    M  10 1      26  90
14  78  48  63   1   2   0    T    M    M  7.8 20 260   M    M   3        30 290
15  74  52  63   0   2   0 0.00    M    M  7.9 20 280   M    M   1        27 270
16  80  49  65   2   0   0 0.00    M    M  4.5 13 290   M    M   0        18 260
17  94  59  77  14   0  12 0.00    M    M  6.5 14 230   M    M   0        19 230
18  90  72  81  17   0  16 0.00    M    M 11.0 18 210   M    M   0        26 230
19  92  73  83  19   0  18 0.00    M    M  8.4 15 230   M    M   0 3      20 240
20  76  51  64   0   1   0    T    M    M 12.2 26  50   M    M   1        35  50
21  67  49  58  -7   7   0 0.00    M    M  9.2 20  90   M    M   6        26  90
================================================================================
SM 1530 1099       102  56  2.78    M    182.1          M       75
================================================================================
AV 72.9 52.3                               8.7 FASTST   M    M   4    MAX(MPH)
                                 MISC ---->  # 30 220               # 42  230
================================================================================
NOTES:
# LAST OF SEVERAL OCCURRENCES

COLUMN 17 PEAK WIND IN M.P.H.

PRELIMINARY LOCAL CLIMATOLOGICAL DATA (WS FORM: F-6) , PAGE 2

                                          STATION:  GEORGETOWN DE
                                          MONTH:    MAY
                                          YEAR:     2017
                                          LATITUDE:   38 41 N
                                          LONGITUDE:  75 22 W

[TEMPERATURE DATA]      [PRECIPITATION DATA]       SYMBOLS USED IN COLUMN 16

AVERAGE MONTHLY: 62.6   TOTAL FOR MONTH:   2.78    1 = FOG OR MIST
DPTR FM NORMAL:   1.2   DPTR FM NORMAL:    0.55    2 = FOG REDUCING VISIBILITY
HIGHEST:    94 ON 17    GRTST 24HR  1.35 ON  5- 5      TO 1/4 MILE OR LESS
LOWEST:     43 ON  8                               3 = THUNDER
                        SNOW, ICE PELLETS, HAIL    4 = ICE PELLETS
                        TOTAL MONTH:    M          5 = HAIL
                        GRTST 24HR    M  ON   M    6 = FREEZING RAIN OR DRIZZLE
                        GRTST DEPTH:  M  ON   M    7 = DUSTSTORM OR SANDSTORM:
                                                       VSBY 1/2 MILE OR LESS
                                                   8 = SMOKE OR HAZE
[NO. OF DAYS WITH]      [WEATHER - DAYS WITH]      9 = BLOWING SNOW
                                                   X = TORNADO
MAX 32 OR BELOW:   0    0.01 INCH OR MORE:   7
MAX 90 OR ABOVE:   3    0.10 INCH OR MORE:   5
MIN 32 OR BELOW:   0    0.50 INCH OR MORE:   2
MIN  0 OR BELOW:   0    1.00 INCH OR MORE:   1

[HDD (BASE 65) ]
TOTAL THIS MO.   102    CLEAR  (SCALE 0-3)  12
DPTR FM NORMAL   -10    PTCLDY (SCALE 4-7)   6
TOTAL FM JUL 1  3568    CLOUDY (SCALE 8-10)  3
DPTR FM NORMAL  -804

[CDD (BASE 65) ]
TOTAL THIS MO.    56
DPTR FM NORMAL    18    [PRESSURE DATA]
TOTAL FM JAN 1   124    HIGHEST SLP M ON M
DPTR FM NORMAL    66    LOWEST  SLP 29.37 ON  6

[REMARKS]
