000
CXUS51 KPHI 280800
CF6GED
PRELIMINARY LOCAL CLIMATOLOGICAL DATA (WS FORM: F-6)

                                          STATION:   GEORGETOWN DE
                                          MONTH:     JULY
                                          YEAR:      2017
                                          LATITUDE:   38 41 N
                                          LONGITUDE:  75 22 W

  TEMPERATURE IN F:       :PCPN:    SNOW:  WIND      :SUNSHINE: SKY     :PK WND
================================================================================
1   2   3   4   5  6A  6B    7    8   9   10  11  12  13   14  15   16   17  18
                                     12Z  AVG MX 2MIN
DY MAX MIN AVG DEP HDD CDD  WTR  SNW DPTH SPD SPD DIR MIN PSBL S-S WX    SPD DR
================================================================================

 1  90  75  83   7   0  18    T    M    M  9.7 20 210   M    M   4        25 220
 2  94  70  82   6   0  17 0.00    M    M  4.6 14 230   M    M   1        21 290
 3  93  73  83   7   0  18 0.00    M    M  4.9 13 160   M    M   2 1      15 330
 4  92  71  82   6   0  17 2.21    M    M  4.5 24 130   M    M   3 1238   32 150
 5  83  71  77   1   0  12 0.00    M    M  7.5 15 100   M    M   6 128    20 130
 6  80  72  76   0   0  11 0.73    M    M  6.9 15 100   M    M   9 1      21 110
 7  86  71  79   2   0  14 0.00    M    M  6.3 16 270   M    M   5 12     26 260
 8  90  69  80   3   0  15 0.00    M    M  6.0 15 290   M    M   1        23 280
 9  86  67  77   0   0  12 0.00    M    M  4.0 12 250   M    M   1        16 300
10  90  65  78   1   0  13 0.00    M    M  8.0 16 200   M    M   3 1      22 180
11  94  75  85   8   0  20 0.00    M    M  7.6 18 220   M    M   0 1      25 210
12  94  77  86   9   0  21 0.00    M    M  6.6 14 260   M    M   0        22 270
13  96  76  86   9   0  21 0.13    M    M  6.8 15 230   M    M   1 3      22 220
14  94  73  84   7   0  19 1.02    M    M  6.0 29  30   M    M   4 13     37  30
15  89  73  81   4   0  16 0.01    M    M  4.7 14  20   M    M   3 1      20 300
16  87  69  78   1   0  13 0.00    M    M  4.2 12 120   M    M   2        13 120
17  86  70  78   1   0  13 0.00    M    M  4.8 15 170   M    M   2 1      19 170
18  89  70  80   3   0  15 0.00    M    M  4.2 14 170   M    M   2        17 160
19  93  74  84   7   0  19 0.13    M    M  3.6 16 190   M    M   2 138    19 190
20  96  74  85   8   0  20 0.00    M    M  5.6 14 220   M    M   1 1      18 220
21  95  79  87  10   0  22 0.00    M    M  4.4 10  90   M    M   1 18     13 310
22  93  75  84   7   0  19 0.39    M    M  4.6 16 200   M    M   5 13     21 200
23  89  74  82   5   0  17 0.33    M    M  4.3 14 200   M    M   6 13     18 230
24  87  73  80   3   0  15 0.01    M    M  6.2 17  40   M    M   2 3      23 360
25  82  69  76  -1   0  11 0.46    M    M  5.4 14  30   M    M   5 13     18  40
26  79  66  73  -4   0   8    T    M    M  4.9 15 120   M    M   7        18 120
27  85  66  76  -1   0  11 0.00    M    M  5.8 15 210   M    M   5        20 210
================================================================================
SM 2412 1937         0 427  5.42    M    152.1          M       83
================================================================================
AV 89.3 71.7                               5.6 FASTST   M    M   3    MAX(MPH)
                                 MISC ---->  # 29  30               # 37   30
================================================================================
NOTES:
# LAST OF SEVERAL OCCURRENCES

COLUMN 17 PEAK WIND IN M.P.H.

PRELIMINARY LOCAL CLIMATOLOGICAL DATA (WS FORM: F-6) , PAGE 2

                                          STATION:  GEORGETOWN DE
                                          MONTH:    JULY
                                          YEAR:     2017
                                          LATITUDE:   38 41 N
                                          LONGITUDE:  75 22 W

[TEMPERATURE DATA]      [PRECIPITATION DATA]       SYMBOLS USED IN COLUMN 16

AVERAGE MONTHLY: 80.5   TOTAL FOR MONTH:   5.42    1 = FOG OR MIST
DPTR FM NORMAL:   3.8   DPTR FM NORMAL:    1.78    2 = FOG REDUCING VISIBILITY
HIGHEST:    96 ON 20,13 GRTST 24HR  2.21 ON  4- 4      TO 1/4 MILE OR LESS
LOWEST:     65 ON 10                               3 = THUNDER
                        SNOW, ICE PELLETS, HAIL    4 = ICE PELLETS
                        TOTAL MONTH:    M          5 = HAIL
                        GRTST 24HR    M  ON   M    6 = FREEZING RAIN OR DRIZZLE
                        GRTST DEPTH:  M  ON   M    7 = DUSTSTORM OR SANDSTORM:
                                                       VSBY 1/2 MILE OR LESS
                                                   8 = SMOKE OR HAZE
[NO. OF DAYS WITH]      [WEATHER - DAYS WITH]      9 = BLOWING SNOW
                                                   X = TORNADO
MAX 32 OR BELOW:   0    0.01 INCH OR MORE:  10
MAX 90 OR ABOVE:  14    0.10 INCH OR MORE:   8
MIN 32 OR BELOW:   0    0.50 INCH OR MORE:   3
MIN  0 OR BELOW:   0    1.00 INCH OR MORE:   2

[HDD (BASE 65) ]
TOTAL THIS MO.     0    CLEAR  (SCALE 0-3)  16
DPTR FM NORMAL     0    PTCLDY (SCALE 4-7)  10
TOTAL FM JUL 1     0    CLOUDY (SCALE 8-10)  1
DPTR FM NORMAL     0

[CDD (BASE 65) ]
TOTAL THIS MO.   427
DPTR FM NORMAL   108    [PRESSURE DATA]
TOTAL FM JAN 1   879    HIGHEST SLP M ON M
DPTR FM NORMAL   227    LOWEST  SLP 29.71 ON 24

[REMARKS]
