000
CXUS53 KFGF 010915
CF6GFK
PRELIMINARY LOCAL CLIMATOLOGICAL DATA (WS FORM: F-6)

                                          STATION:   GRAND FORKS INTL AP ND
                                          MONTH:     JANUARY
                                          YEAR:      2015
                                          LATITUDE:   47 57 N
                                          LONGITUDE:  97 11 W

  TEMPERATURE IN F:       :PCPN:    SNOW:  WIND      :SUNSHINE: SKY     :PK WND
================================================================================
1   2   3   4   5  6A  6B    7    8   9   10  11  12  13   14  15   16   17  18
                                     12Z  AVG MX 2MIN
DY MAX MIN AVG DEP HDD CDD  WTR  SNW DPTH SPD SPD DIR MIN PSBL S-S WX    SPD DR
================================================================================

 1  27  -4  12   5  53   0 0.05  0.6    1 10.6 29  20   M    M   8 1      36  20
 2  27   3  15   8  50   0 0.10  1.4    1 11.0 18 160   M    M  10 1      22 160
 3  17 -16   1  -6  64   0 0.02  0.1    3 23.0 40 350   M    M   7 1289   47 350
 4 -10 -21 -15 -22  80   0 0.00  0.0    3 10.3 21 320   M    M   0        25 300
 5   1 -17  -8 -15  73   0 0.00  0.0    3  8.4 15 280   M    M   4        18 260
 6   3 -13  -5 -12  70   0    T    T    3 14.2 24 340   M    M   5 89     30 330
 7   2 -14  -6 -13  71   0 0.00  0.0    2 11.0 17 280   M    M   2 8      21 290
 8  10  -4   3  -3  62   0 0.06  0.7    3 18.1 38 350   M    M   8 189    46 350
 9   4  -7  -1  -7  66   0 0.00  0.0    3 12.7 22 310   M    M   1        26 310
10   2 -14  -6 -12  71   0 0.00  0.0    3  8.1 20 360   M    M   2        23 360
11   9 -10   0  -6  65   0 0.00  0.0    3  7.0 17 350   M    M   3        21 340
12   0 -21 -10 -16  75   0 0.00  0.0    2  7.8 13 180   M    M   0        16 190
13  14 -10   2  -4  63   0 0.00  0.0    2 14.7 28 180   M    M   2        33 190
14  32  -1  16  10  49   0 0.03  0.2    2  8.7 20 190   M    M   7 18     23 190
15  32  15  24  18  41   0 0.00  0.0    2 10.2 17  40   M    M   8        22 310
16  29   9  19  13  46   0    T  0.0    2 13.7 23 180   M    M  10 16     30 180
17  39  27  33  27  32   0 0.13  0.8    2 14.9 28 320   M    M   7 1689   33 320
18  29   8  19  13  46   0 0.00  0.0    2  6.9 15  20   M    M   4        18  20
19  34  15  25  19  40   0 0.00  0.0    2  5.9 12 120   M    M   9        15 120
20  28  24  26  20  39   0    T    T    2  7.2 13  10   M    M  10 1      16  10
21  26   2  14   8  51   0    T    T    2 10.7 21 350   M    M   7 16     25 360
22  38   3  21  15  44   0 0.02  0.0    2 14.6 28 190   M    M   6        37 200
23  44  29  37  30  28   0 0.01  0.0    2  9.7 20 200   M    M   2        23 200
24  33  21  27  20  38   0 0.00  0.0    T  9.0 22 350   M    M   8        26 350
25  30  10  20  13  45   0 0.00  0.0    1  7.5 24 190   M    M   7        31 180
26  40  23  32  25  33   0 0.00  0.0    T 11.3 25 350   M    M   5 1      32  10
27  33  25  29  22  36   0 0.00  0.0    T 12.5 21 180   M    M  10 12     30 180
28  34  24  29  22  36   0    T  0.0    T 13.4 26 340   M    M  10 16     32 340
29  23   4  14   7  51   0    T    T    T 15.1 32 340   M    M   8 8      39 330
30  36   6  21  13  44   0 0.00  0.0    T 13.1 28 190   M    M   8        32 190
31  18  -8   5  -3  60   0    T    T    T 18.7 29  10   M    M   8        35 360
================================================================================
SM  684   88      1622   0  0.42     3.8 360.0          M      186
================================================================================
AV 22.1  2.8                              11.6 FASTST   M    M   6    MAX(MPH)
                                 MISC ---->  # 40 350               # 47  350
================================================================================
NOTES:
# LAST OF SEVERAL OCCURRENCES

COLUMN 17 PEAK WIND IN M.P.H.

PRELIMINARY LOCAL CLIMATOLOGICAL DATA (WS FORM: F-6) , PAGE 2

                                          STATION:  GRAND FORKS INTL AP ND
                                          MONTH:    JANUARY
                                          YEAR:     2015
                                          LATITUDE:   47 57 N
                                          LONGITUDE:  97 11 W

[TEMPERATURE DATA]      [PRECIPITATION DATA]       SYMBOLS USED IN COLUMN 16

AVERAGE MONTHLY: 12.5   TOTAL FOR MONTH:   0.42    1 = FOG OR MIST
DPTR FM NORMAL:   5.8   DPTR FM NORMAL:   -0.13    2 = FOG REDUCING VISIBILITY
HIGHEST:    44 ON 23    GRTST 24HR  0.13 ON 17-17      TO 1/4 MILE OR LESS
LOWEST:    -21 ON 12, 4                            3 = THUNDER
                        SNOW, ICE PELLETS, HAIL    4 = ICE PELLETS
                        TOTAL MONTH:   3.8 INCHES  5 = HAIL
                        GRTST 24HR   1.4 ON   M    6 = FREEZING RAIN OR DRIZZLE
                        GRTST DEPTH:   3 ON 11,10  7 = DUSTSTORM OR SANDSTORM:
                                                       VSBY 1/2 MILE OR LESS
                                                   8 = SMOKE OR HAZE
[NO. OF DAYS WITH]      [WEATHER - DAYS WITH]      9 = BLOWING SNOW
                                                   X = TORNADO
MAX 32 OR BELOW:  22    0.01 INCH OR MORE:   8
MAX 90 OR ABOVE:   0    0.10 INCH OR MORE:   2
MIN 32 OR BELOW:  31    0.50 INCH OR MORE:   0
MIN  0 OR BELOW:  14    1.00 INCH OR MORE:   0

[HDD (BASE 65) ]
TOTAL THIS MO.  1622    CLEAR  (SCALE 0-3)   7
DPTR FM NORMAL  -185    PTCLDY (SCALE 4-7)  17
TOTAL FM JUL 1  5218    CLOUDY (SCALE 8-10)  7
DPTR FM NORMAL  -448

[CDD (BASE 65) ]
TOTAL THIS MO.     0
DPTR FM NORMAL     0    [PRESSURE DATA]
TOTAL FM JAN 1     0    HIGHEST SLP M ON M
DPTR FM NORMAL     0    LOWEST  SLP 29.38 ON 17

[REMARKS]
#FINAL-01-15#
