000
CXUS55 KGGW 230800
CF6GGW
PRELIMINARY LOCAL CLIMATOLOGICAL DATA (WS FORM: F-6)

                                          STATION:   GLASGOW MT
                                          MONTH:     JUNE
                                          YEAR:      2017
                                          LATITUDE:   48 13 N
                                          LONGITUDE: 106 37 W

  TEMPERATURE IN F:       :PCPN:    SNOW:  WIND      :SUNSHINE: SKY     :PK WND
================================================================================
1   2   3   4   5  6A  6B    7    8   9   10  11  12  13   14  15   16   17  18
                                     12Z  AVG MX 2MIN
DY MAX MIN AVG DEP HDD CDD  WTR  SNW DPTH SPD SPD DIR MIN PSBL S-S WX    SPD DR
================================================================================

 1  94  57  76  16   0  11 0.03  0.0    0 11.1 29 200   M    M   0 3      42 210
 2  82  57  70  10   0   5 0.00  0.0    0 16.2 26 300   M    M   0        37 280
 3  84  48  66   5   0   1 0.00  0.0    0  7.3 16 140   M    M   0        22 150
 4  94  56  75  14   0  10 0.00  0.0    0 12.4 28 100   M    M   0        35  90
 5  79  52  66   5   0   1 0.00  0.0    0 18.2 31 280   M    M   0        40 280
 6  78  46  62   1   3   0 0.00  0.0    0 11.8 24 350   M    M   0        32  20
 7  82  50  66   4   0   1 0.00  0.0    0  9.6 15 100   M    M   0        21 120
 8  91  60  76  14   0  11 0.00  0.0    0 21.6 29 100   M    M   0        37 100
 9  83  62  73  11   0   8    T  0.0    0 13.0 33 260   M    M   3        43 260
10  78  54  66   4   0   1 0.00  0.0    0 13.0 25 270   M    M   3        32 270
11  76  51  64   1   1   0 0.00  0.0    0 13.3 28 290   M    M   0        35 280
12  85  50  68   5   0   3 0.00  0.0    0 16.9 32 110   M    M   3        41 120
13  78  55  67   4   0   2    T  0.0    0 18.1 35 110   M    M   5        44 110
14  67  52  60  -4   5   0    T  0.0    0 15.1 31 280   M    M   7        39 280
15  79  47  63  -1   2   0 0.00  0.0    0 11.8 29 280   M    M   2        35 280
16  79  56  68   4   0   3 0.01  0.0    0 10.8 31 300   M    M   5 3      39 290
17  76  50  63  -1   2   0 0.03  0.0    0 16.7 35 320   M    M   5 3      43 320
18  80  47  64  -1   1   0    T  0.0    0  9.2 28  20   M    M   4        37  10
19  84  48  66   1   0   1 0.00  0.0    0 10.8 23 310   M    M   2        29 280
20  87  56  72   7   0   7 0.01  0.0    0 11.2 18 140   M    M   3        23 150
21  79  55  67   1   0   2 0.04  0.0    0 12.8 37 340   M    M   2        45 340
22  70  46  58  -8   7   0 0.01  0.0    0 17.1 43 300   M    M   4        54 300
================================================================================
SM 1785 1155        21  67  0.13     0.0 298.0          M       48
================================================================================
AV 81.1 52.5                              13.5 FASTST   M    M   2    MAX(MPH)
                                 MISC ---->  # 43 300               # 54  300
================================================================================
NOTES:
# LAST OF SEVERAL OCCURRENCES

COLUMN 17 PEAK WIND IN M.P.H.

PRELIMINARY LOCAL CLIMATOLOGICAL DATA (WS FORM: F-6) , PAGE 2

                                          STATION:  GLASGOW MT
                                          MONTH:    JUNE
                                          YEAR:     2017
                                          LATITUDE:   48 13 N
                                          LONGITUDE: 106 37 W

[TEMPERATURE DATA]      [PRECIPITATION DATA]       SYMBOLS USED IN COLUMN 16

AVERAGE MONTHLY: 66.8   TOTAL FOR MONTH:   0.13    1 = FOG OR MIST
DPTR FM NORMAL:   3.9   DPTR FM NORMAL:   -1.65    2 = FOG REDUCING VISIBILITY
HIGHEST:    94 ON  4, 1 GRTST 24HR  0.04 ON 21-21      TO 1/4 MILE OR LESS
LOWEST:     46 ON 22, 6                            3 = THUNDER
                        SNOW, ICE PELLETS, HAIL    4 = ICE PELLETS
                        TOTAL MONTH:   0.0 INCH    5 = HAIL
                        GRTST 24HR     0.0         6 = FREEZING RAIN OR DRIZZLE
                        GRTST DEPTH:   0           7 = DUSTSTORM OR SANDSTORM:
                                                       VSBY 1/2 MILE OR LESS
                                                   8 = SMOKE OR HAZE
[NO. OF DAYS WITH]      [WEATHER - DAYS WITH]      9 = BLOWING SNOW
                                                   X = TORNADO
MAX 32 OR BELOW:   0    0.01 INCH OR MORE:   6
MAX 90 OR ABOVE:   3    0.10 INCH OR MORE:   0
MIN 32 OR BELOW:   0    0.50 INCH OR MORE:   0
MIN  0 OR BELOW:   0    1.00 INCH OR MORE:   0

[HDD (BASE 65) ]
TOTAL THIS MO.    21    CLEAR  (SCALE 0-3)  16
DPTR FM NORMAL   -70    PTCLDY (SCALE 4-7)   6
TOTAL FM JUL 1  7934    CLOUDY (SCALE 8-10)  0
DPTR FM NORMAL  -488

[CDD (BASE 65) ]
TOTAL THIS MO.    67
DPTR FM NORMAL    22    [PRESSURE DATA]
TOTAL FM JAN 1    82    HIGHEST SLP M ON M
DPTR FM NORMAL    20    LOWEST  SLP 29.42 ON  9

[REMARKS]
