000
CXUS55 KGJT 291000
CF6GJT
PRELIMINARY LOCAL CLIMATOLOGICAL DATA (WS FORM: F-6)

                                          STATION:   GRAND JUNCTION CO
                                          MONTH:     SEPTEMBER
                                          YEAR:      2014
                                          LATITUDE:   39  7 N
                                          LONGITUDE: 108 32 W

  TEMPERATURE IN F:       :PCPN:    SNOW:  WIND      :SUNSHINE: SKY     :PK WND
================================================================================
1   2   3   4   5  6A  6B    7    8   9   10  11  12  13   14  15   16   17  18
                                     12Z  AVG MX 2MIN
DY MAX MIN AVG DEP HDD CDD  WTR  SNW DPTH SPD SPD DIR MIN PSBL S-S WX    SPD DR
================================================================================

 1  85  49  67  -5   0   2 0.00  0.0    0  4.0 15 310   M    M   0        20 320
 2  89  53  71   0   0   6 0.00  0.0    0  7.5 15 120   M    M   0        18 120
 3  91  60  76   5   0  11 0.00  0.0    0  8.2 16 110   M    M   0        20 120
 4  79  58  69  -2   0   4 0.00  0.0    0 17.1 37 150   M    M   0        46 150
 5  84  57  71   1   0   6 0.00  0.0    0 10.1 18  40   M    M   0 3      23 320
 6  87  52  70   0   0   5 0.00  0.0    0  3.8 15  60   M    M   0        18 130
 7  85  56  71   1   0   6 0.00  0.0    0  8.1 20 170   M    M   1        25 170
 8  78  60  69   0   0   4 0.07  0.0    0  9.3 18 170   M    M   7 1      23 180
 9  71  54  63  -6   2   0 0.35  0.0    0  5.9 33 330   M    M   7 13     40 330
10  74  49  62  -6   3   0 0.00  0.0    0  4.8 10 320   M    M   2 12     14 300
11  82  50  66  -2   0   1 0.00  0.0    0  9.4 21  60   M    M   0        25  50
12  76  44  60  -8   5   0 0.00  0.0    0  3.8 24  50   M    M   0        32  50
13  82  47  65  -2   0   0 0.00  0.0    0  5.6 15 120   M    M   0        17 120
14  85  50  68   1   0   3 0.00  0.0    0  7.9 16  90   M    M   0        18 100
15  87  57  72   6   0   7 0.02  0.0    0  6.2 26 110   M    M   0 3      32 110
16  86  50  68   2   0   3 0.00  0.0    0  4.8 14 300   M    M   0        18 280
17  87  55  71   5   0   6 0.00  0.0    0  7.4 14 130   M    M   0        17 100
18  87  56  72   7   0   7 0.00  0.0    0  6.1 14 310   M    M   0        17 280
19  88  53  71   6   0   6 0.00  0.0    0  6.3 15 130   M    M   0        18 130
20  90  57  74  10   0   9 0.00  0.0    0  8.0 17  40   M    M   0        23  50
21  80  58  69   5   0   4 0.38  0.0    0 11.3 32 150   M    M   3 1      41 140
22  78  59  69   6   0   4 0.04  0.0    0  6.0 23 150   M    M   5 13     27 160
23  82  56  69   6   0   4 0.00  0.0    0  7.8 15 320   M    M   2        20 330
24  85  54  70   8   0   5 0.00  0.0    0  7.1 15 100   M    M   0        17 100
25  86  55  71   9   0   6 0.00  0.0    0  8.1 14 310   M    M   0        17 310
26  87  56  72  10   0   7 0.00  0.0    0  8.0 17 120   M    M   0        20 120
27  84  54  69   8   0   4 0.14  0.0    0  7.6 23 360   M    M   2 13     30 270
28  67  49  58  -3   7   0 0.81  0.0    0 10.4 23 150   M    M   9 13     28 140
================================================================================
SM 2322 1508        17 120  1.81     0.0 210.6          M       38
================================================================================
AV 82.9 53.9                               7.5 FASTST   M    M   1    MAX(MPH)
                                 MISC ---->  # 37 150               # 46  150
================================================================================
NOTES:
# LAST OF SEVERAL OCCURRENCES

COLUMN 17 PEAK WIND IN M.P.H.

PRELIMINARY LOCAL CLIMATOLOGICAL DATA (WS FORM: F-6) , PAGE 2

                                          STATION:  GRAND JUNCTION CO
                                          MONTH:    SEPTEMBER
                                          YEAR:     2014
                                          LATITUDE:   39  7 N
                                          LONGITUDE: 108 32 W

[TEMPERATURE DATA]      [PRECIPITATION DATA]       SYMBOLS USED IN COLUMN 16

AVERAGE MONTHLY: 68.4   TOTAL FOR MONTH:   1.81    1 = FOG OR MIST
DPTR FM NORMAL:   1.9   DPTR FM NORMAL:    0.70    2 = FOG REDUCING VISIBILITY
HIGHEST:    91 ON  3    GRTST 24HR  0.81 ON 28-28      TO 1/4 MILE OR LESS
LOWEST:     44 ON 12                               3 = THUNDER
                        SNOW, ICE PELLETS, HAIL    4 = ICE PELLETS
                        TOTAL MONTH:   0.0 INCH    5 = HAIL
                        GRTST 24HR     0.0         6 = FREEZING RAIN OR DRIZZLE
                        GRTST DEPTH:   0           7 = DUSTSTORM OR SANDSTORM:
                                                       VSBY 1/2 MILE OR LESS
                                                   8 = SMOKE OR HAZE
[NO. OF DAYS WITH]      [WEATHER - DAYS WITH]      9 = BLOWING SNOW
                                                   X = TORNADO
MAX 32 OR BELOW:   0    0.01 INCH OR MORE:   7
MAX 90 OR ABOVE:   2    0.10 INCH OR MORE:   4
MIN 32 OR BELOW:   0    0.50 INCH OR MORE:   1
MIN  0 OR BELOW:   0    1.00 INCH OR MORE:   0

[HDD (BASE 65) ]
TOTAL THIS MO.    17    CLEAR  (SCALE 0-3)  23
DPTR FM NORMAL   -43    PTCLDY (SCALE 4-7)   4
TOTAL FM JUL 1    22    CLOUDY (SCALE 8-10)  1
DPTR FM NORMAL   -41

[CDD (BASE 65) ]
TOTAL THIS MO.   120
DPTR FM NORMAL    19    [PRESSURE DATA]
TOTAL FM JAN 1  1046    HIGHEST SLP M ON M
DPTR FM NORMAL   -74    LOWEST  SLP 29.61 ON 27

[REMARKS]
