000
CXUS54 KFWD 220730
CF6GKY
PRELIMINARY LOCAL CLIMATOLOGICAL DATA (WS FORM: F-6)

                                          STATION:   ARLINGTON
                                          MONTH:     JANUARY
                                          YEAR:      2017
                                          LATITUDE:   32 39 N
                                          LONGITUDE:  97  6 W

  TEMPERATURE IN F:       :PCPN:    SNOW:  WIND      :SUNSHINE: SKY     :PK WND
================================================================================
1   2   3   4   5  6A  6B    7    8   9   10  11  12  13   14  15   16   17  18
                                     12Z  AVG MX 2MIN
DY MAX MIN AVG DEP HDD CDD  WTR  SNW DPTH SPD SPD DIR MIN PSBL S-S WX    SPD DR
================================================================================

 1  64  41  53   7  12   0 0.05  0.0    0  4.1 14 250   M    M   2 1      20 250
 2  72  51  62  16   3   0 0.21  0.0    0  7.0 28 270   M    M   3 13     37 260
 3  62  38  50   4  15   0 0.00  0.0    0 13.2 25 310   M    M   5        30 310
 4  39  30  35 -11  30   0 0.00  0.0    0  7.9 20 340   M    M   1        24 320
 5  40  26  33 -13  32   0 0.00  0.0    0 13.6 24 330   M    M   3        29 320
 6  27  17  22 -24  43   0    T    T    0 16.0 23 340   M    M   8        28 350
 7  39  12  26 -20  39   0 0.00  0.0    0  4.2 13 330   M    M   0 8      16 310
 8  48  16  32 -14  33   0 0.00  0.0    0  8.9 24 140   M    M   0        33 170
 9  68  34  51   5  14   0 0.00  0.0    0 14.8 28 170   M    M   0        37 170
10  79  53  66  20   0   1 0.00  0.0    0 10.3 25 170   M    M   0        36 160
11  78  59  69  23   0   4 0.00  0.0    0 16.2 28 160   M    M   1        40 160
12  77  46  62  16   3   0 0.00  0.0    0 11.7 21 170   M    M   5        34 190
13  51  39  45  -1  20   0 0.16  0.0    0 10.1 15 340   M    M  10 1      18 350
14  44  38  41  -5  24   0    T  0.0    0  8.6 14 320   M    M  10 12     16 330
15  67  44  56  10   9   0 3.04  0.0    0  7.7 31 200   M    M  10 123    53 300
16  66  46  56  10   9   0 0.01    M    0  4.8 13 340   M    M   4 12     17 280
17  50  43  47   1  18   0 0.26    M    0  8.1 16 340   M    M   6 13     20 350
18  53  47  50   4  15   0 0.13    M    0  6.7 16  30   M    M  10 1      19  30
19  66  47  57  10   8   0 0.00  0.0    0 10.0 22 150   M    M   5 1      27 150
20  76  49  63  16   2   0 0.00  0.0    0  7.7 16 210   M    M   0        23 200
21  71  42  57  10   8   0 0.03  0.0    0  7.4 28 270   M    M   2 13     38 250
================================================================================
SM 1237  818       337   5  3.89    T    199.0          M       85
================================================================================
AV 58.9 39.0                               9.5 FASTST   M    M   4    MAX(MPH)
                                 MISC ---->  # 31 200               # 53  300
================================================================================
NOTES:
# LAST OF SEVERAL OCCURRENCES

COLUMN 17 PEAK WIND IN M.P.H.

PRELIMINARY LOCAL CLIMATOLOGICAL DATA (WS FORM: F-6) , PAGE 2

                                          STATION:  ARLINGTON
                                          MONTH:    JANUARY
                                          YEAR:     2017
                                          LATITUDE:   32 39 N
                                          LONGITUDE:  97  6 W

[TEMPERATURE DATA]      [PRECIPITATION DATA]       SYMBOLS USED IN COLUMN 16

AVERAGE MONTHLY: 48.9   TOTAL FOR MONTH:   3.89    1 = FOG OR MIST
DPTR FM NORMAL:   2.8   DPTR FM NORMAL:    2.62    2 = FOG REDUCING VISIBILITY
HIGHEST:    79 ON 10    GRTST 24HR  3.05 ON 15-16      TO 1/4 MILE OR LESS
LOWEST:     12 ON  7                               3 = THUNDER
                        SNOW, ICE PELLETS, HAIL    4 = ICE PELLETS
                        TOTAL MONTH:    T          5 = HAIL
                        GRTST 24HR    T  ON  6- 6  6 = FREEZING RAIN OR DRIZZLE
                        GRTST DEPTH:   0           7 = DUSTSTORM OR SANDSTORM:
                                                       VSBY 1/2 MILE OR LESS
                                                   8 = SMOKE OR HAZE
[NO. OF DAYS WITH]      [WEATHER - DAYS WITH]      9 = BLOWING SNOW
                                                   X = TORNADO
MAX 32 OR BELOW:   1    0.01 INCH OR MORE:   8
MAX 90 OR ABOVE:   0    0.10 INCH OR MORE:   5
MIN 32 OR BELOW:   5    0.50 INCH OR MORE:   1
MIN  0 OR BELOW:   0    1.00 INCH OR MORE:   1

[HDD (BASE 65) ]
TOTAL THIS MO.   337    CLEAR  (SCALE 0-3)  10
DPTR FM NORMAL   -59    PTCLDY (SCALE 4-7)   7
TOTAL FM JUL 1   979    CLOUDY (SCALE 8-10)  4
DPTR FM NORMAL  -320

[CDD (BASE 65) ]
TOTAL THIS MO.     5
DPTR FM NORMAL     5    [PRESSURE DATA]
TOTAL FM JAN 1     5    HIGHEST SLP M ON M
DPTR FM NORMAL     5    LOWEST  SLP 29.35 ON 21

[REMARKS]
