000
CXUS54 KFWD 010730
CF6GKY
PRELIMINARY LOCAL CLIMATOLOGICAL DATA (WS FORM: F-6)

                                          STATION:   ARLINGTON
                                          MONTH:     FEBRUARY
                                          YEAR:      2015
                                          LATITUDE:   32 39 N
                                          LONGITUDE:  97  6 W

  TEMPERATURE IN F:       :PCPN:    SNOW:  WIND      :SUNSHINE: SKY     :PK WND
================================================================================
1   2   3   4   5  6A  6B    7    8   9   10  11  12  13   14  15   16   17  18
                                     12Z  AVG MX 2MIN
DY MAX MIN AVG DEP HDD CDD  WTR  SNW DPTH SPD SPD DIR MIN PSBL S-S WX    SPD DR
================================================================================

 1  60  36  48   0  17   0 0.26  0.0    0 13.9 29 330   M    M   6 1      35 320
 2  44  25  35 -13  30   0 0.00  0.0    0  9.4 26 330   M    M   0        36 320
 3  53  31  42  -6  23   0 0.00  0.0    0  8.7 21 160   M    M   2        26 160
 4  57  40  49   1  16   0    T  0.0    0 10.5 24 310   M    M   8 18     34 300
 5  40  31  36 -12  29   0    T  0.0    0  9.9 23 330   M    M  10 168    27 340
 6  59  35  47  -2  18   0 0.00  0.0    0  8.2 17 150   M    M   5 8      23 140
 7  70  42  56   7   9   0 0.00  0.0    0 14.7 25 160   M    M   2 18     34 150
 8   M   M   M   M   M   M 0.00  0.0    0  9.3 14 170   M    M   1        25 180
 9  77  43  60  11   5   0 0.00  0.0    0  6.6 17  10   M    M   0        22 350
10  77  40  59  10   6   0 0.00  0.0    0  8.8 20 150   M    M   0        26 170
11  70  44  57   7   8   0 0.00  0.0    0 11.4 24 350   M    M   1        34 350
12  57  35  46  -4  19   0 0.00  0.0    0  9.9 22 350   M    M   1        27 350
13  68  31  50   0  15   0 0.00  0.0    0  4.4 16 210   M    M   0        21 210
14  80  36  58   8   7   0 0.00  0.0    0  3.5 12 230   M    M   0        15 240
15  76  46  61  11   4   0    T  0.0    0  9.2 23 150   M    M   3        29 150
16  63  31  47  -3  18   0 0.18    M    0 16.9 28 330   M    M   8 18     35 330
17  55  29  42  -9  23   0    T    M    0  6.8 23 340   M    M   5        28 330
18  59  28  44  -7  21   0 0.00  0.0    0  3.6 13  50   M    M   1 18     19  60
19  63  35  49  -2  16   0 0.00  0.0    0 11.0 21 140   M    M   0        26 140
20  72  50  61   9   4   0 0.00  0.0    0 16.3 29 170   M    M   7        39 170
21  68  50  59   7   6   0 0.00  0.0    0 12.8 26 170   M    M   6        37 180
22  51  31  41 -11  24   0 0.47    M    0 15.1 25 340   M    M   9 16     32 350
23  31  27  29 -23  36   0 0.23    M    M 13.9 24  40   M    M  10 1368   32  40
24  38  27  33 -19  32   0    T    M    0  5.4 12 340   M    M   7 8      14 320
25  54  34  44  -9  21   0 0.85    M    0  3.7 13 310   M    M   5 18     18 310
26  40  31  36 -17  29   0    T    T    0 14.4 29 330   M    M   7 18     33 340
27  33  26  30 -23  35   0 0.09    M    0  9.7 17  20   M    M   9 6      22  20
28  33  28  31 -23  34   0 0.10    M    0  6.8 13  30   M    M  10 168    14  40
================================================================================
SM 1548  942       505   0  2.18    T    274.8          M      123
================================================================================
AV 57.3 34.9                               9.8 FASTST   M    M   4    MAX(MPH)
                                 MISC ---->  # 29 330               # 39  170
================================================================================
NOTES:
# LAST OF SEVERAL OCCURRENCES

COLUMN 17 PEAK WIND IN M.P.H.

PRELIMINARY LOCAL CLIMATOLOGICAL DATA (WS FORM: F-6) , PAGE 2

                                          STATION:  ARLINGTON
                                          MONTH:    FEBRUARY
                                          YEAR:     2015
                                          LATITUDE:   32 39 N
                                          LONGITUDE:  97  6 W

[TEMPERATURE DATA]      [PRECIPITATION DATA]       SYMBOLS USED IN COLUMN 16

AVERAGE MONTHLY: 46.1   TOTAL FOR MONTH:   2.18    1 = FOG OR MIST
DPTR FM NORMAL:  -4.3   DPTR FM NORMAL:   -0.50    2 = FOG REDUCING VISIBILITY
HIGHEST:    80 ON 14    GRTST 24HR  0.85 ON 25-25      TO 1/4 MILE OR LESS
LOWEST:     25 ON  2                               3 = THUNDER
                        SNOW, ICE PELLETS, HAIL    4 = ICE PELLETS
                        TOTAL MONTH:    T          5 = HAIL
                        GRTST 24HR    T  ON 26-26  6 = FREEZING RAIN OR DRIZZLE
                        GRTST DEPTH:   0           7 = DUSTSTORM OR SANDSTORM:
                                                       VSBY 1/2 MILE OR LESS
                                                   8 = SMOKE OR HAZE
[NO. OF DAYS WITH]      [WEATHER - DAYS WITH]      9 = BLOWING SNOW
                                                   X = TORNADO
MAX 32 OR BELOW:   1    0.01 INCH OR MORE:   7
MAX 90 OR ABOVE:   0    0.10 INCH OR MORE:   6
MIN 32 OR BELOW:  13    0.50 INCH OR MORE:   1
MIN  0 OR BELOW:   0    1.00 INCH OR MORE:   0

[HDD (BASE 65) ]
TOTAL THIS MO.   505    CLEAR  (SCALE 0-3)  13
DPTR FM NORMAL    90    PTCLDY (SCALE 4-7)  10
TOTAL FM JUL 1  1824    CLOUDY (SCALE 8-10)  5
DPTR FM NORMAL   -69

[CDD (BASE 65) ]
TOTAL THIS MO.     0
DPTR FM NORMAL    -7    [PRESSURE DATA]
TOTAL FM JAN 1     0    HIGHEST SLP M ON M
DPTR FM NORMAL    -9    LOWEST  SLP 29.63 ON 21

[REMARKS]
#FINAL-02-15#
